-- Table structure for table `invoice_designs`
--

CREATE TABLE `invoice_designs` (
  `id` int(10) unsigned NOT NULL AUTO_INCREMENT,
  `name` varchar(255) COLLATE utf8_unicode_ci NOT NULL,
  `javascript` mediumtext COLLATE utf8_unicode_ci,
  `pdfmake` mediumtext COLLATE utf8_unicode_ci,
  PRIMARY KEY (`id`)
) ENGINE=InnoDB AUTO_INCREMENT=14 DEFAULT CHARSET=utf8 COLLATE=utf8_unicode_ci;

--
-- Dumping data for table `invoice_designs`
--

INSERT INTO `invoice_designs` (`id`, `name`, `javascript`, `pdfmake`) VALUES (1,'Clean','var GlobalY=0;//Y position of line at current page\n\n	    var client = invoice.client;\n	    var account = invoice.account;\n	    var currencyId = client.currency_id;\n\n	    layout.headerRight = 550;\n	    layout.rowHeight = 15;\n\n	    doc.setFontSize(9);\n\n	    if (invoice.image)\n	    {\n	      var left = layout.headerRight - invoice.imageWidth;\n	      doc.addImage(invoice.image, \'JPEG\', layout.marginLeft, 30);\n	    }\n	  \n	    if (!invoice.is_pro && logoImages.imageLogo1)\n	    {\n	      pageHeight=820;\n	      y=pageHeight-logoImages.imageLogoHeight1;\n	      doc.addImage(logoImages.imageLogo1, \'JPEG\', layout.marginLeft, y, logoImages.imageLogoWidth1, logoImages.imageLogoHeight1);\n	    }\n\n	    doc.setFontSize(9);\n	    SetPdfColor(\'LightBlue\', doc, \'primary\');\n	    displayAccount(doc, invoice, 220, layout.accountTop, layout);\n\n	    SetPdfColor(\'LightBlue\', doc, \'primary\');\n	    doc.setFontSize(\'11\');\n	    doc.text(50, layout.headerTop, (invoice.is_quote ? invoiceLabels.quote : invoiceLabels.invoice).toUpperCase());\n\n\n	    SetPdfColor(\'Black\',doc); //set black color\n	    doc.setFontSize(9);\n\n	    var invoiceHeight = displayInvoice(doc, invoice, 50, 170, layout);\n	    var clientHeight = displayClient(doc, invoice, 220, 170, layout);\n	    var detailsHeight = Math.max(invoiceHeight, clientHeight);\n	    layout.tableTop = Math.max(layout.tableTop, layout.headerTop + detailsHeight + (3 * layout.rowHeight));\n	   \n	    doc.setLineWidth(0.3);        \n	    doc.setDrawColor(200,200,200);\n	    doc.line(layout.marginLeft - layout.tablePadding, layout.headerTop + 6, layout.marginRight + layout.tablePadding, layout.headerTop + 6);\n	    doc.line(layout.marginLeft - layout.tablePadding, layout.headerTop + detailsHeight + 14, layout.marginRight + layout.tablePadding, layout.headerTop + detailsHeight + 14);\n\n	    doc.setFontSize(10);\n	    doc.setFontType(\'bold\');\n	    displayInvoiceHeader(doc, invoice, layout);\n	    var y = displayInvoiceItems(doc, invoice, layout);\n\n	    doc.setFontSize(9);\n	    doc.setFontType(\'bold\');\n\n	    GlobalY=GlobalY+25;\n\n\n	    doc.setLineWidth(0.3);\n	    doc.setDrawColor(241,241,241);\n	    doc.setFillColor(241,241,241);\n	    var x1 = layout.marginLeft - 12;\n	    var y1 = GlobalY-layout.tablePadding;\n\n	    var w2 = 510 + 24;\n	    var h2 = doc.internal.getFontSize()*3+layout.tablePadding*2;\n\n	    if (invoice.discount) {\n	        h2 += doc.internal.getFontSize()*2;\n	    }\n	    if (invoice.tax_amount) {\n	        h2 += doc.internal.getFontSize()*2;\n	    }\n\n	    //doc.rect(x1, y1, w2, h2, \'FD\');\n\n	    doc.setFontSize(9);\n	    displayNotesAndTerms(doc, layout, invoice, y);\n	    y += displaySubtotals(doc, layout, invoice, y, layout.unitCostRight);\n\n\n	    doc.setFontSize(10);\n	    Msg = invoice.is_quote ? invoiceLabels.total : invoiceLabels.balance_due;\n	    var TmpMsgX = layout.unitCostRight-(doc.getStringUnitWidth(Msg) * doc.internal.getFontSize());\n	    \n	    doc.text(TmpMsgX, y, Msg);\n\n	    SetPdfColor(\'LightBlue\', doc, \'primary\');\n	    AmountText = formatMoney(invoice.balance_amount, currencyId);\n	    headerLeft=layout.headerRight+400;\n	    var AmountX = layout.lineTotalRight - (doc.getStringUnitWidth(AmountText) * doc.internal.getFontSize());\n	    doc.text(AmountX, y, AmountText);','{\"content\":[{\"columns\":[{\"image\":\"$accountLogo\",\"fit\":[120,80]},{\"stack\":\"$accountDetails\",\"margin\":[7,0,0,0]},{\"stack\":\"$accountAddress\"}]},{\"text\":\"$entityTypeUC\",\"margin\":[8,30,8,5],\"style\":\"entityTypeLabel\"},{\"table\":{\"headerRows\":1,\"widths\":[\"auto\",\"auto\",\"*\"],\"body\":[[{\"table\":{\"body\":\"$invoiceDetails\"},\"margin\":[0,0,12,0],\"layout\":\"noBorders\"},{\"stack\":\"$clientDetails\"},{\"text\":\"\"}]]},\"layout\":{\"hLineWidth\":\"$firstAndLast:.5\",\"vLineWidth\":\"$none\",\"hLineColor\":\"#D8D8D8\",\"paddingLeft\":\"$amount:8\",\"paddingRight\":\"$amount:8\",\"paddingTop\":\"$amount:6\",\"paddingBottom\":\"$amount:6\"}},{\"style\":\"invoiceLineItemsTable\",\"table\":{\"headerRows\":1,\"widths\":\"$invoiceLineItemColumns\",\"body\":\"$invoiceLineItems\"},\"layout\":{\"hLineWidth\":\"$notFirst:.5\",\"vLineWidth\":\"$none\",\"hLineColor\":\"#D8D8D8\",\"paddingLeft\":\"$amount:8\",\"paddingRight\":\"$amount:8\",\"paddingTop\":\"$amount:14\",\"paddingBottom\":\"$amount:14\"}},{\"columns\":[\"$notesAndTerms\",{\"table\":{\"widths\":[\"*\",\"40%\"],\"body\":\"$subtotals\"},\"layout\":{\"hLineWidth\":\"$none\",\"vLineWidth\":\"$none\",\"paddingLeft\":\"$amount:34\",\"paddingRight\":\"$amount:8\",\"paddingTop\":\"$amount:4\",\"paddingBottom\":\"$amount:4\"}}]},\"$signature\",{\"stack\":[\"$invoiceDocuments\"],\"style\":\"invoiceDocuments\"}],\"defaultStyle\":{\"font\":\"$bodyFont\",\"fontSize\":\"$fontSize\",\"margin\":[8,4,8,4]},\"footer\":{\"columns\":[{\"text\":\"$invoiceFooter\",\"alignment\":\"left\"}],\"margin\":[40,-20,40,0]},\"styles\":{\"entityTypeLabel\":{\"font\":\"$headerFont\",\"fontSize\":\"$fontSizeLargest\",\"color\":\"$primaryColor:#37a3c6\"},\"primaryColor\":{\"color\":\"$primaryColor:#37a3c6\"},\"accountName\":{\"color\":\"$primaryColor:#37a3c6\",\"bold\":true},\"invoiceDetails\":{\"margin\":[0,0,8,0]},\"accountDetails\":{\"margin\":[0,2,0,2]},\"clientDetails\":{\"margin\":[0,2,0,2]},\"notesAndTerms\":{\"margin\":[0,2,0,2]},\"accountAddress\":{\"margin\":[0,2,0,2]},\"odd\":{\"fillColor\":\"#fbfbfb\"},\"productKey\":{\"color\":\"$primaryColor:#37a3c6\",\"bold\":true},\"subtotalsBalanceDueLabel\":{\"fontSize\":\"$fontSizeLarger\"},\"subtotalsBalanceDue\":{\"fontSize\":\"$fontSizeLarger\",\"color\":\"$primaryColor:#37a3c6\"},\"invoiceNumber\":{\"bold\":true},\"tableHeader\":{\"bold\":true,\"fontSize\":\"$fontSizeLarger\"},\"costTableHeader\":{\"alignment\":\"right\"},\"qtyTableHeader\":{\"alignment\":\"right\"},\"taxTableHeader\":{\"alignment\":\"right\"},\"lineTotalTableHeader\":{\"alignment\":\"right\"},\"invoiceLineItemsTable\":{\"margin\":[0,16,0,16]},\"clientName\":{\"bold\":true},\"cost\":{\"alignment\":\"right\"},\"quantity\":{\"alignment\":\"right\"},\"tax\":{\"alignment\":\"right\"},\"lineTotal\":{\"alignment\":\"right\"},\"subtotals\":{\"alignment\":\"right\"},\"termsLabel\":{\"bold\":true},\"fullheader\":{\"font\":\"$headerFont\",\"fontSize\":\"$fontSizeLargest\",\"bold\":true},\"subheader\":{\"font\":\"$headerFont\",\"fontSize\":\"$fontSizeLarger\"},\"help\":{\"fontSize\":\"$fontSizeSmaller\",\"color\":\"#737373\"},\"invoiceDocuments\":{\"margin\":[7,0,7,0]},\"invoiceDocument\":{\"margin\":[0,10,0,10]}},\"pageMargins\":[40,40,40,60],\"background\":[{\"image\":\"$accountBackground\",\"alignment\":\"center\"}]}'),(2,'Bold','  var GlobalY=0;//Y position of line at current page\n\n			  var client = invoice.client;\n			  var account = invoice.account;\n			  var currencyId = client.currency_id;\n\n			  layout.headerRight = 150;\n			  layout.rowHeight = 15;\n			  layout.headerTop = 125;\n			  layout.tableTop = 300;\n\n			  doc.setLineWidth(0.5);\n\n			  if (NINJA.primaryColor) {\n			    setDocHexFill(doc, NINJA.primaryColor);\n			    setDocHexDraw(doc, NINJA.primaryColor);\n			  } else {\n			    doc.setFillColor(46,43,43);\n			  }  \n\n			  var x1 =0;\n			  var y1 = 0;\n			  var w2 = 595;\n			  var h2 = 100;\n			  doc.rect(x1, y1, w2, h2, \'FD\');\n\n			  if (invoice.image)\n			  {\n			    var left = layout.headerRight - invoice.imageWidth;\n			    doc.addImage(invoice.image, \'JPEG\', layout.marginLeft, 30);\n			  }\n\n			  doc.setLineWidth(0.5);\n			  if (NINJA.primaryColor) {\n			    setDocHexFill(doc, NINJA.primaryColor);\n			    setDocHexDraw(doc, NINJA.primaryColor);\n			  } else {\n			    doc.setFillColor(46,43,43);\n			    doc.setDrawColor(46,43,43);\n			  }  \n\n			  // return doc.setTextColor(240,240,240);//select color Custom Report GRAY Colour\n			  var x1 = 0;//tableLeft-tablePadding ;\n			  var y1 = 750;\n			  var w2 = 596;\n			  var h2 = 94;//doc.internal.getFontSize()*length+length*1.1;//+h;//+tablePadding;\n\n			  doc.rect(x1, y1, w2, h2, \'FD\');\n			  if (!invoice.is_pro && logoImages.imageLogo2)\n			  {\n			      pageHeight=820;\n			      var left = 250;//headerRight ;\n			      y=pageHeight-logoImages.imageLogoHeight2;\n			      var headerRight=370;\n\n			      var left = headerRight - logoImages.imageLogoWidth2;\n			      doc.addImage(logoImages.imageLogo2, \'JPEG\', left, y, logoImages.imageLogoWidth2, logoImages.imageLogoHeight2);\n			  }\n\n			  doc.setFontSize(7);\n			  doc.setFontType(\'bold\');\n			  SetPdfColor(\'White\',doc);\n\n			  displayAccount(doc, invoice, 300, layout.accountTop, layout);\n\n\n			  var y = layout.accountTop;\n			  var left = layout.marginLeft;\n			  var headerY = layout.headerTop;\n\n			  SetPdfColor(\'GrayLogo\',doc); //set black color\n			  doc.setFontSize(7);\n\n			  //show left column\n			  SetPdfColor(\'Black\',doc); //set black color\n			  doc.setFontType(\'normal\');\n\n			  //publish filled box\n			  doc.setDrawColor(200,200,200);\n\n			  if (NINJA.secondaryColor) {\n			    setDocHexFill(doc, NINJA.secondaryColor);\n			  } else {\n			    doc.setFillColor(54,164,152);  \n			  }  \n\n			  GlobalY=190;\n			  doc.setLineWidth(0.5);\n\n			  var BlockLenght=220;\n			  var x1 =595-BlockLenght;\n			  var y1 = GlobalY-12;\n			  var w2 = BlockLenght;\n			  var h2 = getInvoiceDetailsHeight(invoice, layout) + layout.tablePadding + 2;\n\n			  doc.rect(x1, y1, w2, h2, \'FD\');\n\n			  SetPdfColor(\'SomeGreen\', doc, \'secondary\');\n			  doc.setFontSize(\'14\');\n			  doc.setFontType(\'bold\');\n			  doc.text(50, GlobalY, (invoice.is_quote ? invoiceLabels.your_quote : invoiceLabels.your_invoice).toUpperCase());\n\n\n			  var z=GlobalY;\n			  z=z+30;\n\n			  doc.setFontSize(\'8\');        \n			  SetPdfColor(\'Black\',doc);			  \n        var clientHeight = displayClient(doc, invoice, layout.marginLeft, z, layout);\n        layout.tableTop += Math.max(0, clientHeight - 75);\n			  marginLeft2=395;\n\n			  //publish left side information\n			  SetPdfColor(\'White\',doc);\n			  doc.setFontSize(\'8\');\n			  var detailsHeight = displayInvoice(doc, invoice, marginLeft2, z-25, layout) + 75;\n			  layout.tableTop = Math.max(layout.tableTop, layout.headerTop + detailsHeight + (2 * layout.tablePadding));\n\n			  y=z+60;\n			  x = GlobalY + 100;\n			  doc.setFontType(\'bold\');\n\n			  doc.setFontSize(12);\n			  doc.setFontType(\'bold\');\n			  SetPdfColor(\'Black\',doc);\n			  displayInvoiceHeader(doc, invoice, layout);\n\n			  var y = displayInvoiceItems(doc, invoice, layout);\n			  doc.setLineWidth(0.3);\n			  displayNotesAndTerms(doc, layout, invoice, y);\n			  y += displaySubtotals(doc, layout, invoice, y, layout.unitCostRight);\n\n			  doc.setFontType(\'bold\');\n\n			  doc.setFontSize(12);\n			  x += doc.internal.getFontSize()*4;\n			  Msg = invoice.is_quote ? invoiceLabels.total : invoiceLabels.balance_due;\n			  var TmpMsgX = layout.unitCostRight-(doc.getStringUnitWidth(Msg) * doc.internal.getFontSize());\n\n			  doc.text(TmpMsgX, y, Msg);\n\n			  //SetPdfColor(\'LightBlue\',doc);\n			  AmountText = formatMoney(invoice.balance_amount , currencyId);\n			  headerLeft=layout.headerRight+400;\n			  var AmountX = headerLeft - (doc.getStringUnitWidth(AmountText) * doc.internal.getFontSize());\n			  SetPdfColor(\'SomeGreen\', doc, \'secondary\');\n			  doc.text(AmountX, y, AmountText);','{\"content\":[{\"columns\":[{\"width\":380,\"stack\":[{\"text\":\"$yourInvoiceLabelUC\",\"style\":\"yourInvoice\"},\"$clientDetails\"],\"margin\":[60,100,0,10]},{\"canvas\":[{\"type\":\"rect\",\"x\":0,\"y\":0,\"w\":225,\"h\":\"$invoiceDetailsHeight\",\"r\":0,\"lineWidth\":1,\"color\":\"$primaryColor:#36a498\"}],\"width\":10,\"margin\":[-10,100,0,10]},{\"table\":{\"body\":\"$invoiceDetails\"},\"layout\":\"noBorders\",\"margin\":[0,110,0,0]}]},{\"style\":\"invoiceLineItemsTable\",\"table\":{\"headerRows\":1,\"widths\":\"$invoiceLineItemColumns\",\"body\":\"$invoiceLineItems\"},\"layout\":{\"hLineWidth\":\"$none\",\"vLineWidth\":\"$none\",\"paddingLeft\":\"$amount:8\",\"paddingRight\":\"$amount:8\",\"paddingTop\":\"$amount:14\",\"paddingBottom\":\"$amount:14\"}},{\"columns\":[{\"width\":46,\"text\":\" \"},\"$notesAndTerms\",{\"table\":{\"widths\":[\"*\",\"40%\"],\"body\":\"$subtotals\"},\"layout\":{\"hLineWidth\":\"$none\",\"vLineWidth\":\"$none\",\"paddingLeft\":\"$amount:8\",\"paddingRight\":\"$amount:8\",\"paddingTop\":\"$amount:4\",\"paddingBottom\":\"$amount:4\"}}]},\"$signature\",{\"stack\":[\"$invoiceDocuments\"],\"style\":\"invoiceDocuments\"}],\"footer\":[{\"canvas\":[{\"type\":\"line\",\"x1\":0,\"y1\":0,\"x2\":600,\"y2\":0,\"lineWidth\":100,\"lineColor\":\"$secondaryColor:#292526\"}]},{\"columns\":[{\"text\":\"$invoiceFooter\",\"margin\":[40,-40,40,0],\"alignment\":\"left\",\"color\":\"#FFFFFF\"}]}],\"header\":[{\"canvas\":[{\"type\":\"line\",\"x1\":0,\"y1\":0,\"x2\":600,\"y2\":0,\"lineWidth\":200,\"lineColor\":\"$secondaryColor:#292526\"}],\"width\":10},{\"columns\":[{\"image\":\"$accountLogo\",\"fit\":[120,60],\"margin\":[30,16,0,0]},{\"stack\":\"$accountDetails\",\"margin\":[0,16,0,0],\"width\":140},{\"stack\":\"$accountAddress\",\"margin\":[20,16,0,0]}]}],\"defaultStyle\":{\"font\":\"$bodyFont\",\"fontSize\":\"$fontSize\",\"margin\":[8,4,8,4]},\"styles\":{\"primaryColor\":{\"color\":\"$primaryColor:#36a498\"},\"accountName\":{\"bold\":true,\"margin\":[4,2,4,1],\"color\":\"$primaryColor:#36a498\"},\"accountDetails\":{\"margin\":[4,2,4,1],\"color\":\"#FFFFFF\"},\"accountAddress\":{\"margin\":[4,2,4,1],\"color\":\"#FFFFFF\"},\"clientDetails\":{\"margin\":[0,2,0,1]},\"odd\":{\"fillColor\":\"#ebebeb\"},\"subtotalsBalanceDueLabel\":{\"fontSize\":\"$fontSizeLargest\",\"bold\":true},\"subtotalsBalanceDue\":{\"fontSize\":\"$fontSizeLargest\",\"color\":\"$primaryColor:#36a498\",\"bold\":true},\"invoiceDetails\":{\"color\":\"#ffffff\"},\"invoiceNumber\":{\"bold\":true},\"tableHeader\":{\"fontSize\":12,\"bold\":true},\"costTableHeader\":{\"alignment\":\"right\"},\"qtyTableHeader\":{\"alignment\":\"right\"},\"taxTableHeader\":{\"alignment\":\"right\"},\"lineTotalTableHeader\":{\"alignment\":\"right\",\"margin\":[0,0,40,0]},\"firstColumn\":{\"margin\":[40,0,0,0]},\"lastColumn\":{\"margin\":[0,0,40,0]},\"productKey\":{\"color\":\"$primaryColor:#36a498\",\"bold\":true},\"yourInvoice\":{\"font\":\"$headerFont\",\"bold\":true,\"fontSize\":14,\"color\":\"$primaryColor:#36a498\",\"margin\":[0,0,0,8]},\"invoiceLineItemsTable\":{\"margin\":[0,26,0,16]},\"clientName\":{\"bold\":true},\"cost\":{\"alignment\":\"right\"},\"quantity\":{\"alignment\":\"right\"},\"tax\":{\"alignment\":\"right\"},\"lineTotal\":{\"alignment\":\"right\"},\"subtotals\":{\"alignment\":\"right\",\"margin\":[0,0,40,0]},\"termsLabel\":{\"bold\":true,\"margin\":[0,0,0,4]},\"fullheader\":{\"font\":\"$headerFont\",\"fontSize\":\"$fontSizeLargest\",\"bold\":true},\"subheader\":{\"font\":\"$headerFont\",\"fontSize\":\"$fontSizeLarger\"},\"help\":{\"fontSize\":\"$fontSizeSmaller\",\"color\":\"#737373\"},\"invoiceDocuments\":{\"margin\":[47,0,47,0]},\"invoiceDocument\":{\"margin\":[0,10,0,10]}},\"pageMargins\":[0,80,0,40],\"background\":[{\"image\":\"$accountBackground\",\"alignment\":\"center\"}]}'),(3,'Modern','    var client = invoice.client;\n	    var account = invoice.account;\n	    var currencyId = client.currency_id;\n\n	    layout.headerRight = 400;\n	    layout.rowHeight = 15;\n\n\n	    doc.setFontSize(7);\n\n	    // add header\n	    doc.setLineWidth(0.5);\n\n	    if (NINJA.primaryColor) {\n	      setDocHexFill(doc, NINJA.primaryColor);\n	      setDocHexDraw(doc, NINJA.primaryColor);\n	    } else {\n	      doc.setDrawColor(242,101,34);\n	      doc.setFillColor(242,101,34);\n	    }  \n\n	    var x1 =0;\n	    var y1 = 0;\n	    var w2 = 595;\n	    var h2 = Math.max(110, getInvoiceDetailsHeight(invoice, layout) + 30);\n	    doc.rect(x1, y1, w2, h2, \'FD\');\n\n	    SetPdfColor(\'White\',doc);\n\n	    //second column\n	    doc.setFontType(\'bold\');\n	    var name = invoice.account.name;    \n	    if (name) {\n	        doc.setFontSize(\'30\');\n	        doc.setFontType(\'bold\');\n	        doc.text(40, 50, name);\n	    }\n\n	    if (invoice.image)\n	    {\n	        y=130;\n	        var left = layout.headerRight - invoice.imageWidth;\n	        doc.addImage(invoice.image, \'JPEG\', layout.marginLeft, y);\n	    }\n\n	    // add footer \n	    doc.setLineWidth(0.5);\n\n	    if (NINJA.primaryColor) {\n	      setDocHexFill(doc, NINJA.primaryColor);\n	      setDocHexDraw(doc, NINJA.primaryColor);\n	    } else {\n	      doc.setDrawColor(242,101,34);\n	      doc.setFillColor(242,101,34);\n	    }  \n\n	    var x1 = 0;//tableLeft-tablePadding ;\n	    var y1 = 750;\n	    var w2 = 596;\n	    var h2 = 94;//doc.internal.getFontSize()*length+length*1.1;//+h;//+tablePadding;\n\n	    doc.rect(x1, y1, w2, h2, \'FD\');\n\n	    if (!invoice.is_pro && logoImages.imageLogo3)\n	    {\n	        pageHeight=820;\n	      // var left = 25;//250;//headerRight ;\n	        y=pageHeight-logoImages.imageLogoHeight3;\n	        //var headerRight=370;\n\n	        //var left = headerRight - invoice.imageLogoWidth3;\n	        doc.addImage(logoImages.imageLogo3, \'JPEG\', 40, y, logoImages.imageLogoWidth3, logoImages.imageLogoHeight3);\n	    }\n\n	    doc.setFontSize(10);  \n	    var marginLeft = 340;\n	    displayAccount(doc, invoice, marginLeft, 780, layout);\n\n\n	    SetPdfColor(\'White\',doc);    \n	    doc.setFontSize(\'8\');\n	    var detailsHeight = displayInvoice(doc, invoice, layout.headerRight, layout.accountTop-10, layout);\n	    layout.headerTop = Math.max(layout.headerTop, detailsHeight + 50);\n	    layout.tableTop = Math.max(layout.tableTop, detailsHeight + 150);\n\n	    SetPdfColor(\'Black\',doc); //set black color\n	    doc.setFontSize(7);\n	    doc.setFontType(\'normal\');\n	    displayClient(doc, invoice, layout.headerRight, layout.headerTop, layout);\n\n\n	      \n	    SetPdfColor(\'White\',doc);    \n	    doc.setFontType(\'bold\');\n\n	    doc.setLineWidth(0.3);\n	    if (NINJA.secondaryColor) {\n	      setDocHexFill(doc, NINJA.secondaryColor);\n	      setDocHexDraw(doc, NINJA.secondaryColor);\n	    } else {\n	      doc.setDrawColor(63,60,60);\n	      doc.setFillColor(63,60,60);\n	    }  \n\n	    var left = layout.marginLeft - layout.tablePadding;\n	    var top = layout.tableTop - layout.tablePadding;\n	    var width = layout.marginRight - (2 * layout.tablePadding);\n	    var height = 20;\n	    doc.rect(left, top, width, height, \'FD\');\n	    \n\n	    displayInvoiceHeader(doc, invoice, layout);\n	    SetPdfColor(\'Black\',doc);\n	    var y = displayInvoiceItems(doc, invoice, layout);\n\n\n	    var height1 = displayNotesAndTerms(doc, layout, invoice, y);\n	    var height2 = displaySubtotals(doc, layout, invoice, y, layout.unitCostRight);\n	    y += Math.max(height1, height2);\n\n\n	    var left = layout.marginLeft - layout.tablePadding;\n	    var top = y - layout.tablePadding;\n	    var width = layout.marginRight - (2 * layout.tablePadding);\n	    var height = 20;\n	    if (NINJA.secondaryColor) {\n	      setDocHexFill(doc, NINJA.secondaryColor);\n	      setDocHexDraw(doc, NINJA.secondaryColor);\n	    } else {\n	      doc.setDrawColor(63,60,60);\n	      doc.setFillColor(63,60,60);\n	    }  \n	    doc.rect(left, top, width, height, \'FD\');\n	    \n	    doc.setFontType(\'bold\');\n	    SetPdfColor(\'White\', doc);\n	    doc.setFontSize(12);\n	    \n	    var label = invoice.is_quote ? invoiceLabels.total : invoiceLabels.balance_due;\n	    var labelX = layout.unitCostRight-(doc.getStringUnitWidth(label) * doc.internal.getFontSize());\n	    doc.text(labelX, y+2, label);\n\n\n	    doc.setFontType(\'normal\');\n	    var amount = formatMoney(invoice.balance_amount , currencyId);\n	    headerLeft=layout.headerRight+400;\n	    var amountX = layout.lineTotalRight - (doc.getStringUnitWidth(amount) * doc.internal.getFontSize());\n	    doc.text(amountX, y+2, amount);','{\"content\":[{\"columns\":[{\"image\":\"$accountLogo\",\"fit\":[120,80],\"margin\":[0,60,0,30]},{\"stack\":\"$clientDetails\",\"margin\":[0,60,0,0]}]},{\"style\":\"invoiceLineItemsTable\",\"table\":{\"headerRows\":1,\"widths\":\"$invoiceLineItemColumns\",\"body\":\"$invoiceLineItems\"},\"layout\":{\"hLineWidth\":\"$notFirst:.5\",\"vLineWidth\":\"$notFirstAndLastColumn:.5\",\"hLineColor\":\"#888888\",\"vLineColor\":\"#FFFFFF\",\"paddingLeft\":\"$amount:8\",\"paddingRight\":\"$amount:8\",\"paddingTop\":\"$amount:8\",\"paddingBottom\":\"$amount:8\"}},{\"columns\":[\"$notesAndTerms\",{\"table\":{\"widths\":[\"*\",\"40%\"],\"body\":\"$subtotalsWithoutBalance\"},\"layout\":{\"hLineWidth\":\"$none\",\"vLineWidth\":\"$none\",\"paddingLeft\":\"$amount:34\",\"paddingRight\":\"$amount:8\",\"paddingTop\":\"$amount:4\",\"paddingBottom\":\"$amount:4\"}}]},{\"columns\":[{\"canvas\":[{\"type\":\"rect\",\"x\":0,\"y\":0,\"w\":515,\"h\":26,\"r\":0,\"lineWidth\":1,\"color\":\"$secondaryColor:#403d3d\"}],\"width\":10,\"margin\":[0,10,0,0]},{\"text\":\"$balanceDueLabel\",\"style\":\"subtotalsBalanceDueLabel\",\"margin\":[0,16,0,0],\"width\":370},{\"text\":\"$balanceDue\",\"style\":\"subtotalsBalanceDue\",\"margin\":[0,16,8,0]}]},\"$signature\",{\"stack\":[\"$invoiceDocuments\"],\"style\":\"invoiceDocuments\"}],\"footer\":[{\"canvas\":[{\"type\":\"line\",\"x1\":0,\"y1\":0,\"x2\":600,\"y2\":0,\"lineWidth\":100,\"lineColor\":\"$primaryColor:#f26621\"}],\"width\":10},{\"columns\":[{\"width\":350,\"stack\":[{\"text\":\"$invoiceFooter\",\"margin\":[40,-40,40,0],\"alignment\":\"left\",\"color\":\"#FFFFFF\"}]},{\"stack\":\"$accountDetails\",\"margin\":[0,-40,0,0],\"width\":\"*\"},{\"stack\":\"$accountAddress\",\"margin\":[0,-40,0,0],\"width\":\"*\"}]}],\"header\":[{\"canvas\":[{\"type\":\"line\",\"x1\":0,\"y1\":0,\"x2\":600,\"y2\":0,\"lineWidth\":200,\"lineColor\":\"$primaryColor:#f26621\"}],\"width\":10},{\"columns\":[{\"text\":\"$accountName\",\"bold\":true,\"font\":\"$headerFont\",\"fontSize\":30,\"color\":\"#ffffff\",\"margin\":[40,20,0,0],\"width\":350}]},{\"width\":300,\"table\":{\"body\":\"$invoiceDetails\"},\"layout\":\"noBorders\",\"margin\":[400,-40,0,0]}],\"defaultStyle\":{\"font\":\"$bodyFont\",\"fontSize\":\"$fontSize\",\"margin\":[8,4,8,4]},\"styles\":{\"primaryColor\":{\"color\":\"$primaryColor:#299CC2\"},\"accountName\":{\"margin\":[4,2,4,2],\"color\":\"$primaryColor:#299CC2\"},\"accountDetails\":{\"margin\":[4,2,4,2],\"color\":\"#FFFFFF\"},\"accountAddress\":{\"margin\":[4,2,4,2],\"color\":\"#FFFFFF\"},\"clientDetails\":{\"margin\":[0,2,4,2]},\"invoiceDetails\":{\"color\":\"#FFFFFF\"},\"invoiceLineItemsTable\":{\"margin\":[0,0,0,16]},\"productKey\":{\"bold\":true},\"clientName\":{\"bold\":true},\"tableHeader\":{\"bold\":true,\"color\":\"#FFFFFF\",\"fontSize\":\"$fontSizeLargest\",\"fillColor\":\"$secondaryColor:#403d3d\"},\"costTableHeader\":{\"alignment\":\"right\"},\"qtyTableHeader\":{\"alignment\":\"right\"},\"taxTableHeader\":{\"alignment\":\"right\"},\"lineTotalTableHeader\":{\"alignment\":\"right\"},\"subtotalsBalanceDueLabel\":{\"fontSize\":\"$fontSizeLargest\",\"color\":\"#FFFFFF\",\"alignment\":\"right\",\"bold\":true},\"subtotalsBalanceDue\":{\"fontSize\":\"$fontSizeLargest\",\"color\":\"#FFFFFF\",\"bold\":true,\"alignment\":\"right\"},\"cost\":{\"alignment\":\"right\"},\"quantity\":{\"alignment\":\"right\"},\"tax\":{\"alignment\":\"right\"},\"lineTotal\":{\"alignment\":\"right\"},\"subtotals\":{\"alignment\":\"right\"},\"termsLabel\":{\"bold\":true,\"margin\":[0,0,0,4]},\"invoiceNumberLabel\":{\"bold\":true},\"invoiceNumber\":{\"bold\":true},\"fullheader\":{\"font\":\"$headerFont\",\"fontSize\":\"$fontSizeLargest\",\"bold\":true},\"subheader\":{\"font\":\"$headerFont\",\"fontSize\":\"$fontSizeLarger\"},\"help\":{\"fontSize\":\"$fontSizeSmaller\",\"color\":\"#737373\"},\"invoiceDocuments\":{\"margin\":[7,0,7,0]},\"invoiceDocument\":{\"margin\":[0,10,0,10]}},\"pageMargins\":[40,120,40,50],\"background\":[{\"image\":\"$accountBackground\",\"alignment\":\"center\"}]}'),(4,'Plain','  var client = invoice.client;\n		  var account = invoice.account;\n		  var currencyId = client.currency_id;  \n		  \n      layout.accountTop += 25;\n      layout.headerTop += 25;\n      layout.tableTop += 25;\n\n		  if (invoice.image)\n		  {\n		    var left = layout.headerRight - invoice.imageWidth;\n		    doc.addImage(invoice.image, \'JPEG\', left, 50);\n		  } \n		  \n		  /* table header */\n		  doc.setDrawColor(200,200,200);\n		  doc.setFillColor(230,230,230);\n		  \n		  var detailsHeight = getInvoiceDetailsHeight(invoice, layout);\n		  var left = layout.headerLeft - layout.tablePadding;\n		  var top = layout.headerTop + detailsHeight - layout.rowHeight - layout.tablePadding;\n		  var width = layout.headerRight - layout.headerLeft + (2 * layout.tablePadding);\n		  var height = layout.rowHeight + 1;\n		  doc.rect(left, top, width, height, \'FD\'); \n\n		  doc.setFontSize(10);\n		  doc.setFontType(\'normal\');\n\n		  displayAccount(doc, invoice, layout.marginLeft, layout.accountTop, layout);\n		  displayClient(doc, invoice, layout.marginLeft, layout.headerTop, layout);\n\n		  displayInvoice(doc, invoice, layout.headerLeft, layout.headerTop, layout, layout.headerRight);\n		  layout.tableTop = Math.max(layout.tableTop, layout.headerTop + detailsHeight + (2 * layout.tablePadding));\n\n		  var headerY = layout.headerTop;\n		  var total = 0;\n\n		  doc.setDrawColor(200,200,200);\n		  doc.setFillColor(230,230,230);\n		  var left = layout.marginLeft - layout.tablePadding;\n		  var top = layout.tableTop - layout.tablePadding;\n		  var width = layout.headerRight - layout.marginLeft + (2 * layout.tablePadding);\n		  var height = layout.rowHeight + 2;\n		  doc.rect(left, top, width, height, \'FD\');   \n\n		  displayInvoiceHeader(doc, invoice, layout);\n		  var y = displayInvoiceItems(doc, invoice, layout);\n\n		  doc.setFontSize(10);\n\n		  displayNotesAndTerms(doc, layout, invoice, y+20);\n\n		  y += displaySubtotals(doc, layout, invoice, y+20, 480) + 20;\n\n		  doc.setDrawColor(200,200,200);\n		  doc.setFillColor(230,230,230);\n		  \n		  var left = layout.footerLeft - layout.tablePadding;\n		  var top = y - layout.tablePadding;\n		  var width = layout.headerRight - layout.footerLeft + (2 * layout.tablePadding);\n		  var height = layout.rowHeight + 2;\n		  doc.rect(left, top, width, height, \'FD\'); \n		  \n		  doc.setFontType(\'bold\');\n		  doc.text(layout.footerLeft, y, invoice.is_quote ? invoiceLabels.total : invoiceLabels.balance_due);\n\n		  total = formatMoney(invoice.balance_amount, currencyId);\n		  var totalX = layout.headerRight - (doc.getStringUnitWidth(total) * doc.internal.getFontSize());\n		  doc.text(totalX, y, total);   \n\n		  if (!invoice.is_pro) {\n		    doc.setFontType(\'normal\');\n		    doc.text(layout.marginLeft, 790, \'Created by InvoiceNinja.com\');\n		  }','{\"content\":[{\"columns\":[{\"stack\":\"$accountDetails\"},{\"stack\":\"$accountAddress\"},[{\"image\":\"$accountLogo\",\"fit\":[120,80]}]]},{\"columns\":[{\"width\":340,\"stack\":\"$clientDetails\",\"margin\":[0,40,0,0]},{\"width\":200,\"table\":{\"body\":\"$invoiceDetails\"},\"layout\":{\"hLineWidth\":\"$none\",\"vLineWidth\":\"$none\",\"hLineColor\":\"#E6E6E6\",\"paddingLeft\":\"$amount:10\",\"paddingRight\":\"$amount:10\"}}]},{\"canvas\":[{\"type\":\"rect\",\"x\":0,\"y\":0,\"w\":515,\"h\":25,\"r\":0,\"lineWidth\":1,\"color\":\"#e6e6e6\"}],\"width\":10,\"margin\":[0,30,0,-43]},{\"style\":\"invoiceLineItemsTable\",\"table\":{\"headerRows\":1,\"widths\":\"$invoiceLineItemColumns\",\"body\":\"$invoiceLineItems\"},\"layout\":{\"hLineWidth\":\"$notFirst:1\",\"vLineWidth\":\"$none\",\"hLineColor\":\"#e6e6e6\",\"paddingLeft\":\"$amount:8\",\"paddingRight\":\"$amount:8\",\"paddingTop\":\"$amount:8\",\"paddingBottom\":\"$amount:8\"}},{\"columns\":[\"$notesAndTerms\",{\"width\":160,\"style\":\"subtotals\",\"table\":{\"widths\":[60,60],\"body\":\"$subtotals\"},\"layout\":{\"hLineWidth\":\"$none\",\"vLineWidth\":\"$none\",\"paddingLeft\":\"$amount:10\",\"paddingRight\":\"$amount:10\",\"paddingTop\":\"$amount:4\",\"paddingBottom\":\"$amount:4\"}}]},\"$signature\",{\"stack\":[\"$invoiceDocuments\"],\"style\":\"invoiceDocuments\"}],\"footer\":{\"columns\":[{\"text\":\"$invoiceFooter\",\"alignment\":\"left\",\"margin\":[0,0,0,12]}],\"margin\":[40,-20,40,40]},\"defaultStyle\":{\"font\":\"$bodyFont\",\"fontSize\":\"$fontSize\",\"margin\":[8,4,8,4]},\"styles\":{\"primaryColor\":{\"color\":\"$primaryColor:#299CC2\"},\"accountDetails\":{\"margin\":[0,2,0,1]},\"accountAddress\":{\"margin\":[0,2,0,1]},\"clientDetails\":{\"margin\":[0,2,0,1]},\"tableHeader\":{\"bold\":true},\"costTableHeader\":{\"alignment\":\"right\"},\"qtyTableHeader\":{\"alignment\":\"right\"},\"lineTotalTableHeader\":{\"alignment\":\"right\"},\"invoiceLineItemsTable\":{\"margin\":[0,16,0,16]},\"cost\":{\"alignment\":\"right\"},\"quantity\":{\"alignment\":\"right\"},\"tax\":{\"alignment\":\"right\"},\"lineTotal\":{\"alignment\":\"right\"},\"subtotals\":{\"alignment\":\"right\"},\"termsLabel\":{\"bold\":true,\"margin\":[0,0,0,4]},\"terms\":{\"margin\":[0,0,20,0]},\"invoiceDetailBalanceDueLabel\":{\"fillColor\":\"#e6e6e6\"},\"invoiceDetailBalanceDue\":{\"fillColor\":\"#e6e6e6\"},\"subtotalsBalanceDueLabel\":{\"fillColor\":\"#e6e6e6\"},\"subtotalsBalanceDue\":{\"fillColor\":\"#e6e6e6\"},\"fullheader\":{\"font\":\"$headerFont\",\"fontSize\":\"$fontSizeLargest\",\"bold\":true},\"subheader\":{\"font\":\"$headerFont\",\"fontSize\":\"$fontSizeLarger\"},\"help\":{\"fontSize\":\"$fontSizeSmaller\",\"color\":\"#737373\"},\"invoiceDocuments\":{\"margin\":[7,0,7,0]},\"invoiceDocument\":{\"margin\":[0,10,0,10]}},\"pageMargins\":[40,40,40,60],\"background\":[{\"image\":\"$accountBackground\",\"alignment\":\"center\"}]}'),(5,'Business',NULL,'{\"content\":[{\"columns\":[{\"image\":\"$accountLogo\",\"fit\":[120,80]},{\"width\":300,\"stack\":\"$accountDetails\",\"margin\":[140,0,0,0]},{\"width\":150,\"stack\":\"$accountAddress\"}]},{\"columns\":[{\"width\":120,\"stack\":[{\"text\":\"$invoiceIssuedToLabel\",\"style\":\"issuedTo\"},\"$clientDetails\"],\"margin\":[0,20,0,0]},{\"canvas\":[{\"type\":\"rect\",\"x\":20,\"y\":0,\"w\":174,\"h\":\"$invoiceDetailsHeight\",\"r\":10,\"lineWidth\":1,\"color\":\"$primaryColor:#eb792d\"}],\"width\":30,\"margin\":[200,25,0,0]},{\"table\":{\"widths\":[70,76],\"body\":\"$invoiceDetails\"},\"layout\":\"noBorders\",\"margin\":[200,34,0,0]}]},{\"canvas\":[{\"type\":\"rect\",\"x\":0,\"y\":0,\"w\":515,\"h\":32,\"r\":8,\"lineWidth\":1,\"color\":\"$secondaryColor:#374e6b\"}],\"width\":10,\"margin\":[0,20,0,-45]},{\"style\":\"invoiceLineItemsTable\",\"table\":{\"headerRows\":1,\"widths\":\"$invoiceLineItemColumns\",\"body\":\"$invoiceLineItems\"},\"layout\":{\"hLineWidth\":\"$notFirst:1\",\"vLineWidth\":\"$notFirst:.5\",\"hLineColor\":\"#FFFFFF\",\"vLineColor\":\"#FFFFFF\",\"paddingLeft\":\"$amount:8\",\"paddingRight\":\"$amount:8\",\"paddingTop\":\"$amount:12\",\"paddingBottom\":\"$amount:12\"}},{\"columns\":[\"$notesAndTerms\",{\"stack\":[{\"style\":\"subtotals\",\"table\":{\"widths\":[\"*\",\"35%\"],\"body\":\"$subtotalsWithoutBalance\"},\"layout\":{\"hLineWidth\":\"$none\",\"vLineWidth\":\"$none\",\"paddingLeft\":\"$amount:34\",\"paddingRight\":\"$amount:8\",\"paddingTop\":\"$amount:4\",\"paddingBottom\":\"$amount:4\"}},{\"canvas\":[{\"type\":\"rect\",\"x\":60,\"y\":20,\"w\":198,\"h\":30,\"r\":7,\"lineWidth\":1,\"color\":\"$secondaryColor:#374e6b\"}]},{\"style\":\"subtotalsBalance\",\"table\":{\"widths\":[\"*\",\"45%\"],\"body\":\"$subtotalsBalance\"},\"layout\":{\"hLineWidth\":\"$none\",\"vLineWidth\":\"$none\",\"paddingLeft\":\"$amount:34\",\"paddingRight\":\"$amount:8\",\"paddingTop\":\"$amount:4\",\"paddingBottom\":\"$amount:4\"}}]}]},\"$signature\",{\"stack\":[\"$invoiceDocuments\"],\"style\":\"invoiceDocuments\"}],\"footer\":{\"columns\":[{\"text\":\"$invoiceFooter\",\"alignment\":\"left\"}],\"margin\":[40,-20,40,0]},\"defaultStyle\":{\"fontSize\":\"$fontSize\",\"margin\":[8,4,8,4]},\"styles\":{\"primaryColor\":{\"color\":\"$primaryColor:#299CC2\"},\"accountName\":{\"bold\":true},\"accountDetails\":{\"color\":\"#AAA9A9\",\"margin\":[0,2,0,1]},\"accountAddress\":{\"color\":\"#AAA9A9\",\"margin\":[0,2,0,1]},\"even\":{\"fillColor\":\"#E8E8E8\"},\"odd\":{\"fillColor\":\"#F7F7F7\"},\"productKey\":{\"bold\":true},\"subtotalsBalanceDueLabel\":{\"fontSize\":\"$fontSizeLargest\",\"color\":\"#ffffff\",\"bold\":true},\"subtotalsBalanceDue\":{\"fontSize\":\"$fontSizeLargest\",\"bold\":true,\"color\":\"#ffffff\",\"alignment\":\"right\",\"noWrap\":true},\"invoiceDetails\":{\"color\":\"#ffffff\"},\"tableHeader\":{\"color\":\"#ffffff\",\"fontSize\":\"$fontSizeLargest\",\"bold\":true},\"secondTableHeader\":{\"color\":\"$secondaryColor:#374e6b\"},\"costTableHeader\":{\"alignment\":\"right\"},\"qtyTableHeader\":{\"alignment\":\"right\"},\"taxTableHeader\":{\"alignment\":\"right\"},\"lineTotalTableHeader\":{\"alignment\":\"right\"},\"issuedTo\":{\"margin\":[0,2,0,1],\"bold\":true,\"color\":\"#374e6b\"},\"clientDetails\":{\"margin\":[0,2,0,1]},\"clientName\":{\"color\":\"$primaryColor:#eb792d\"},\"invoiceLineItemsTable\":{\"margin\":[0,10,0,10]},\"invoiceDetailsValue\":{\"alignment\":\"right\"},\"cost\":{\"alignment\":\"right\"},\"quantity\":{\"alignment\":\"right\"},\"tax\":{\"alignment\":\"right\"},\"lineTotal\":{\"alignment\":\"right\"},\"subtotals\":{\"alignment\":\"right\"},\"subtotalsBalance\":{\"alignment\":\"right\",\"margin\":[0,-25,0,0]},\"termsLabel\":{\"bold\":true,\"margin\":[0,0,0,4]},\"fullheader\":{\"fontSize\":\"$fontSizeLargest\",\"bold\":true},\"subheader\":{\"fontSize\":\"$fontSizeLarger\"},\"help\":{\"fontSize\":\"$fontSizeSmaller\",\"color\":\"#737373\"}},\"pageMargins\":[40,40,40,40],\"background\":[{\"image\":\"$accountBackground\",\"alignment\":\"center\"}]}'),(6,'Creative',NULL,'{\"content\":[{\"columns\":[{\"stack\":\"$clientDetails\"},{\"stack\":\"$accountDetails\"},{\"stack\":\"$accountAddress\"},{\"image\":\"$accountLogo\",\"fit\":[120,80],\"alignment\":\"right\"}],\"margin\":[0,0,0,20]},{\"columns\":[{\"text\":[{\"text\":\"$entityTypeUC\",\"style\":\"header1\"},{\"text\":\" #\",\"style\":\"header2\"},{\"text\":\"$invoiceNumber\",\"style\":\"header2\"}],\"width\":\"*\"},{\"width\":200,\"table\":{\"body\":\"$invoiceDetails\"},\"layout\":\"noBorders\",\"margin\":[16,4,0,0]}],\"margin\":[0,0,0,20]},{\"canvas\":[{\"type\":\"line\",\"x1\":0,\"y1\":5,\"x2\":515,\"y2\":5,\"lineWidth\":3,\"lineColor\":\"$primaryColor:#AE1E54\"}]},{\"style\":\"invoiceLineItemsTable\",\"table\":{\"headerRows\":1,\"widths\":\"$invoiceLineItemColumns\",\"body\":\"$invoiceLineItems\"},\"layout\":{\"hLineWidth\":\"$none\",\"vLineWidth\":\"$none\",\"hLineColor\":\"$primaryColor:#E8E8E8\",\"paddingLeft\":\"$amount:8\",\"paddingRight\":\"$amount:8\",\"paddingTop\":\"$amount:8\",\"paddingBottom\":\"$amount:8\"}},{\"columns\":[\"$notesAndTerms\",{\"style\":\"subtotals\",\"table\":{\"widths\":[\"*\",\"40%\"],\"body\":\"$subtotalsWithoutBalance\"},\"layout\":{\"hLineWidth\":\"$none\",\"vLineWidth\":\"$none\",\"paddingLeft\":\"$amount:34\",\"paddingRight\":\"$amount:8\",\"paddingTop\":\"$amount:4\",\"paddingBottom\":\"$amount:4\"}}]},{\"canvas\":[{\"type\":\"line\",\"x1\":0,\"y1\":20,\"x2\":515,\"y2\":20,\"lineWidth\":3,\"lineColor\":\"$primaryColor:#AE1E54\"}],\"margin\":[0,-8,0,-8]},{\"text\":\"$balanceDueLabel\",\"style\":\"subtotalsBalanceDueLabel\"},{\"text\":\"$balanceDue\",\"style\":\"subtotalsBalanceDue\"},\"$signature\",{\"stack\":[\"$invoiceDocuments\"],\"style\":\"invoiceDocuments\"}],\"footer\":{\"columns\":[{\"text\":\"$invoiceFooter\",\"alignment\":\"left\"}],\"margin\":[40,-20,40,0]},\"defaultStyle\":{\"fontSize\":\"$fontSize\",\"margin\":[8,4,8,4]},\"styles\":{\"primaryColor\":{\"color\":\"$primaryColor:#AE1E54\"},\"accountName\":{\"margin\":[4,2,4,2],\"color\":\"$primaryColor:#AE1E54\",\"bold\":true},\"accountDetails\":{\"margin\":[4,2,4,2]},\"accountAddress\":{\"margin\":[4,2,4,2]},\"odd\":{\"fillColor\":\"#F4F4F4\"},\"productKey\":{\"bold\":true},\"subtotalsBalanceDueLabel\":{\"fontSize\":\"$fontSizeLargest\",\"margin\":[320,20,0,0]},\"subtotalsBalanceDue\":{\"fontSize\":\"$fontSizeLargest\",\"color\":\"$primaryColor:#AE1E54\",\"bold\":true,\"margin\":[0,-10,10,0],\"alignment\":\"right\"},\"invoiceDetailBalanceDue\":{\"bold\":true,\"color\":\"$primaryColor:#AE1E54\"},\"invoiceDetailBalanceDueLabel\":{\"bold\":true},\"tableHeader\":{\"bold\":true,\"color\":\"$primaryColor:#AE1E54\",\"fontSize\":\"$fontSizeLargest\"},\"costTableHeader\":{\"alignment\":\"right\"},\"qtyTableHeader\":{\"alignment\":\"right\"},\"taxTableHeader\":{\"alignment\":\"right\"},\"lineTotalTableHeader\":{\"alignment\":\"right\"},\"clientName\":{\"bold\":true},\"clientDetails\":{\"margin\":[0,2,0,1]},\"header1\":{\"bold\":true,\"margin\":[0,30,0,16],\"fontSize\":42},\"header2\":{\"margin\":[0,30,0,16],\"fontSize\":42,\"italics\":true,\"color\":\"$primaryColor:#AE1E54\"},\"invoiceLineItemsTable\":{\"margin\":[0,4,0,16]},\"cost\":{\"alignment\":\"right\"},\"quantity\":{\"alignment\":\"right\"},\"tax\":{\"alignment\":\"right\"},\"lineTotal\":{\"alignment\":\"right\"},\"subtotals\":{\"alignment\":\"right\"},\"termsLabel\":{\"bold\":true,\"margin\":[0,0,0,4]},\"fullheader\":{\"fontSize\":\"$fontSizeLargest\",\"bold\":true},\"subheader\":{\"fontSize\":\"$fontSizeLarger\"},\"help\":{\"fontSize\":\"$fontSizeSmaller\",\"color\":\"#737373\"}},\"pageMargins\":[40,40,40,40],\"background\":[{\"image\":\"$accountBackground\",\"alignment\":\"center\"}]}'),(7,'Elegant',NULL,'{\"content\":[{\"image\":\"$accountLogo\",\"fit\":[120,80],\"alignment\":\"center\",\"margin\":[0,0,0,30]},{\"canvas\":[{\"type\":\"line\",\"x1\":0,\"y1\":5,\"x2\":515,\"y2\":5,\"lineWidth\":2}]},{\"canvas\":[{\"type\":\"line\",\"x1\":0,\"y1\":3,\"x2\":515,\"y2\":3,\"lineWidth\":1}]},{\"columns\":[{\"width\":120,\"stack\":[{\"text\":\"$invoiceToLabel\",\"style\":\"header\",\"margin\":[0,0,0,6]},\"$clientDetails\"]},{\"width\":10,\"canvas\":[{\"type\":\"line\",\"x1\":-2,\"y1\":18,\"x2\":-2,\"y2\":80,\"lineWidth\":1,\"dash\":{\"length\":2}}]},{\"width\":120,\"stack\":\"$accountDetails\",\"margin\":[0,20,0,0]},{\"width\":110,\"stack\":\"$accountAddress\",\"margin\":[0,20,0,0]},{\"stack\":[{\"text\":\"$detailsLabel\",\"style\":\"header\",\"margin\":[0,0,0,6]},{\"width\":180,\"table\":{\"body\":\"$invoiceDetails\"},\"layout\":\"noBorders\"}]}],\"margin\":[0,20,0,0]},{\"style\":\"invoiceLineItemsTable\",\"table\":{\"headerRows\":1,\"widths\":\"$invoiceLineItemColumns\",\"body\":\"$invoiceLineItems\"},\"layout\":{\"hLineWidth\":\"$notFirst:.5\",\"vLineWidth\":\"$none\",\"paddingLeft\":\"$amount:8\",\"paddingRight\":\"$amount:8\",\"paddingTop\":\"$amount:12\",\"paddingBottom\":\"$amount:12\"}},{\"columns\":[\"$notesAndTerms\",{\"style\":\"subtotals\",\"table\":{\"widths\":[\"*\",\"40%\"],\"body\":\"$subtotalsWithoutBalance\"},\"layout\":{\"hLineWidth\":\"$none\",\"vLineWidth\":\"$none\",\"paddingLeft\":\"$amount:34\",\"paddingRight\":\"$amount:8\",\"paddingTop\":\"$amount:4\",\"paddingBottom\":\"$amount:4\"}}]},{\"canvas\":[{\"type\":\"line\",\"x1\":270,\"y1\":20,\"x2\":515,\"y2\":20,\"lineWidth\":1,\"dash\":{\"length\":2}}]},{\"text\":\"$balanceDueLabel\",\"style\":\"subtotalsBalanceDueLabel\"},{\"text\":\"$balanceDue\",\"style\":\"subtotalsBalanceDue\"},{\"canvas\":[{\"type\":\"line\",\"x1\":270,\"y1\":20,\"x2\":515,\"y2\":20,\"lineWidth\":1,\"dash\":{\"length\":2}}]},\"$signature\",{\"stack\":[\"$invoiceDocuments\"],\"style\":\"invoiceDocuments\"}],\"footer\":[{\"columns\":[{\"text\":\"$invoiceFooter\",\"alignment\":\"left\"}],\"margin\":[40,-20,40,0]},{\"canvas\":[{\"type\":\"line\",\"x1\":35,\"y1\":5,\"x2\":555,\"y2\":5,\"lineWidth\":2,\"margin\":[30,0,0,0]}]},{\"canvas\":[{\"type\":\"line\",\"x1\":35,\"y1\":3,\"x2\":555,\"y2\":3,\"lineWidth\":1,\"margin\":[30,0,0,0]}]}],\"defaultStyle\":{\"fontSize\":\"$fontSize\",\"margin\":[8,4,8,4]},\"styles\":{\"accountDetails\":{\"margin\":[0,2,0,1]},\"clientDetails\":{\"margin\":[0,2,0,1]},\"accountAddress\":{\"margin\":[0,2,0,1]},\"clientName\":{\"bold\":true},\"accountName\":{\"bold\":true},\"odd\":{},\"subtotalsBalanceDueLabel\":{\"fontSize\":\"$fontSizeLargest\",\"color\":\"$primaryColor:#5a7b61\",\"margin\":[320,20,0,0]},\"subtotalsBalanceDue\":{\"fontSize\":\"$fontSizeLargest\",\"color\":\"$primaryColor:#5a7b61\",\"style\":true,\"margin\":[0,-14,8,0],\"alignment\":\"right\"},\"invoiceDetailBalanceDue\":{\"color\":\"$primaryColor:#5a7b61\",\"bold\":true},\"fullheader\":{\"font\":\"$headerFont\",\"fontSize\":\"$fontSizeLargest\",\"bold\":true},\"header\":{\"fontSize\":\"$fontSizeLargest\",\"bold\":true},\"tableHeader\":{\"bold\":true,\"color\":\"$primaryColor:#5a7b61\",\"fontSize\":\"$fontSizeLargest\"},\"costTableHeader\":{\"alignment\":\"right\"},\"qtyTableHeader\":{\"alignment\":\"right\"},\"taxTableHeader\":{\"alignment\":\"right\"},\"lineTotalTableHeader\":{\"alignment\":\"right\"},\"invoiceLineItemsTable\":{\"margin\":[0,40,0,16]},\"cost\":{\"alignment\":\"right\"},\"quantity\":{\"alignment\":\"right\"},\"tax\":{\"alignment\":\"right\"},\"lineTotal\":{\"alignment\":\"right\"},\"subtotals\":{\"alignment\":\"right\"},\"termsLabel\":{\"bold\":true,\"margin\":[0,0,0,4]},\"subheader\":{\"fontSize\":\"$fontSizeLarger\"},\"help\":{\"fontSize\":\"$fontSizeSmaller\",\"color\":\"#737373\"}},\"pageMargins\":[40,40,40,40],\"background\":[{\"image\":\"$accountBackground\",\"alignment\":\"center\"}]}'),(8,'Hipster',NULL,'{\"content\":[{\"columns\":[{\"width\":10,\"canvas\":[{\"type\":\"line\",\"x1\":0,\"y1\":0,\"x2\":0,\"y2\":75,\"lineWidth\":0.5}]},{\"width\":120,\"stack\":[{\"text\":\"$fromLabelUC\",\"style\":\"fromLabel\"},\"$accountDetails\"]},{\"width\":120,\"stack\":[{\"text\":\" \"},\"$accountAddress\"],\"margin\":[10,0,0,16]},{\"width\":10,\"canvas\":[{\"type\":\"line\",\"x1\":0,\"y1\":0,\"x2\":0,\"y2\":75,\"lineWidth\":0.5}]},{\"stack\":[{\"text\":\"$toLabelUC\",\"style\":\"toLabel\"},\"$clientDetails\"]},[{\"image\":\"$accountLogo\",\"fit\":[120,80]}]]},{\"text\":\"$entityTypeUC\",\"margin\":[0,4,0,8],\"bold\":\"true\",\"fontSize\":42},{\"columnGap\":16,\"columns\":[{\"width\":\"auto\",\"text\":[\"$invoiceNoLabel\",\" \",\"$invoiceNumberValue\"],\"bold\":true,\"color\":\"$primaryColor:#bc9f2b\",\"fontSize\":10},{\"width\":\"auto\",\"text\":[\"$invoiceDateLabel\",\" \",\"$invoiceDateValue\"],\"fontSize\":10},{\"width\":\"auto\",\"text\":[\"$dueDateLabel?\",\" \",\"$dueDateValue\"],\"fontSize\":10},{\"width\":\"*\",\"text\":[\"$balanceDueLabel\",\" \",{\"text\":\"$balanceDue\",\"bold\":true,\"color\":\"$primaryColor:#bc9f2b\"}],\"fontSize\":10}]},{\"margin\":[0,26,0,0],\"style\":\"invoiceLineItemsTable\",\"table\":{\"headerRows\":1,\"widths\":\"$invoiceLineItemColumns\",\"body\":\"$invoiceLineItems\"},\"layout\":{\"hLineWidth\":\"$none\",\"vLineWidth\":\"$amount:.5\",\"paddingLeft\":\"$amount:8\",\"paddingRight\":\"$amount:8\",\"paddingTop\":\"$amount:8\",\"paddingBottom\":\"$amount:8\"}},{\"columns\":[{\"stack\":\"$notesAndTerms\",\"width\":\"*\",\"margin\":[0,12,0,0]},{\"width\":200,\"style\":\"subtotals\",\"table\":{\"widths\":[\"*\",\"36%\"],\"body\":\"$subtotals\"},\"layout\":{\"hLineWidth\":\"$none\",\"vLineWidth\":\"$notFirst:.5\",\"paddingLeft\":\"$amount:8\",\"paddingRight\":\"$amount:8\",\"paddingTop\":\"$amount:12\",\"paddingBottom\":\"$amount:4\"}}]},\"$signature\",{\"stack\":[\"$invoiceDocuments\"],\"style\":\"invoiceDocuments\"}],\"footer\":{\"columns\":[{\"text\":\"$invoiceFooter\",\"alignment\":\"left\"}],\"margin\":[40,-20,40,0]},\"defaultStyle\":{\"fontSize\":\"$fontSize\",\"margin\":[8,4,8,4]},\"styles\":{\"accountName\":{\"bold\":true},\"clientName\":{\"bold\":true},\"subtotalsBalanceDueLabel\":{\"fontSize\":\"$fontSizeLargest\",\"bold\":true},\"subtotalsBalanceDue\":{\"fontSize\":\"$fontSizeLargest\",\"color\":\"$primaryColor:#bc9f2b\",\"bold\":true},\"tableHeader\":{\"bold\":true,\"fontSize\":\"$fontSizeLargest\"},\"costTableHeader\":{\"alignment\":\"right\"},\"qtyTableHeader\":{\"alignment\":\"right\"},\"taxTableHeader\":{\"alignment\":\"right\"},\"lineTotalTableHeader\":{\"alignment\":\"right\"},\"fromLabel\":{\"color\":\"$primaryColor:#bc9f2b\",\"bold\":true},\"toLabel\":{\"color\":\"$primaryColor:#bc9f2b\",\"bold\":true},\"accountDetails\":{\"margin\":[0,2,0,1]},\"accountAddress\":{\"margin\":[0,2,0,1]},\"clientDetails\":{\"margin\":[0,2,0,1]},\"cost\":{\"alignment\":\"right\"},\"quantity\":{\"alignment\":\"right\"},\"tax\":{\"alignment\":\"right\"},\"lineTotal\":{\"alignment\":\"right\"},\"subtotals\":{\"alignment\":\"right\"},\"termsLabel\":{\"bold\":true,\"margin\":[0,16,0,4]},\"fullheader\":{\"fontSize\":\"$fontSizeLargest\",\"bold\":true},\"subheader\":{\"fontSize\":\"$fontSizeLarger\"},\"help\":{\"fontSize\":\"$fontSizeSmaller\",\"color\":\"#737373\"}},\"pageMargins\":[40,40,40,40],\"background\":[{\"image\":\"$accountBackground\",\"alignment\":\"center\"}]}'),(9,'Playful',NULL,'{\"content\":[{\"columns\":[{\"image\":\"$accountLogo\",\"fit\":[120,80]},{\"canvas\":[{\"type\":\"rect\",\"x\":0,\"y\":0,\"w\":190,\"h\":\"$invoiceDetailsHeight\",\"r\":5,\"lineWidth\":1,\"color\":\"$primaryColor:#009d91\"}],\"width\":10,\"margin\":[200,0,0,0]},{\"width\":400,\"table\":{\"body\":\"$invoiceDetails\"},\"layout\":\"noBorders\",\"margin\":[210,10,10,0]}]},{\"margin\":[0,18,0,0],\"columnGap\":50,\"columns\":[{\"width\":212,\"stack\":[{\"text\":\"$invoiceToLabel:\",\"style\":\"toLabel\"},{\"canvas\":[{\"type\":\"line\",\"x1\":0,\"y1\":4,\"x2\":150,\"y2\":4,\"lineWidth\":1,\"dash\":{\"length\":3},\"lineColor\":\"$primaryColor:#009d91\"}],\"margin\":[0,0,0,4]},\"$clientDetails\",{\"canvas\":[{\"type\":\"line\",\"x1\":0,\"y1\":9,\"x2\":150,\"y2\":9,\"lineWidth\":1,\"dash\":{\"length\":3},\"lineColor\":\"$primaryColor:#009d91\"}]}]},{\"width\":\"*\",\"stack\":[{\"text\":\"$fromLabel:\",\"style\":\"fromLabel\"},{\"canvas\":[{\"type\":\"line\",\"x1\":0,\"y1\":4,\"x2\":250,\"y2\":4,\"lineWidth\":1,\"dash\":{\"length\":3},\"lineColor\":\"$primaryColor:#009d91\"}],\"margin\":[0,0,0,4]},{\"columns\":[\"$accountDetails\",\"$accountAddress\"],\"columnGap\":4},{\"canvas\":[{\"type\":\"line\",\"x1\":0,\"y1\":9,\"x2\":250,\"y2\":9,\"lineWidth\":1,\"dash\":{\"length\":3},\"lineColor\":\"$primaryColor:#009d91\"}]}]}]},{\"canvas\":[{\"type\":\"rect\",\"x\":0,\"y\":0,\"w\":515,\"h\":35,\"r\":6,\"lineWidth\":1,\"color\":\"$primaryColor:#009d91\"}],\"width\":10,\"margin\":[0,30,0,-30]},{\"style\":\"invoiceLineItemsTable\",\"table\":{\"headerRows\":1,\"widths\":\"$invoiceLineItemColumns\",\"body\":\"$invoiceLineItems\"},\"layout\":{\"hLineWidth\":\"$notFirst:.5\",\"vLineWidth\":\"$none\",\"hLineColor\":\"$primaryColor:#009d91\",\"paddingLeft\":\"$amount:8\",\"paddingRight\":\"$amount:8\",\"paddingTop\":\"$amount:8\",\"paddingBottom\":\"$amount:8\"}},{\"columns\":[\"$notesAndTerms\",{\"stack\":[{\"style\":\"subtotals\",\"table\":{\"widths\":[\"*\",\"35%\"],\"body\":\"$subtotalsWithoutBalance\"},\"layout\":{\"hLineWidth\":\"$none\",\"vLineWidth\":\"$none\",\"paddingLeft\":\"$amount:34\",\"paddingRight\":\"$amount:8\",\"paddingTop\":\"$amount:4\",\"paddingBottom\":\"$amount:4\"}},{\"canvas\":[{\"type\":\"rect\",\"x\":50,\"y\":20,\"w\":208,\"h\":30,\"r\":4,\"lineWidth\":1,\"color\":\"$primaryColor:#009d91\"}]},{\"style\":\"subtotalsBalance\",\"table\":{\"widths\":[\"*\",\"50%\"],\"body\":\"$subtotalsBalance\"},\"layout\":{\"hLineWidth\":\"$none\",\"vLineWidth\":\"$none\",\"paddingLeft\":\"$amount:34\",\"paddingRight\":\"$amount:8\",\"paddingTop\":\"$amount:4\",\"paddingBottom\":\"$amount:4\"}}]}]},\"$signature\",{\"stack\":[\"$invoiceDocuments\"],\"style\":\"invoiceDocuments\"}],\"footer\":[{\"canvas\":[{\"type\":\"line\",\"x1\":0,\"y1\":38,\"x2\":68,\"y2\":38,\"lineWidth\":6,\"lineColor\":\"#009d91\"}]},{\"canvas\":[{\"type\":\"line\",\"x1\":68,\"y1\":0,\"x2\":135,\"y2\":0,\"lineWidth\":6,\"lineColor\":\"#1d766f\"}]},{\"canvas\":[{\"type\":\"line\",\"x1\":135,\"y1\":0,\"x2\":201,\"y2\":0,\"lineWidth\":6,\"lineColor\":\"#ffb800\"}]},{\"canvas\":[{\"type\":\"line\",\"x1\":201,\"y1\":0,\"x2\":267,\"y2\":0,\"lineWidth\":6,\"lineColor\":\"#bf9730\"}]},{\"canvas\":[{\"type\":\"line\",\"x1\":267,\"y1\":0,\"x2\":333,\"y2\":0,\"lineWidth\":6,\"lineColor\":\"#ac2b50\"}]},{\"canvas\":[{\"type\":\"line\",\"x1\":333,\"y1\":0,\"x2\":399,\"y2\":0,\"lineWidth\":6,\"lineColor\":\"#e60042\"}]},{\"canvas\":[{\"type\":\"line\",\"x1\":399,\"y1\":0,\"x2\":465,\"y2\":0,\"lineWidth\":6,\"lineColor\":\"#ffb800\"}]},{\"canvas\":[{\"type\":\"line\",\"x1\":465,\"y1\":0,\"x2\":532,\"y2\":0,\"lineWidth\":6,\"lineColor\":\"#009d91\"}]},{\"canvas\":[{\"type\":\"line\",\"x1\":532,\"y1\":0,\"x2\":600,\"y2\":0,\"lineWidth\":6,\"lineColor\":\"#ac2b50\"}]},{\"text\":\"$invoiceFooter\",\"alignment\":\"left\",\"margin\":[40,-60,40,0]}],\"header\":[{\"canvas\":[{\"type\":\"line\",\"x1\":0,\"y1\":0,\"x2\":68,\"y2\":0,\"lineWidth\":9,\"lineColor\":\"#009d91\"}]},{\"canvas\":[{\"type\":\"line\",\"x1\":68,\"y1\":0,\"x2\":135,\"y2\":0,\"lineWidth\":9,\"lineColor\":\"#1d766f\"}]},{\"canvas\":[{\"type\":\"line\",\"x1\":135,\"y1\":0,\"x2\":201,\"y2\":0,\"lineWidth\":9,\"lineColor\":\"#ffb800\"}]},{\"canvas\":[{\"type\":\"line\",\"x1\":201,\"y1\":0,\"x2\":267,\"y2\":0,\"lineWidth\":9,\"lineColor\":\"#bf9730\"}]},{\"canvas\":[{\"type\":\"line\",\"x1\":267,\"y1\":0,\"x2\":333,\"y2\":0,\"lineWidth\":9,\"lineColor\":\"#ac2b50\"}]},{\"canvas\":[{\"type\":\"line\",\"x1\":333,\"y1\":0,\"x2\":399,\"y2\":0,\"lineWidth\":9,\"lineColor\":\"#e60042\"}]},{\"canvas\":[{\"type\":\"line\",\"x1\":399,\"y1\":0,\"x2\":465,\"y2\":0,\"lineWidth\":9,\"lineColor\":\"#ffb800\"}]},{\"canvas\":[{\"type\":\"line\",\"x1\":465,\"y1\":0,\"x2\":532,\"y2\":0,\"lineWidth\":9,\"lineColor\":\"#009d91\"}]},{\"canvas\":[{\"type\":\"line\",\"x1\":532,\"y1\":0,\"x2\":600,\"y2\":0,\"lineWidth\":9,\"lineColor\":\"#ac2b50\"}]}],\"defaultStyle\":{\"fontSize\":\"$fontSize\",\"margin\":[8,4,8,4]},\"styles\":{\"accountName\":{\"color\":\"$secondaryColor:#bb3328\"},\"accountDetails\":{\"margin\":[0,2,0,1]},\"accountAddress\":{\"margin\":[0,2,0,1]},\"clientDetails\":{\"margin\":[0,2,0,1]},\"clientName\":{\"color\":\"$secondaryColor:#bb3328\"},\"even\":{\"fillColor\":\"#E8E8E8\"},\"odd\":{\"fillColor\":\"#F7F7F7\"},\"productKey\":{\"color\":\"$secondaryColor:#bb3328\"},\"lineTotal\":{\"alignment\":\"right\"},\"tableHeader\":{\"bold\":true,\"fontSize\":\"$fontSizeLargest\",\"color\":\"#FFFFFF\"},\"secondTableHeader\":{\"color\":\"$primaryColor:#009d91\"},\"costTableHeader\":{\"alignment\":\"right\"},\"qtyTableHeader\":{\"alignment\":\"right\"},\"lineTotalTableHeader\":{\"alignment\":\"right\"},\"subtotalsBalanceDueLabel\":{\"fontSize\":\"$fontSizeLargest\",\"color\":\"#FFFFFF\",\"bold\":true},\"subtotalsBalanceDue\":{\"fontSize\":\"$fontSizeLargest\",\"bold\":true,\"color\":\"#FFFFFF\",\"alignment\":\"right\"},\"invoiceDetails\":{\"color\":\"#FFFFFF\"},\"invoiceLineItemsTable\":{\"margin\":[0,0,0,16]},\"invoiceDetailBalanceDueLabel\":{\"bold\":true},\"invoiceDetailBalanceDue\":{\"bold\":true},\"fromLabel\":{\"color\":\"$primaryColor:#009d91\"},\"toLabel\":{\"color\":\"$primaryColor:#009d91\"},\"cost\":{\"alignment\":\"right\"},\"quantity\":{\"alignment\":\"right\"},\"tax\":{\"alignment\":\"right\"},\"subtotals\":{\"alignment\":\"right\"},\"subtotalsBalance\":{\"alignment\":\"right\",\"margin\":[0,-25,0,0]},\"termsLabel\":{\"bold\":true,\"margin\":[0,0,0,4]},\"fullheader\":{\"fontSize\":\"$fontSizeLargest\",\"bold\":true},\"subheader\":{\"fontSize\":\"$fontSizeLarger\"},\"help\":{\"fontSize\":\"$fontSizeSmaller\",\"color\":\"#737373\"}},\"pageMargins\":[40,40,40,40],\"background\":[{\"image\":\"$accountBackground\",\"alignment\":\"center\"}]}'),(10,'Photo',NULL,'{\"content\":[{\"columns\":[{\"image\":\"$accountLogo\",\"fit\":[120,80]},{\"text\":\"\",\"width\":\"*\"},{\"width\":180,\"table\":{\"body\":\"$invoiceDetails\"},\"layout\":\"noBorders\"}]},{\"image\":\"data:image\\/jpeg;base64,\\/9j\\/4AAQSkZJRgABAQEAYABgAAD\\/2wBDAAMCAgMCAgMDAwMEAwMEBQgFBQQEBQoHBwYIDAoMDAsKCwsNDhIQDQ4RDgsLEBYQERMUFRUVDA8XGBYUGBIUFRT\\/2wBDAQMEBAUEBQkFBQkUDQsNFBQUFBQUFBQUFBQUFBQUFBQUFBQUFBQUFBQUFBQUFBQUFBQUFBQUFBQUFBQUFBQUFBT\\/wAARCAEZA4QDASIAAhEBAxEB\\/8QAHwAAAQUBAQEBAQEAAAAAAAAAAAECAwQFBgcICQoL\\/8QAtRAAAgEDAwIEAwUFBAQAAAF9AQIDAAQRBRIhMUEGE1FhByJxFDKBkaEII0KxwRVS0fAkM2JyggkKFhcYGRolJicoKSo0NTY3ODk6Q0RFRkdISUpTVFVWV1hZWmNkZWZnaGlqc3R1dnd4eXqDhIWGh4iJipKTlJWWl5iZmqKjpKWmp6ipqrKztLW2t7i5usLDxMXGx8jJytLT1NXW19jZ2uHi4+Tl5ufo6erx8vP09fb3+Pn6\\/8QAHwEAAwEBAQEBAQEBAQAAAAAAAAECAwQFBgcICQoL\\/8QAtREAAgECBAQDBAcFBAQAAQJ3AAECAxEEBSExBhJBUQdhcRMiMoEIFEKRobHBCSMzUvAVYnLRChYkNOEl8RcYGRomJygpKjU2Nzg5OkNERUZHSElKU1RVVldYWVpjZGVmZ2hpanN0dXZ3eHl6goOEhYaHiImKkpOUlZaXmJmaoqOkpaanqKmqsrO0tba3uLm6wsPExcbHyMnK0tPU1dbX2Nna4uPk5ebn6Onq8vP09fb3+Pn6\\/9oADAMBAAIRAxEAPwD0kT6iVJXXdaC++rXH\\/wAcpY59U+9\\/bmtED\\/qKXA\\/9nqmJuPlOR6Af\\/XpUuHRCD8o9CM1jqaWL5vb5+usa2p\\/7C1x\\/8XUbXOpQddd1pgf+opc\\/\\/F1Thulx1B57ipzIoH3sfVR\\/hRqFiy11qP8A0G9aXj\\/oKXP9Xpst9qLfd1nWSe+dVuP\\/AIuq6XJjzl\\/M+rHj86ljuTnlwn4E0ahYkW81HIxretEjqDqtwP8A2pUp1PUFH\\/Ib1oH\\/ALCc\\/wD8XVQyqMmWHavZhhc0PtYDapPsGo1CxpDUtSA+XWdZc\\/8AYUn\\/APiqaNX1A5U63q6\\/9xOY\\/wDs9Uwcj5WOfRTzUABDHOB7nFGoWNRdQ1Numtaxjrk6jP8A\\/F1MdX1BYwF1rV947\\/2hPj\\/0Os3KvGFUqzemMVD5whbknjjAxj86Wo7I1DrGqj5v7Z1b6nUZ\\/wD4upY9c1Qr\\/wAhrVS3p\\/aE3\\/xVZJuAU3BcH+8TikS6GQMhpPTg\\/rRqBr\\/27qvT+2dVH11GX\\/4ulGt6sWA\\/tnVSPX7fN\\/8AFVlmd8ZZdq+o\\/wD1UhmV12s42nrRqFkbX9t6mqZOs6kCP+ojPn\\/0KmnXtVCk\\/wBs6qR1\\/wCP+b\\/4qsXfGg2ocnsN1Kk7KuNu0dTxmlqFjaj8R6mykHVtV3Z6i\\/l4\\/wDH6cNd1VcA63qjHt\\/p8v8A8VWTHdfKQGwKcWZ\\/u7XHtRqFjXTXdWHXWdT9s30v\\/wAVTh4k1dQf+JvqLfS\\/kP8A7NWPG4UESZU9gP8A9VIZPKI4IB\\/uGjUDZHiPWsYOr6muPW8l\\/wDiqcvifWG\\/5jOoJ7fa5ef\\/AB41lfaUf+IH6U2AomcyIc+wP9aNQNf\\/AISTWe2taifpdSn+tTnxTrSAY1i+Pt9sf+rVhCYHo3\\/juKPtYTopJ\\/2WH+NO4G9\\/wlmrr11nUfwvW\\/xpB4z1cMQNX1FuehupB\\/I1giQMclT+JpWkTHdP8\\/hSA6H\\/AIS7WTh\\/7Zv+ewu34\\/Wm\\/wDCW61jP9s354\\/5+n\\/xrCVuATkjseaa8odDgk0Aa7+LdcJx\\/bWoDtn7W\\/r9aRvF2tgEf2zqAPOD9qf\\/ABrn2uC7k8dfpmlnkAj5f5T05\\/SncDpdP8X65HqVp\\/xOb6U+cnym6cg8jqM9K96\\/aD8R3mj\\/AAN8Q3tpPNaXf2TaksUhV1YkDhhyOtfN3hhs+IdOUqWU3CjH1PSvo79pD7LD8C\\/EMdwuRJbBIwf75I2\\/ripd7j6H5r+KPiv4yhuXEXivXI8KBhdRm9P96uHk+Lvjdpc\\/8Jn4gA9Bqs\\/\\/AMXR4uu\\/Nu50TAG7FcjtAfB6k4zXSYnaR\\/Ffxxt\\/5HLxDk\\/9RSf\\/AOLqKT4teOFOP+Ez8QEA\\/wDQVn\\/+KrmkxtI7gciopyVYZAz6UAd7afF3xoLQv\\/wmGvHA5J1Ocn\\/0Ks+6+LvjdiSvjLXwe\\/8AxNZ\\/\\/i65mzkJjkjP3faqsn3zjnnJJoA6j\\/hbvjk8Hxl4g6f9BWf\\/AOLqZPiz44BH\\/FZ+Ic55\\/wCJpP8A\\/FVx\\/Qe3rihW3Px07EDqKAOuf4t+OCWx4z8Q9f8AoKT5\\/wDQqWL4teOB18ZeIT\\/3FZ\\/\\/AIuuTGSrY6Z701pMD\\/CgDrn+Lfjlj8vjLxBg\\/wDUUn\\/+LqM\\/FnxyOP8AhM\\/EPoT\\/AGpPz\\/4\\/XKDO4n24BFPJAOcgY6UAdWfiz45C5PjPxD0\\/6Ck\\/\\/wAVUY+LPjkgY8Z+IiP+wrPn\\/wBDrl3dSeB9eajHB657kCgDrf8AhbfjkjA8Z+IQfX+1J\\/8A4uhvi545PI8Z+If\\/AAaT8f8Aj9cox44zgU0A4PJIzQB1p+LXjnd\\/yOniEDH\\/AEFJ+v8A33TV+Lfjk9PGfiHr\\/wBBWf8A+LrlACV5GO4xSHIzgZOeMjrQB1Y+Lfjof8zp4h\\/8Gs\\/\\/AMXQfi345Rs\\/8Jn4hPbH9qz+v+\\/XJ5U89D70jctwQD+lAHW\\/8Lb8dcZ8Z+Ic+2qT8f8Aj1TRfFvxuUP\\/ABWfiDP\\/AGFJ\\/wD4uuNOCeB26VYt8fN3oA67\\/hbPjgL\\/AMjl4hz0z\\/ak\\/wD8XSj4s+OWjLDxlr5AOONUn5\\/8erkJTzgfKB0p9ucQli2MngE0AdQnxX8cs2T408Qge2qTn\\/2elf4teOFGR4z8Qbv+wpP\\/APF1yUYLHAPHXk9KkkZQhVdpJoA6T\\/hbnjndz4y8QdP+grP\\/APF0J8WvHOB\\/xWniE\\/8AcUn\\/APi65XqT245+tNY7iDnAoA7Fvi545IGPGXiAf9xWf\\/4unRfFnxwAzHxnr+7\\/ALCk\\/wD8XXIrgoDuOAe1IXwRk4oA6g\\/FzxwW48aeIP8AwaT\\/APxdMHxb8dcg+M\\/EOPUapP8A\\/F1y7LkjHOfzppGAT0xQB1n\\/AAtvxycf8Vp4h6dP7Vn\\/APi6T\\/hbfjr\\/AKHTxBx\\/1FZ\\/\\/iq5Xdkc5U9fSkAHHTHvQB1y\\/Fzxzjnxn4gBA6\\/2rP8A\\/FUjfFvx1\\/0OniE\\/9xSf\\/wCLrk0Hbj8KR2DA9\\/egDqx8WPHWT\\/xWniL\\/AMGs\\/wD8VS\\/8Lb8ckf8AI5+Icf8AYVn\\/APi65LkDvinYIIOcjv7UAdbH8XfHB\\/5nPxACRk\\/8TSc\\/+z00\\/FzxxuGfGfiHA7f2rP8A\\/FVyyozPsGc+nep7PT59QvobWCJpZ5nCIiclj0xQB7Jb+OPGFz4UbU\\/+Eu12Nkh4QapPyemfv+4NeweAdCvPib4o16PW\\/irrfhwWNrZrDawahKXlZrdCWwXAwD19zXIeNPhxp3gL4F6bcT38n\\/CRzNsvdKljw1sAepHX0\\/OvOvFlhp3iDxFcarpvjHTLZJ0iCxytNG64jVSDhO201F77FWsVPG3jnxn4T8Y6no8HxC1nU4bOdoVu4NUn2SgHgjL19O+E\\/hjfa34M0JLzxz4ntte1XSX1BZX12ZWRgoI2xAkMvIydw9q+SR4CjkYsvifQpGzyTeEZP4qP1rttK8UfEHR9MttO034gWCWVtG0UMKatF8iEYKgt29ulJ3toCaW56D4ff7J8FbHxv4n8eeNla41OSw8vTtSc9AcH5nHTBPWuh8NfD7Ur6+8H6bf\\/ABI8ZfbfE9pJf20tvfyeVDEBuUPl+WIPOOBXgs2l+LZ\\/C0Hht9a0y40S3uTdxWi6pblVkIILD5s9zX1Z8OPG3hnwL4V09TrI1OSwtRFbWhuYJbiJmUeYu44CqDnhX6AVMm0tGUrM8z8MeDvEF\\/a+F4dT+JniuHUPE93Pb6ebW9leOJY2K7pMyc5OOBWX4b+HPxR1S78WSap491\\/StF8OvPHNqQvbmRZ2jZgREocZPy\\/rWb4PvviloXkabpwtJbGG6eW0u7kQzNZl8hnjOSUyDkgZrsfjB4f8QWHwz0fwT4WsdR1uWadtR1vVIYnH2i4YfdBOCwySfwFF2na4tDzjxDB4+0fwT4V8RWnj\\/wAQaiPENxPb29ol9cCQeW+wH7\\/O7jj3rofFngv4heDtPcaj8VNQt9YjsU1GTTp9SuYzsbqiSM215BkEqKwnn+JK+A9N8L3PgWS4ttL8w2F41lMLm2Z2LMyurAA5xjjsKl8U+PviF4k0iS31XwX5+oS2iWEmpT2E0kpjUAZVWJVHOBllAJxVXYaGp4r8IfFbwh4ZbxLH8Tp9R8O\\/ZvPXU7PW53jaTgCAc\\/6wk4x9fSvMdJ+NPxMv7yG1tPGfiKa5lYJHEl\\/MxZicAAZ5JPFdrB8Z\\/Fen6Dc+Gr3wZDN4OmtVtn0Y20kaqR\\/y1V+SJM8lufpXkdhcaj4d16HVNOgnsZ7WcXFvvUs0ZVty\\/MQM4x1xTV+pLt0PcpvFXx0+HXi7w1Z+K9a8SafBqVwiJFfXL7Jl3AMOT6EZHUZFefeP\\/il42s\\/EF7bweLtehtEuJ1gRdTmGEWZ1UZ3c8D9K6ef40+JPjJ4+8F2uvbVjtNSjdVQN8zsy5Y5Pt2ry74hKTrrS7i4leZwCen+kS9Py7U0N+RMfi345PTxn4hA\\/7Ck5\\/wDZ6T\\/hbPjvkf8ACZ+If\\/BpP\\/8AF1yu35gPbr0oC7s55BqiTqx8WvHAbB8Z+If\\/AAaz\\/wDxVL\\/wtrxzyf8AhM\\/EOPQapP8A\\/F1yjAIOvPpUa5LYxt47CgDrn+LfjkjI8Z+IRz\\/0FJ\\/\\/AIqj\\/hbfjkj\\/AJHLxBnrj+1Z\\/wD4uuUjG0+o96kRBu5A5oA6j\\/ha\\/joYz408QE\\/9hSf\\/AOLpU+LXjoLj\\/hM\\/EOR2\\/tSfn\\/x6uVnID8Dvio1k\\/izkfSgDrn+LPjrcSvjLxDt4\\/wCYpP8A\\/F0w\\/Fvx1\\/0OfiEn\\/sKz\\/wDxdc0kvG0qMetRuPn469R2NAHUr8WfHP8A0OniEH\\/sKz\\/\\/ABdPX4ueOA4P\\/CZ+IOf+opP\\/APF1ybgdsH1NNiBJGT06ZoA7F\\/ir44wGXxl4hPv\\/AGrP\\/wDF0yT4t+OBhf8AhM\\/EC+\\/9qz\\/\\/ABdc2TgKAQv0qvdMxc8g49KAOqT4teOiePGXiDPr\\/ak\\/\\/wAXTf8AhbfjoHnxn4h+n9qT\\/wDxdcxEGI4+maRT8w4yAfXFAHXSfFvxygX\\/AIrLxCAQef7Un\\/8Aiqif4t+OOCfGniH3\\/wCJpP8A\\/Ff5zXNStuUEkn0AqCT5jkjB9KAOpPxd8dYwfGniH8NVn\\/8Ai6QfF3xyAD\\/wmniE8\\/8AQVn\\/APiq5PqRn+dKv3s9qAOs\\/wCFueOjyvjTxCOOB\\/as\\/wD8XSD4ueOTjPjPxFgeuqz\\/APxVcpx0wc0cY5INAHWj4u+OV\\/5nTxDgk\\/8AMVn\\/APi6P+FueOSf+R08Q4x\\/0FZ\\/\\/i65IrkcGlPC8gD07GgDqm+LvjpTj\\/hM\\/EJ\\/7is\\/\\/wAXRXK5UZ3Lk+9FAH22dzj7mffP\\/wBapYEKxnG4Y9+P5U1CAQPnxnsSRT2jDZKuVx2DYFZGoI28Zyn\\/AALGakc5HUj6DH8qqr5g\\/iz75zTstxuYP\\/vc4oAkgmZt29wcdN3NSEsBgv8AmwqBUOT1P1B\\/wpvmOB87F\\/QelAFmWRSq7MK3c1MjBVBZicj1AqtE5J+62KimkdP4QQT0Y0AaQ+f+79aa7YHrz3qiXMigOFAHT\\/IFSLLIv+7260AWGk3rtGQfYU0u4GCcL7kVHl+pOM\\/3s4pPM7BVz\\/fAOP5UAPMrpzuDKOwPNKtyWwC2F\\/u96rnyw5Zid3pt4pyy7XG1QB6gEGgCwZwjZUN+INAuBM20kDPY5zVaTcZN5II6fNk\\/pSoCxB+Xb6KMGkBa\\/wBX0xgejc\\/lSiZGPKknpzVUsqTD5W+pOTUruGOcZx03LRYCfzI1+QgBj0\\/yTUgYRAgsqnthg38qqKGdTkLn6UgYx8E4J6Bs0WAtK+8HMu3HtSI2z\\/VnGeuTiq5fb98Y9Nn9aXz8\\/ecKe3NFhNliSUqfmcH6im+cX+58nqACM\\/nVYjd987iO4JGKkBiH3irH\\/ZH\\/ANaiwx73ix44x9R\\/9amC5kUk9j0yMfzqIuT985HbjNRSXRAHU\\/T5aLAaBnYKCxU\\/pUQu9rcufpmq6z+YAC2O\\/HWomuI9xXauR36GgC\\/9oO3cQwB+vNK04YYwCPXPas03IOQJFwP4Rjio1uc5yQvP5e1FhXNZbr5l54zzzTRMBxwTWclySB0z\\/P3qUtkk8DsPrRYZ6T8DdPg1bx\\/YCUKRExkGR3AJH611H7enjE+F\\/hRptpGdrX16A3OCVVGOPzxWT+zhZC48aCXONkbZPrxjFcp\\/wU23ReFfBmDhDdTA+n3BUfaB7H5\\/T3L3Vw8jMTk5OTnrURiB6dj6U215Ygj8KsFsMMHmukyGpCWTLYUD1qvMSzf496mnuCAVHpwMcVTyScdqALEBwpI55596lcAxhiPzpLWLzEYE9TyKLsiMhFbgdRQBAeCcgZPOaarAPjocUEjJzwe1Mxg9MAdKAJy6hc45xTHbdzjBHfNHfPUYzkUmARQAuMlcjnPGacxxxweOtGCF5OSO9R7gR7ZoAGIJHGD3oUgn\\/Z44H+fpTm4OQcD86Z0Hp9KAFU59fqKX0JAOKavB\\/wAKCcg55zQAO2M9TntSglsj3pvXtn1ozznGKAAZOTzj1pBwDzu460vO0EDtk0oU9uOfzoAaQec8VZhASJifx4qsefqKsx\\/Kh5zngUAEmVOeuelA4jGMnrxURbccZJ\\/z61aVMxrzkA0AIzbUJxzj8qrE\\/PnJ49RxUsz5AHIXHWmiPoT39BQApGw881GTu6E4qe44Xr254qsCS3PA\\/nQBLswgP3hTMhScd\\/xqdiMKecEVGFyRt659PrQAiL16g4710\\/gf4eav8R9TNjo8AeRV3SSudscY9WY8AVzRIX5VyDjBr2DR\\/FkXw08FaTaRjf8A2rMLnUERtrvECMICOmcNSY0UPHH7O3ibwNo8OqSta6jasdrPYyF9h9+K8ve2kjJDIy9sEe9fd1h+1z8MrbwjBbRfD4nTI1WJ\\/N5XdjucHJ964G+8S\\/AvxVqVrOthdaf50wMsEM+UQE\\/7QB\\/I1mpPqiml0Z8qWWm3d9cpBbQSXEzHAjjXcT+VdBq\\/wy8UaFJHHf6JeWryxiZBJERvQ9xX3d8NtJ+CkfjGCDRZZtN1C2USR37Ou4naCcqwII69PSvcfG\\/wOsfHVkuq2eqy3WqRxnyJwU2yL12kgcex7Zo59dh8vmfkF\\/Y90JZIzA4Mf3l2nK\\/WrWn+G73VZ\\/ItbeSWb+6q5Nfeup2N18Ilng03w7aaXqFxKZb+41mKO4EyDqUyMY6HINfO3iXxhP478bDUp9NS10Z5yJrLSUFp5qDgMxUHk9faqUmyWrHk7aHp\\/hmWWLWJ\\/OukH\\/HnZkNg\\/wC1J0HvjNdh8B9F0vV\\/GSXN9rK+H\\/scguLZjCJSzAkhcnAH1Net6x+zx8OPGmitfeF\\/EN\\/o2tCIvJp2r4kRiBk4kCj26181tDJpG+MyL5schhOw5HHfPcdaaakLY9k+MHxR0XxFqmrypd3OoXl4cTXbxgbwDjgZAA\\/CvGVTRXBLPMD\\/ANcx\\/jWbJM8vyn5s+gqJYJCAdhz24ppWVg3Nd7XQsDFzMoP\\/AEzz\\/WnHTtHZsf2gwzxkxniskWrgDCN+VAtpHH3SPTApiNZdL0vzCv8AaYx\\/eEbU\\/wDsbTV4GrRg9fuMMn8qp2Oh3mpTpFDbyySMRhUXOa90+Hf7G3jLxeYZr+IaLaSjdvuR+8I9k6\\/nipcktxpN7HjiaDZkjbrUPT+62P5UsugxwSjydahJznKswxX2PafsHeHNKhRtS1nUbiXIAEISMH8CCaS\\/\\/Yq8GNEPLv8AVLVscvJNHjP\\/AAJBWftYl8kj5AjsL1WIi8RopHTFyy\\/1q1AviNBui8TuvP8ADqLD\\/wBmr2nx7+xZq+kxLN4f1AaojZIhnHlOfQK33Tn8K+efEfhbVfC2ovZ6nZz2VwpIMcqEfiD3HvVpqWxLTR1BvPGcDDy\\/FN0c9NupsR\\/6FUy6v4+Vd6+JLyT6X5b+teds7tnLk+lAkZf4iD6DjNVYk9ETxF8QkZJE1e9aQHKuJQWB9j1pdU+G2u+IbfTZ9P0+7v2jtlSbyk3nzN7u2e\\/8Qrzr7TKp4kZenAatjRfFOpaLcRTWt5PEwOQVkIwcj0+lFuwEHiDw5eeH7g2+oWclhOqg+VOpQkH2NZC\\/I3TPHPevqr9p7W7X4l2XgS1mhU+IW8OQ3MdwmA0smSXjb1yoyPcY718qFTFlSCCDgqRzmkndXG1ZiO3y4C8HikVdo4JAx9KHJb2FPQlT2xjpiqEHIz6\\/SpYiRnI5qPzMr79OKWNjjB7Z6mgBkzAuTjg8c0q44J6E+lI6ZIYgk9eeaAcEKOOcn6UAOGAcZ+XpwaYww2TyPU04Ody4wOajcnK45oAl4fBGM05htXI69qi6kc9KlDl1YAE45oAUPlA2QSO9Qu3PI\\/KnRjoT1NOuArONuMfWgCOFm4x1p8q54A6\\/rUPKHJPHQEGpjl413AFSetADS3yAdulRuM5znr2p5wM9gfXmmdAQOCTgYHFADM88YGOc0uMHkhiOSelISc4wKU478H0xQAdMAdR7UcbuvFKOBgc59KUc9B0oAMZABAPamk9dtKWOecfWgn0GT1oAFOB1\\/KilPXg0UAfcn2MqcBR9QabJD5bAFyp7DOa62TR8Ngj9f\\/rU3+yEA5Rfq3NYXNTk3tJnGQCQBzzUcMT\\/ADbAR69v6V1v9lkfdVSO+FoOk89C305xRcDlngc427k+hzmjyHTqG\\/76rqptKiG3aFTPoKhfSsAYyP8AdWi4rHMPbStxGOffIqbyH2gfMx7gEHH510aaU0hwB09M019J6blP6Ci4zBjj8okhGyetJIrkZbp25NdDHphPBG76DNK2njOAMH0\\/yaLhY5tY3Q5J+X64\\/XFOWMh93Dg\\/w5FdCNNTdyoz7innTDj5Yx7HFFwMEKWXlSAf4dxxUbQMX9I\\/7o5\\/Wt4Wwjk2kDI9amWxjcbmA9yRxRcDnDbHblVKj+9\\/9akFuSOFJfs3T+tdCbFFn4K7Mfwnj8qc+nggsqk+4xSuBzgtCp3OhLDtn\\/65oa2LvlYiB0rfFi2RlMj1PWpBp6spyM\\/rTuBzzWzp\\/wAs8D6A01bZpOQgGP71dLFpaMhOChz0HFL\\/AGWMEnIPpwc0XA5l4HJGUA+gNJ9lVPu7UPtnmujFgCPmBX8c1GumqP4jID6Y4ouBzxtXbG5yf94EUvlPGOAy59Oa6NNKQZwhb3Apw04t1yfSi4WOSNsFPR1z7VH5BP3uR9K6waNtJ5FMj0vax2BGPei4HNmEoo2oM\\/7AOagZJQxOQeencV1SaaFdtq5PfcOKa+knO7YCSem00XCxzDx5UHysMOS1RSRMcDGD06V1i6M5OWVQp6Y7VXbRjheGGB0p3CxyyhlySPmJ6elTB9\\/94Y9q220fC\\/OvH1pY9Ey\\/3SPTPcUXEdn8ANSnsviHYpF80coZHAI6YzVn\\/gpFp6Xfwp8Pzuv7+PVFVGz0BifP8h+Vb3wK0JI\\/HFrOQp2xsQPf2rnP+Ck+oJF4I8HaeCMz6m8hX1CREf8As4qFrK43sfnH5TWrk54NSIcgsQMe5q1qMaJcFeMA8iqN1KMbVAx3IHIrpMivM+45GeBnOKYvBGeR6inqd2M\\/dPt+dPKhV7jJoAlsZdhZT355qO4+aX8KbCDvOO1OZgT83A5\\/CgCEZLd+vA9qV+Ae\\/wBaVjgDv2zSPgAn37UAJ91cEcdMU+IgAYJx71GPmyTyfSlPAxgCgBztzz0xwabgHHc+lByTnrn09acxxxjJ9hQAHjAOf51Gw3ZPY8c96cCeh60hAzzn0FAAOT0+bvSHgZPPtTycggmmjIYg4PrQAmdo4BFIecg+vel7gZ4pqkb\\/AJufxoAcFJ4zgYz0oY7gT1U5pq9+Mf0pwIHJGcetABkkjPGBVhV\\/EjpVZR82R261YjzkDt3oAcYtke48M3Sn2xMybB0J6Ypk7gtjoPWkiPlozZJI7YoASVMyHjg1Iqsyg456CmOfM29QCccVL\\/qFGep60AVnLMSDz1\\/Smfdx39sVK5AHDZHtTFwBk9e3FAEo5UYwD3qSIEZJwTkVEZRgjIxShio5PXpmgAb\\/AFgGM89q9D+K9qirouyPymFqibTxggen415\\/YWz3l\\/BEiF2dgB6nmvadVtUvvE1xqmpxK9ppEQQI33WcL8q9x2\\/SgDgPEjNofg3TNJZNsszfa5SDn733Rj6fzrjAxViwByOhzWl4j1ibXNWubuRi29jt7cfSsxgMkZNAHReGtav5tStAlyEkh4h3nb+Ga+vvgl8dvElloqfZdTeGWFissDgMjYPcYxXxFGMrnPNbmh+LNV8OzB7C+kgA5Kg5U49R3qWrjTsfo34o\\/aCt9Z0fyPFfh7TdWtEIYRzISN3r\\/OuY074ieBtWieTSPAGgxyEdie3qBXyr4M+JPiHx54n03SLqa0SKVtru0eBt68847U2L4j3vhnxDqUdilvCIpmSMrHnGDjPJxWfIXzHb\\/tJfGeS6t7PRNFS10eBlLXdtYWwj3H+H95jJHXgHFfO1hIJo2VhnBLHnnp\\/9avV9B1ez13wl48utX0yLVNUeFTBfzKpa3JlTlR26np615RbKRJMwwBtJrSOmhDd9SOBlMyYHGO3pV44IIB57VQgx56YyDt6DtV\\/B7Z\\/CqEKE3kDbknk10Hhvw\\/Nrt\\/BaW0DXEsrhFRFyST0wB1rEi+ZwOeK+yf2NPhhHHHP4pvoSTnyrMyICM4+dunUcAYPXNRKXKrjSu7HqPwR\\/Z60r4Z2EeoarbQ3uvEbhIp3CH\\/ZQHq3vXdeN\\/i5ofw+0432qXUdtGoIMRYF3H8OOMk+3bvXIfGf4p2fw60K41q4YtLGhitbUNhWcg4\\/HIPPBHzelfnf4++IOsfEHXJ7+\\/unnmkc4jDHbGD\\/Co7AZrmjBzd2bykoaI+pPHn7dyTytDo+lOYF5WSWXYT+Azn8a5TTP24dXt7pDdaak0WeQly0ZIz\\/s4\\/WvDPC\\/wa8YeM7c3GlaHd3sI48xY\\/k9\\/mPFQ+Kfg94t8IxedqmhXltCp5lMZKD8RxW6jDYycpbn298Nv2nPCXxCuf7PYtpF\\/ORiC5ChWb\\/eGFYnjhh+NdX8QvhXoXxE0prbUrNZWCEQyqfnibnleffO05B6gkV+ZVtcSWkoaMkFT696+yf2Ufj1LrLJ4R8Q3QkkCYsLiUnc+P8AliWPfup7EfnnKny+9EuMr6M+evib8NL74fa9LYXkYdcZiuE5SRfUHH5jtXFi1RtxKgem7jFfoX+0F8N4vG\\/gW+EcGb+BDPaOqDBcDO0E8qHUdB3HPQY\\/Pm5BimkjZdrA4IPY+lawlzozkrMqi3TB+QDB+lVpl2Soq4UYHvnnrVzgg8gdfWqE5zcgZB6VoSeqfG6\\/uINY8HKkpjkg0K0CuvVTgkEfQn9K4DxjYl7i11UbVOoIZJEXAKyqxV+nqRu\\/4FXoHxKtoH8b6RJcspgg06037idoHlj+ua+jfgHZ\\/BX4rfDu38H+IrW1tvE0ks7x3oUJKQznaVkxxgH7p44qL8qHa58LLjH6U5IwPTHTNejfHr4PX3wS+IV94duX8+EATWl12mhY\\/K314IPuK85xx7Hoaq9xETsqsQFHPTmkRiox+lNDbpO+Peng\\/N7ZxxTAeGynHb8qkjiWXOfrioG4HAz7mpoWAYAnBoAjnUI30\\/SoepAHJPepJypc9jTI8Ejn3oAM7Tg5P1qSKUDoCR796a6ds4BpI1yw7885FAEyxfODk8+tRvgyYUY+lWWXKbhxjqKp53OTg8+lAD5VBAGQD7UoyAAemfpmkcAlc8H1FOY4XGckUAMyNvTtjimB8A8d\\/WlYDA6\\/j3ppJA5GfwoATGcYwO9Gfm4HHbJo+7jnHsKCevp\\/KgBS2M5A6cYNG44yOPWkJOMd+tA9OaAAnt1OfSkY4GdxJ5FKMk49PUUuDg460AAfA5BooyO6hvfGaKAP1AksxtJJfGOmCaqrYKx4RvqT\\/wDWrrPsYB5O0+gBFNktV3j7xPYjGK4bnVY5SXTiSNrFB6AZzSppaAHPBP8AcGK6z7GT\\/AW+i002YTrETnuoxRcVjl20raBujK\\/VhzUi6Sx+7uH14\\/pXSvY7MY3HPoc\\/ypfspb+EH60XHY5T+xmBJTAbuc4pr6Gz\\/fYe3Oa6o2UYz5jYHbApRp4XlSSD0zRzCscf\\/YzDpGG+tKujeWS21CT2C12n2RIxkuV+nFBslYA9vU0+YLHGDS8HO1RTTphZiuVA9xgV1zWK7j8uR79P0pfsWPuxqvuAaOYLHHtpLDOTlfbOKP7N2oQBkex5rr1swW+YfUYofTkdiAuM980cwWORj01QM7HLe5pTaqW2FWX3B6fpXVf2WoO3AI\\/EUh0tS2wKQPXGaLhY5gWSqwVcn3LUj2A342BiR1INdQdLEJ4yWH+zx\\/Kmm1dpAGAXP0FHMFjmf7NIH3WVe+1TilGl7uUIIHXd1\\/pXUnTdpGN\\/4Hikex3NnaOP7opXCxy0mnqCNylj2Ix\\/hQunJz8pH511P2Mt7Un2Be0RH+8MU+YLHLiw8rgLnP8AdWiTTiOkefoa6g6aScjI+vNLNYsxGUQ\\/Q0rhY5MaZ6qE+oxSrpUjn5cD6viusuLAkLsH5Uw6dgAsD\\/KnzBY5X+zZ4+3meyij+ynYZEYDd811a6eAeRx6daP7NGSVDH6CjmCxyn9nM2EZQoHc0j6duBJXGB1JrrhpJI6HJ7EVE2k4IGOBz9afMFjipNP+XCx4FA03BUhOQOufrXZS6aDkbcKPbio\\/7KIOQn0J6mjmCx0PwSsvK8RMzH5whK5PavFv+CmLSR\\/8IExz5Hm3AyPXCV718OY2t9diwoGeCe4HNeT\\/APBSKygufh14VlfIuU1U+WB\\/dMT7v5LVQepMlZH53akwknZuo9h2rLlb94cDAFamoKEHc8dDWd5QlYY6n1rp2MBsRyd3Hp+NSScLuOTxT0tHywI4FDqdpBz16GmBXixux+tSeSzZOPl9+KbCP3ygirVy2IwB24\\/xoApSHB4+nrTCTxnn6dh70Dk5JxilzkdQcjpQAnBB9+1KCRn68c0mdx7mkwDjGfegBckcfzqQuQRyPY1GQAAQTn0FKOvuT1oAGBDE+tISfpTjnnA7Z5ppOTjjn0oAFUdWA6cUEkEjGM+opSD6Zz7dKTByQc4z270AB9\\/wpNuRnAz9KP4T0FABBGeOOnpQAm8dj2pQMDPb60dCMDnPQUDOBk8fyoAcvJ46+v8An6VMnLk9hzgdqjhz6DjualtlUAnkc9c\\/59KAGynGcAjPSlTCwjPQnvTJMNjByM9qmjUNCQfXPtQAsYBQHPH61FLKHbK5YU\\/cVjxgHng4qJRngYJ6YFACxkbQDgn2phY7jz+tOVcqc4xnFRtwdvb0oAk+Vfm+tKeRjOMGlUDy8cgg8ZphHTj8cUAdF8PLcz+KLV8lVgJmPfAUFv6V2PjzXHtPCVvZ5dLm\\/me4lLdWU9M\\/rXO+CIWtLPUb0xsQiCI7e248\\/oKoeNtYbXNUDbiY4kWNPTgUAZOoKtutukeOYwzH1Y\\/5\\/Sqe3cRnrUk1yZooldAxj4B7496iToD2HtigCUJ26ewNKgx0\\/wD1UB\\/vEAjk0xiAc\\/pQBoaRez6dercW7lJEBAYds8f1ok1GWW6kldss7Fi3rnvUdrbXE9ndzxRlooUDSOP4VLAfzIqrvBBB5Y\\/pQB6Foni60t\\/h94i04QKtzPEoEv8AEx81D\\/IGuNhYRGUnvH1HvVCGcpDMnB3AD9RVm5LREKVI+Toe9ICOFgs4boMVeEhx0zxmqEOTOvPUA5xzVsENkk9PU0wNHTwJJkyO4GOa\\/SjwJp3\\/AAj3wh0S0skEdy1nCPm3NlnAZs45xyfzr8z9Nm26hExAAyM1+qHw2mj1D4fadJhZF+xRMCwBx8lc9bZGtPqfEH7W\\/jq41\\/xydHWTdZ2CL+73ZBkI6\\/lt\\/Wqf7K3wXg+Kvjgf2ipOlWQE90BwWXso+pFcD8U5JL3x7rMjsSxuCCc556V9W\\/sCyRJpviSMAGcmE89Svz1cvdhoStZan1jaaLpejabFZafbRWlnCoVIUXAA9hXJaxoC6oJYJo45rdsh1cZBXnrXVXJ3E549+xrA1KdzbOFBGTjOe1cSZ1WR8FftR\\/BK18BX8et6TEsWmXR2vboDiJwO3sa8T8M6vcaHq1te2rtFNBIsqOpwQwOc\\/pX3Z+0zoyah8JtUllkAMQV13gdRXwfbWjQyZweBXdDWOpyyVmfp3pniAeIvBtrqscgCzWyXAUdMsnmDH4rIPbcfSvzx+MGmDR\\/iR4ghEflA3LSBAQdu\\/wCYAf8AfX6V9jfs46pcaj8MLC1ljLRw2+xXJz2uD+fP6V8m\\/tF3Yl+LuujG0oUQ5GOQoHas4aSaKlqkzzgHkj\\/Jqm2PtQJxncMgcd6kL4YHPHeq6tvuF6\\/eFdBkd38a74t4yaGMeWgtrf5QcgHyl9a47RdWuNK1O2u4ZSkkLhgVOO+cV0vxfmE\\/jq86jbHCmT14jWuZ0bT\\/ALfqNtbL96WQL+ZpdBn0Z+2L4ibxTpfw41OSNSZNNkQTA5ZwChCk+27\\/AMeNfNG4Ku7nHavZfjjdb\\/h98P4CAZIYJVVs9RhAf5CvFeoGSQOORSirIHuB5OcfTvTgeMcdacpXAyQCfWpBHGR83BxiqEQkllPb8KdEyj5iTmo3+90zTQCpGS2D+FAD5ARk9ulM4GDjPXjFT7tykYHTFRFmXjHTrxQA8fPnPapNg2ccFj3qEY6Z56YHSnr8yHJ4HPFAErECM7W\\/A1Vbjg5571NGh689CeT1qNlDM35ZFADx93Jxz2HWo1U5\\/vHpUikoMZ601lGDzgjgmgBjYK+m3rnmkyNvAzj1oY7cUmM8cHPrQAu3jByO1KAN2OPfPemEAkng0vQnoMc9KAAls8nPFHH0BNGcdCOnOKNu4Afn9aADjGR+vrSkjJ7ZpAuCR2zTsYOOmeaAGnGfu5opdq9yDRQB+vj2QZtxTH4809LUbCAq8\\/3jzW0lgCMjgehqVLPKkgMAOw6V5h22Oa+xlTgryac1gGPzIDj2roVstxycD6Ch7UcfcOf7v\\/1xQFjnBZq33F2+uTmhrDI5DfjXRLYqv3g3PqaDZhj8mfzphY53+z8fwk\\/Wl+yE8DPHbFbz2YAGCzH0TH9TSNaDA+Q575WkFjFXT2TkqSD0701dMy5+TH15\\/St4225QHUAds5\\/pSC0TPAP4UwMRtOBGBkGmpprI+5ThvUDn+dbXlEuVBC49qPszg8HcfzpBYxnsmIO4\\/N6sKQWpC7e3qpNbi22\\/5Tx64z\\/hSnTlHRst6YP+FAWMH7ASM7T9Tn+tOXTn25zx\\/d6GtxbQK2G4\\/MfoakEJUDaAV9zTAwPsH+zj680osMDorH1HFb32fc2\\/A\\/AUpgBGTjPp\\/kUAYSWTFcAED2JxSrYsoOFU+5Fbf2LzGDbM47jj9Kc8QTjAOR1IxSAwTaMcEqP+Ar\\/9ehrLzMYLPjru7VuRW4AOwfrmkFuc4ZTzQFjD\\/s8L0Gc\\/SnjTdmdij34xW2bHB4+X8RUhsfL6MWz68UAc8tishOE3EetPhtkjY5XcPQtjFbEln5fJAOfTNOWyJzuyw7AHpQBgpZK0jHaG6nC54pDZIGPBHsa3jpoXklgD\\/d60hsA4wuSfpz+tAGILNuMISvrjik+wAHBUZPQitv7EVBHUjtTfsuc9vw60wMF9PBJHXPWk+w7SOM10C2hK8DP1pGsse\\/4GgBnhO0EOtROi\\/lXhv\\/BQ6bz9D8HW\\/JP2mdxg8DEYFfQegWxj1GInjPb0rwT\\/AIKE6YYfB\\/hXVMk+XftbEf78bHP\\/AI5j8a1p7mU9j86NZZhcsueecin6LZmU7sZAGeOag1WNmuX4LHPOK2vDcWLdiwxgE8iu05yrqbpECADkce9YryFzjktnvV\\/Wd0k5ABK881TgtmlKgdDgH2oAIICULuCADjk+9JNLnICnFaN0qQwKgIPviqbQeZjBwM54oArEErgDgDnmkyQOQFHqakLAfLt4HeomJPB5oACOMEc+tA25xyCKB7np2xSjHXIzQAw8DnPPFKGIwcEnvinFc9DzSdwB0HqKAEDHaM\\/lQBkk9T1NBxjnk+g7Ui8AEflQAoyehIGOlK3IwBjHWms3Unn8KX7vI556CgBAOeeSOvFKCSMDjJznNJ9QfpQuTjGPQUADtjAHP49KQkhSMdKXAI565oUZI46DigB8Y4Y9B6ipYvuMQSOaiTIA4PIp8TDB9zzmgCSCNdzZzxRCS0jDk5pCML1685otm2Ox\\/Qj+VADpUKRgnrzUKL8o7Zp8jmQ\\/iaAuAT+FACMpQ4H\\/AALHeo1U98etOLZPbPrSZZR2oAfjzDinxruOevI5FRq20YOeantY2nmjjQEuzBRigDs9v9m+BhuAV7tvMLnnIHC4FcK24rwT6nvXa+NZhZ21rYB1zCio21uMgVxjctkjp6UAM5yTjoAeKVFywHXnFTQ2slyyxxRmR3bAUAk\\/lXr3gj9lP4k+NbZbqy8OXNvbsOJbseUD7jdzSbS3GlfY8icBMjr6c9KgKl2AHBPHvX0RffsO\\/E62tyfsNq5\\/urcAmvPvE37Pfj3wcjyX+gXBjXkvBiQfpS5k+oWZw9jqcmn6ZqFoqZF5Gsbc9MMrf+y1lgnB7fhVq4hlgZo5o2jdTgq4wR+dViuOf596oQighhjuRWjqLg3TqvZVHH0qvaoC6jA65z3qzqJIvJMjB4I46cCgCGElZjg5OMc8VZU4PrjqKhXHmHJ69ambIQnHbGKAHQt5UofkAc4HWv0M+AHiaLxd8GrFDO\\/nWkQhmwSpwmQRx1+Qsfwr87w2ZMkfSvdP2XPi+Ph94pOn38mdN1IojFj8sb9mwT781lNcyLg7MwPj\\/wCFbjw38Q7szR7Euvn3ZyN44b9RkexFbP7PHxim+Efi1Lx0aXT58Q3USgcoT1HuDyK+lPjp8IoPiT4d36c2buMB7WXAYNj+HIGSQOMd1CkZxXw5qejXvhrUJbK\\/he2uImxiQEdPT1HvTi1NWYO8XofqjoXjLTPGOmRX+jXsV7Yy\\/ddeo9QR1BFaVrpsd8kjyghB27Cvy38OeNtW8PP5mn6ncWTH+K3mKfng109z8aPFup2j2t34g1CWFxtaM3LhT+AOKxdHszT2h7n+1n8QdLvoI\\/DOh3ou0WTdeSRn92COiZ7nnnHTpXynNZSTzxW8ILz3DhVVe\\/Iq7e6qJN29i8mOFU8mvZ\\/2evg3d6rqsfiPWonRUx9lgI+YnqCB2b0z9TwBnbSETP4mfQvw40RPAfw8gjk+SK2tvMlZjjnbj9f3p\\/L1r89fiB4hPijxtrmqFt32q7kkBxtyCxxx24xX1\\/8AtY\\/FeHwb4TfwrYTh9S1CMrKIiAIk4B9wMDaPYe9fDmSQDnk85zU019pjm+hKhO0jk56ZpsRAmQkHO4fhTsnAHPTkVJp9lNeXsMcUbO7SABVGT1rYzPQvix4Vkmmn8Q2m+4sxcC1upQOIn2KyA9+RkZ\\/2a5Lwmjwaj9sVf+PWNpRnpnHH86978M\\/DLx7N4h1VbPwve6jpF0dk1ndQMtvdIR0ycDKnBB6iqF3+zN8RNOub5LTwVf29jO24Rr++KDOQNw6\\/lUKS7jszzb4sasb7T\\/C9pni2tXOOvVsf+y155jnnn8K9c+KXwq8Yxa7ufwxq0dpbW8cKyPZSBSQvzHOMdSa85k8ManDIUksriMjgq0bVSaAyGAOfUdeKfk7R\\/LNaZ8M6nKpKWVwcekTcfpVSW0lhZlkjZG\\/2lwRTEUFPzcdfWn8lRzux7YpWRkIG04pD83H64xQA9Tngj8ajkyXYj0p6YYc8MOlNbgkAZb0x1oAQHDZ6fpz0qaIgkqx4P\\/16hK7fQmnQjDgnkZ70ASqdm\\/bkKOntTIcMTnr1xUszKVJHB9KigfZkD6c0AMUHBOeKDyDkZI70oAXODupmPmH+NACZA\\/wFABJ9B70ZAJOOvWkZjyBgY5zQAAcdsZoPytjjP6UuFYjsetJjGB6UAIvJyOKXOR79KUHaOOaOgxzj19KADg5\\/WlXkZ9OKQg7\\/AMqABngcd6ADax\\/i\\/QUU0xljkAkdqKAP2r8puoXKdyc0CEN9w8e2ak4A+6R+VCmJgQcg9twrzDtEEe3g9\\/Rf\\/r1G0aRdC3PvViOJdpyyn6ik+6Rzu9+aAK6x5\\/8Ar5qXYyj5V2\\/U1OwDfeyPqMfzoxs5P8qAIzE6gFSmT\\/eP\\/wBaoPKyT1z3weKu7QevzfX\\/APXTWyeMqPwoAqvEGUZYcegpoXYfkYZ9xirqgjrIf+BEYpphOSc8f7PNAFIws3JwfoaUrhcbMf7W6rQQZ4x\\/wI0pRTwFQN6gc0AUvLZuOKkjjMZB4OOw61b8r5ecA+pNG0gYwGHqKAKcsRkfeFwfQjmnJAeCR+fFWzGAvCnPpmgKNmcAH0J5oAqta5O\\/BGO46UnlAnlVYf3gtXUAKbSgOe+OKaYwGxwoPYHigCqYUz8r49iKcIsg\\/KG984qw8aIeevoOaEhEwJwVA6hqAKvkIOq4+vNKqLHnBJJ7VO0K\\/wACKo796WKKNchTj2OaAIj+7GGBXPoM0BC+cBR\\/unNWRG46BU\\/HNL5Sxjs+fagCmItx+Y\\/9881KEJ6Fv+BDNSiLHTA+uaaUGfmJFAEflNn5SM+wxTmjLDHf2NThMD72fr2o2A9Tn2oAqiHJxs\\/Ekc0nkKMcDJ6VbwD8uwKB\\/FnrQRg5A5z\\/ADoApPDxx3zkHpTktxk4xmrDId3T8KXAIJIHsaADTkEF1G\\/Awe1cZ+1p4Dj8e\\/BLV4iha408DUbcg8howc\\/mpYfjXbxEKynqQfpVrxr\\/AKZ4B1qJcbpLGZeeQMxmtIOxEtT8WvLWfVzGMMGbr7VpXcjwOttbryeGHtTNMVbY3U7AbkYqDnvT9LnEUUt3KSxbODmu85Qlt0gT96AXIrBkuY4nZUGOcetWtT1b7QxIPPTHtWI7fN1Bz60ATvOH78+ppskpIODx+VQA8Y\\/HNLwf4j0oAQ9cnp+Ypw57ZWkVgByuacsmOSuT6gUAD53L1GTxTRgNnqe\\/FNLg5GM+9Lx7k0AP4ALHOPamFyQSM9OtLuI6Dj1poxnigBdvCnrnnmg4GcHHqB60hznOMg+1DEdP0H6UALlieDmkZvXn3oC9znn16UDg+g60AAILYJ6dMUvIOM8dPwpvfg9evpQeDjt60ADEg9MelOVx0HWjrjHSkXGSMcnvQBJzt5FLuOMk8j1700sWAwPwoTJPPftmgB8hGM\\/lSwnlgWz2wKjYkEc9OaIzhhnt1OaAHovz54NPkYqDxknrgUzooIJ4HNNZiy5yc460AIvzMRjJpCMcjsKmWF2ACIWPsCambTLt1O21lIPcIf8AP\\/6qAKeMHGcexrofBUSnXInbkQgyY9cc1Ss\\/Dl7PIB9naIY\\/5aDb+Ndro3h1fD9leX8sgkfy\\/LAHQZoA5XxPefbNWlccc9qyoYmmfaDkngClupjPPI\\/Tec8dq9z\\/AGP\\/AIRj4nfFC0+0xB9N09lubnK5DAHhT9aTdldjSvofQ\\/7G\\/wCyrBbWdl418T2aSyPHvsbSUZAB6SEfyr7S8sImFAVQOg7U2zgis4IoIEWKKNQqIvAUDgCpM88dDxj0rjbvqdCVitNAJEwwGO\\/Ga4PxxoEV5YygqAcHt1r0dl+Xgg+1YmuaZ9tt3XHOOKhrqNM\\/Pn46fC6xv5ppzbKkwPyzRDDc+uOtfK+saNJol48ErZIOVYdCK+5Pj5puo+GdWzdRSfY7g\\/JIq\\/KfYntXyV41torqORQMvGcqc84rtg7o55bnF2Dr5xJPHqata26yXEZAwAuKylyj8np34qzcztLtbJOO3rVkiwkmZs9hU5bC5IwMc1Wh4kPP4VLg+uQaAHlSw68ds0+NZFcleSvIPcfhVzS9NfUZgiIzbjgYHX6V9m\\/s5\\/sWf8JFa2niDxYGt9OcLJFZbSHlHXJz0FS2luNJs439m\\/4\\/X8SJ4a8RQTXViFIhvArFkwcgMV5wDzuzkV7N40+E3hj4sRh5FS4mcF47qAjzQxGclSQG7fdIPqpNdx8cdM+HngXwUdPis7bTH\\/5YwWCKJXb6Dlia+ePB\\/wAP\\/iRrkr3Hhuxl0PTXYGN9YkZDICeP3Y\\/xrn0fvLQ1V1o9Tjdc\\/ZN1KK8dNM1W3ZhnMNxII3X\\/AL72H\\/x2su0\\/ZV8UNOF1C9s7SAH7\\/wBojbP0G8V9Z6Z4e8caRbBNU1jTriUDkKHX9DxUd7p\\/jUh202XSXmYDCyFxt\\/FR\\/On7R9w5UeWfD39mTRvDZi1K6L30kbBo5ZvkiBHfkAn6Krf71aHxa+PmifCrS3stHmS91oKYkRV+VB3+gz3ySccnisjWdf8AGGl6\\/HH44gvbKyZv+PrT1MtqAD\\/GcBgPevT9T+BXgL4yeCoUVYUvDHm31ayKmVTjjOOGX2P6VLet5DXZH5y+JfEd\\/wCLNbn1PVJ2ubudixdh0yc4HoKzghcbR2\\/zzXr\\/AI\\/\\/AGY\\/GPgvxtF4eWwfVJLk7rS5so2aKdPUHHBHGQele9fCf9hiG1FtfeMbo3EzYc6dZ\\/dB9HbjP0H51u5xSuZKLZ85fCf4I+JPizqHk6VabbWNlE15IcRxA+\\/c8dBX3p8Gf2WvCvwyjgu2tBqmrquXvblQcN1Oxei\\/zr0Twx4RtvCljHa2NjFYWUWAkMKBQPw\\/rXVwlRGPT19a5p1HLY3jBLccjmEKFX5QMcVoWV4TIqt096ypJ0XCscfypqXyRN8rZz71kaWOuRUdScZ7c1UudF0+5bMtlbyMP4niBP5kU6xvFcA542AkVaDBgcHJHb0rW6ZmZ6aPZRcJaxKv+ygFeafFT9mTwJ8W7eZ9S0uOy1VlKpqVmoSVTjALY4YfWvUZ2K5PrVNb1kIBywz371Kdh2ufkD8aPg\\/rHwZ8XXeh6xHypLQTp92aLJCyD646dQc156sKBSMHOSCK\\/Wn9p34MQ\\/Gf4eTtZwQt4h09Gls5HXJcYy0eevPb3r8qNc0e70LVbiyvYGiuoTseN1KlCOoIOOa64S5kc8lZmRKAmcHAHtUagk4ADetLJGxY54HXmmcMccjmtCSUjd69elHcDApFYZxUk6bSpHGe4oAZIxZffpTI8Bj2PQ4p7sVAUnA9qjDbCOM9896AFYAuTxz6U0HJHYHqacxGDzt+lNxt9v60AH8Pt1z60ZCjPHJzmkAz\\/EM9vSlxkYHNACDJA7++aM4HofTFAAHbvSgY6jA6k0ANxgfX2p643cDPvSE7cEd+lOA5POMUAKELJk8Zpqr6jHHSldjgDpz0FKqluilqADA78ewFFO2SKP4vwFFAH7XINq7VHH5\\/qKD8pA8wL7ZppuAvVvm9sChLncp5yPVmrzDtJVTcDj5\\/cdqYFZeFHB9aaZXX7nzL3xQsu4cL9cmgCVk2Ab1LZ\\/vc0wuvTIH\\/AAGkE4boAmKR3I6ZP+9QA9DgnOR6YGc099qgE4we5qJHZMlsYx705JFcn5h\\/wHrQA7IUZyT9OaCN3RQ30GDUYkidiGUcf7WKmQqPuqPxNAAN2MYb6Hn+tMVgJdo4ceuKewJHHyn1BpCUVQTs3dznBoAUtjpnf6gcU5G3L8zc96i8w\\/eHI7Y5pVIJ3HIb0FAEjAA8fMPbg0g2hs9\\/TPNNZ167mLf3etKpJIJ3H\\/ZJH8qABmYvnHye5p2FPzKAT24oLheCMfzpNwPIHHqaAAYkIL4D9gBTzI8fykkE9sVGdx5Vm2jqB0\\/lR9\\/nI49DQAKhXOVx+NAwDwfyo80\\/xAA07AH3QqjvQAoBPcj86bKSCOcfWnMFJBB59uKduY\\/fz7bcUAMH7vkc59R\\/9ekRNhJjKsT1p4K+o\\/nSE47E\\/pQAhC+mT3FKVYgZYAelPDK3DYSlUhDnJx+FADFRlOT0HIpQhySfwoVsyEc89Of6U9z8oPTNADDHycDAPJGKZs+bkA\\/hUgOAOp7UoUZ4IoAaEwenJPQ960btFm8PXaMOGgdf\\/HSKpIm0Y6GrmsyR6Z4Xv7mYiOOK2eR2Y4AAUnk1cSJH5D+I9CXSV1OGX5Cbl8jPoxGK4jUbnyYUhiPycnjvXa\\/EHWItQhuJyf3s8rygg9ixI\\/nXmTys3XPXv1rvRyiSuWzk8+tRM2D7HpSswOQST7imkcYIz\\/OmAAANxgADp70uQ5Ge9Aw56EfWrEFvlgWBGfXtQBDsLKeOvGKCmMZ464xU0jYYqO2ah3HnHPpzQAHI+h74pvOcfhT44zM2Ogz17f55qzPbpbBeQSRgjNAFQqeCelOJCqMgZ6cCgsxzwc9TxQE\\/dD1HrQAn3uAOD1oMRXGBnjin5AJH3cVJChdwD8vNAEBUsAQuR9elNVDgEAgVdNvxwc9+OamgEMZ2su5gO\\/0oAz1gfaeDinLbMO+MnvirV1ImdqlTx1BqJYpHXIBJ9cZoArlcE880hUg9unr2qV7Z14ZeT270ht5FXIXdxQAzp9AemKaOckDp\\/KnEEE8EDpkUsUDzkBELHOMCgABwOnNCKXYKBye2eauwaDe3EoAhdQfUcV3Hh7wUIwJrjCIhy0j8L9KAOV0vw1c37hdpOTxjmuos\\/CekWMRe9nMsvURRjP4Zq3eaqmxYNNUwQA4aZh8z1mDyBKI2O9jnJFAGvY39ppwZ47eKKPBAz8xxTJvGeFMdtC8hPAITr9KqBraBCoCk9PmOSKgj1SGBj80aKpyMYoASe\\/1a7bKW4jzyWc4FW9dvJtP8JfZ55d087lmCiqcviSCWRUQNKx6bab8SJPLmtIAwJ8tSVBHBwM\\/59qAOLDE4Az16HjFfop\\/wT70C30b4c6jq7Jtub65KbsfwJ\\/8ArNfnQBk5A9ua\\/Rn9jTUJbb4MWMhyVF1IpPT0rGr8JpDc+tIrpZOhIz0qyMkHn61xFlr6iQq7j6Z6109tfrNGPmHIHtmuVO2hvY1MBgOSQD1qjeXEUbbCwDsOKp6nq5soAc\\/M3Ari9f8AGkNtMUbB29CCMihu+wWsbPiDRrPXbKW2vbWC7hY\\/NFMgYH86+Kvj\\/wDsmT281xrHg5HlUF3m012BwOv7s\\/0P4V9Oz+PknmWONixYZYjoBVpNUN\\/KTwQ\\/XmhOUHcTSe5+Reo2ktneSQTRvFLGxVo3XDAjsQaVeY2weQc\\/Sv0D+Pv7LmmfFFH1XSiuma+qn59vyTYBwHA7+9fBOs6Je+GtUu9M1C2ktby2kMckUgIKkGu2ElJHPKLiVI+47H1q5axrM6LjAz8xz27VShbBfJJHcGuk8I6HNr+sWWn2ymSe7mWJEHU5OBx9TVkn1V+xh8AIvFt+PE+uW27RbNisEbdJpRjjHoAcmvrn4nfFH\\/hE7S20rR7V73Vro+TDbQJ93HU56AAfy4rM0WPSvhH4BttHtJUhh0y3JkaT5CzYy7kH3zzXMfDa1S5S\\/wDHWpPNO+o7XtLacbTGn8ChfU56981xOV3c6ErKw7Rvhjpmg6k3iTxLPJrmvSqWQ3O0CNe+0fdRR6mub+JP7R+heBQ0F9qIWVgf9DswScdhgYJ+rMo9BivP\\/wBo\\/wDaBPhO1nsrKZbnWLkEeYp4Ucjf1+6D90dyM18N6zrd5rF\\/Nd3k8lxcSsWeWQ5ZietaQp82shOXLoj6g1P9tmW3dk0fw9bR24PDXDLvP1AX+pq34d\\/bZik1C3Ou+HYpIQwYvauhYH1wy\\/1FfIhJbqTnPU0u49ug9619nHsZczP0r8J\\/GjSfikEi0y6tdctijm5srlPJvIuOAiHIYEk5OSAMVPa+FLnwNrltqfhKdI9PvJ1F3YSH5MMTlwP4WHPTg455FfnF4c8Tah4a1OC+0+7ltbuFg8c0TFWUj0P6V9o\\/B342XPxN0kxrEp8R2Ua\\/ardCAL2IkDzUHGHDYzyANxNZSg47bGilfc+x9M0xbrbNNmbjueFPsPyroUs4oUUqg2j9K8f8J\\/FKDyxDNIrTRHZKquCG9xivRLHxRa6haLLbTJMnQ7WBZfqK57W3NdzbuUjnhKNjIGAR2rjLi8aCSSM\\/IFPH0rVl1+FshJFMnXaDzWHqGo2kS7pZVMh68iluMilvgE67U75NYc2u+VceWDvIPas3W\\/F1vasVEgz7Yrlr3x3Z2iyTzfdAxzgfzquVibsew6R4jYJvkYKPU8cVv6f4njmOPMDZ6V84+L\\/iTb6H4Ri1CKcwPM5RU3DLYGSf5V5fp\\/7RkttMB5ryMxwcN\\/OqVOXQhzSPu2bVoyhKNuPfmsC61QLLkMeMHHt618\\/aH8cTfomZTlx8wByRXXaZ4yOr3yMjDbjnP8qlxa3LUk9j2zRdVVx83APGa+b\\/ANsH9nuDV9Hu\\/GXh\\/TUm1KIGa9iRctIoABcD1GBkV7bo8+4REEkBsnA6\\/wD1q7aBkvLYowDKw5UjjHvTjKzCSTR+QmmyaPqUkUF3YW6lmGHbI\\/Cq2qeH\\/C811KkkF5p+GOJI1LKCO\\/evsT9qz9mrw1Y+Hb\\/xBoVuul38ObhreL7rnqdo7fhXxj4X8SypcvHcTLvzgLcnCfQmu2MuZXOZqzsUJPht9q+fStShvAeiOdjfkaoXHgbWIEZZrRo9vViQcV6TKIWCvKlowc7gkTFSPTBq\\/BNhjIjybCn3GO9c0yTw2TR7vzjH5RxnGc1et\\/C15OoICk9MbhnFezS+HdK1tcvtguQNxaP5c\\/hXNeIvh\\/d6bG09nceaijovNAzzTUNCvbFj5sDbem4cis9oJUGChX6iunv9R1KxZobmKRCp6svBFT6RfMxSW6RZIN\\/zKy9vWmI48q4wSOKltdOnnU+XGXH+eK9abT9F1C1eO2SNpCNwxjmsMwy6QDvg2xDgsRQBxcWi3LAkxEY61N\\/Ys0zgJGwPof8APtXomi32nagskbpskbOWyOawNVM2m3rqUIj6rIBwfegDIPhi6ihLeSWCjk8UyxgUTFHgwT7ZrsPD3iCCa3ltZG2uw6sRVK9gezV5fLEqZGCgoAzU0i1nb5o9rE\\/rVR7BbO4ZF6Z5BrZ03ULfK5XkHGO9Z3iO3ltr77TEC0LgE47UAPaxU4IUdOflorNi12WJAuzHsc0UAfsKsyD+ID2IpJJwp+7n3GSKzRcZIPzA+g6U43W4gnj9K8w7S79qB\\/iA9hxUnn+nH+6f8Kzjdj0z+NMa78zk7xj1wKANYT56\\/J9VzmmyznA2AE96zDd5+5sHrtANAnUZ2HB7\\/wCcUAabTMyjAyfrihZMdMj1yTVDzmABUZPsaX7QABzz3GaAL5usfekB9iKd9qjx9\\/b78is5psAbUOfpmnjlQc\\/gRQBoG6CqCrkmn7w0YYlgT3LEVnIcN8x49lqUXAYbdpC+uKALokATAy3uOaRZ2U8sAvfJqj5iBsBefU08Nuwc\\/gOtAF37QM7sjHqOtKXwPMVz\\/KqYkI+X5j7HrSBsN0T\\/AHSeaALguAwydrP68GnLLuTaRye3SqbP\\/FgKB2HIpBIGO4ED2FAF9SI+GH5GnMwz8gBHfIFUkumII2Z9zz\\/KpI2dkY8YHrkUAWhKP936Gm5Y+h9dtVVnDdvzOaepVDyoXPvQBZTaAcMB9RQsqN0O76D\\/AOvUDNj7rLj601Zy3I3J+X9KALSzkE9RRGWUk56\\/3sVX+1GTv0oDM\\/3WGR14\\/wDrUAWjIF5JT6f5FOzuwV5J9M1VV2Jxu59uaUOMnK49wKALPmsRtYYA6E\\/\\/AKqUMGPJIHt3qsZECnao3etSq\\/HrjtQBYz26EelIoySMZH9ajEmSB360\\/wAwAt0P1oAs2oDzICc5P5157+1742TwR8A\\/EE2\\/ZNfoNOhx\\/elyP5Zr0SwXfcIOgznNfOf\\/AAUTnVPhLokDN80urIwX12xSVtTMpn5ueIL95p+G4AwB6Vj7sZHGccjFWb9w0jswwfzNViQvT9a7TnGgDcO+KeqmTG3qamtLMzK0hGI1HJA600uq528dRjFAFiOCNIQ5+Zjxj0pHuSR82AfXiq4uG2lex557U0ZbIX9OgoAQKZn+U5J9K07fS1wTKe\\/SiygFsGkkGDjjP86iuLwzMQCQueRQBO2yFGCEY74HNZ0hMr7epz19anMchhGASTVm1tlgAeU5J6A0AKtksMGWHzHByRiqLRNPIUjXJyeP5VpX0uUIB6jpSaRZOxL7sKfagCsunMGG8dPSriac+zKrwPUd6uumWCggfpTmjIQKrHgde1AGJO3kZU561S3l2L9j+tXb92MhRh6c1paRpcUkaySKW9j2oAyobFpG3EYXrVz7U0PyRr0yOlaupWvlx4jTBPoO+KlsdMVFDNg4BOD2oA52Q3U0ofysiuj07T\\/tESh4xkDkYxV2aOIQ7QVQAjsOaii1HznMUJyqgjp3oAiudCsokLMOTxj0rX8PeGPtEyx28Y3d2YcCqtno8+p6jFDFmaaQgAKM4zX0F4T+HR0jThEWRpyoeWQ8Accik3YaOEs\\/BqW8D3V84isrcbpJQMYFed+KvFf\\/AAkd4LWwQQWEJ2qFyMj1PvWx8aPH\\/wBtuJNHsJCtpC+19jf6xh3P0rzGG+S1hZCCXY5JX+VJdwNbUNX8s+UiBUjxgDqTiqlvDqFwWaGNgWH3sVni7leTeqjI5x1ratdWmWE+bNtxwAB2qhCweHbqeUNc3QiGOfm6Vfh8PaSjDzZ5JmB6JyKzH1W2AJLNIx67jgVWbWdvEKDOeCoxQB2eiwWUeqxpBbJGpbq2Oe9cv451A3usP8gG0EfKPcmtHwjHez38l5IreXFEzAMD1IwD+tcrqUxl1CZzk\\/McUAVkwznP6Gv06\\/ZD0VB8C9PgkTBuC7k98k9a\\/MeMb5VXPPYV+sX7L+nNY\\/CLRISu1hECQfU81hW+E1prUZ4ue88MSJPIjGBcLvHX2NdL4S8Ww6np6zI+8AgZB6V0Ov6DBrVpJbzqCCOvQCvnjWVu\\/hTrJldHOnSn53jB2dep9DXMkpGzdme761rUFw4G\\/JUFtoNeQeLZxNK7K2XboKS88Yx3FvHdwymWGaMFWB6Dg4Nefap4gN1PguwQdVB+97ZrSMWiZNNWOy0gJC4Bbcz8swFdxo8zeWMqVyOM8cV5PpWvELgjCL3brXZabrKysqLIOeFFEkJM7p9ZhtVYuV3KNxA54rxb47fBXRfjRpL32myRReIbZGME0ZA83vsf8uD2r23wloMd7ALuZRJCc7VZc+Z\\/tfT0rXuvB1nIoeJfInH3ZE4P\\/wCqs0+V3RbVz8htZ0S98O6td6ZqMDW15buUlicYKmvZP2P9FGu\\/HLw6jr+6tWa6YE9QiFh+oFet\\/thfBQXWny+J7SELqlqo+0FEOLiIZGf94cfhXkH7IeryaR8Wo54n2v8AZJsfiAP8a7ObmjdHPblkfa\\/x61W6ubCx0y1EZe7uoYZPNQONjN8xI7jAPFXfHd\\/D4Y8Kwxq3lRWFtuAAwAxwi\\/kCx\\/CvMfiFr66r4w8EveTuhOqqEKqCpYRkAHPTgnnmug\\/aY1GK28Ba4PJTzmtXMc3n4YMofGE7jBbn3rlStZM2vuz8+viN4tn8ZeKL7VJmwssmIhg4WNeAB+FZmgeHZtduURNqIW2734H1P6VQnXknhua7nwBetp1m52bhICFbH3fp9f6V29DmOv1b4J6bo3h03JvjeXZIC7JAoJ74Xk49zXmep+E7hYZZYI3eGIEsxHQDgn+Vepy6jc31ms7FsF8AuvBqlq73TwfZbdl2SjMjbSO3Q8UkB4sylH5+X3rs\\/hd4vn8C+NNJ1aIlVimAlTs8ZOHU+oKk1i63oU+lXUSyhMPkqUOc44qKOLymjcjPI6c03sNH398UfDt9ofhW51\\/SgzPGHlTzHXEqAblxtGFAXdx9PSvEtI\\/aEu7MxvulgkKgsNzAgYB\\/qK+jY5GvfBlt5iOUGjRo+4HaGMRPXOOjemeDXBfCj4aWN54HivxLYXUzHi3VBJIowBk55HTI9iK54tWszVraxzI\\/avURhVu0U456A1iaj+0mtwxL3ikg5zvPT1\\/nXyvr1omm61f2qMWSCd4gWHUKxGT+VVUB9iORgitlCJnzM+mX\\/aJ0kzHzrppBnLMsbGuN8WfH8apdotpDJJbx5KhztBPqRXiWTkE8\\/UU8Eg+vOMCnZCudt4g+KOreJnjNzJ5UUS7Y4kJ2qO\\/41Fpt\\/kqXlcswzjFckgJAyckVt6Spk2AHnpmqEeq+FNWukliijctk449K+g\\/AN5ejyZXH7pHwxzy3r9a8T+EukyTyqz5S3DANnktx\\/Kvq7w5p9vcaVbQwQhdvPIOGHsR\\/WsJuyNYq56zoBX7LDJuK5QfKRXbaVLlF4AXtXnugWLSeSgYNCnCc5GOwNeh6dCYwDyOMHk1ydTfocP8AtB+EX8WfDTWBb5F7BbvJHjjIA5Br8k54X0bxIY7kBRHJ8wPIzX7YXUaXFrPC6ho5UKFcdQetfmB+1r8ILjwR4zuZI4G+ySkPC6oQrD6+vrXVTl0MZrqeUpok+pStPY6krhTkLkjb6DmpDYeKbGVQka3BXJDDmsnw5rAtt0bRyBAvzEHAB+tdPZ+JbaNg8F1MNvIUMGx6jBroMTPg8U32nvtvNPkV9mzjuc10mlfEmxQIj7kKsdyyjjmol1r7Y48p4ZnY5\\/e4BB9Kkkk0u\\/f\\/AE7SkiJG1ti9fU5FA0dLdS6b4qtsbYWl2H0IxXPaXowSxljNgDHExAyMllrIbwpaG6L6NqjWZAyI2c4Pt1pun65rXh7V0S8BdJOPNXlX\\/wDr0CJraKzudSU6cHsryMZNvKMK\\/ar9pr0N+ZtO1GBYzwMsM4PrXC+MLzUI\\/E096iyRZIZccY6Ulp4h+1yB7lfnHJcdTQBd8X6VPokqyWiEJvIBXoRWba67fbDHcW5uIewK5xXe+HvFdnJ5dpfhZrd2xl+oPFbGu6DZWUyS6eI2STlVPIOfelcDyHVJ4Comg3wzZ+6elMstW1EsqJLuQno1ehXWh6Zq3nIiLFd44Vu5rjItFk+0yrGuGU7Sc8A0wGas\\/wBnijlaMxT8E7elRweK5TFsZA+ex6VoXCS2YjjnjE0Trz3AOasQeGrK5t5Wt5FM23cEoAxZNQWVy32BD+FFSLDJHlXjBZeDmigD9Vxc7Tgkfkad9rKcAAjuQM\\/rVJ3Zm4AwRjGaFQAZIwR0wcV51jtZaN2D0fH0OKXz2fGCGA9TVVCHGWByPpSeYT3xUk3LvnA+h\\/3ef6Cn+aQeCx+tZpO3+Ld+A4qTzm7HH+9mqsUXo7gysVVeR68U9nPY8jrkVnq4kYjOPUgULJgkB1GPVgKQGgboJ2Vv0pPNyc7gfbPSqaTbSejZ\\/uqD\\/MUhmdieQoz2HNIDUS5TACjDeoqRrmTZjgr6FazA5AG45H+yRmk8zYc\\/Nj6UAaf2k7RjANCynO7Lf0qhHMHIHI9zj+VK0gBwpUn6\\/wBKANIXHPU7vYUvnbmxjJ\\/Ws5ZiOCuD\\/eVaeHYfvNxZfTofyoAvedsOCSn+yaeLjIyrDPpWeJmPzBcD0qRZSULccds0AXfPkYgkFfqDTzO4PKmT3YniqMdxGwzuKHPC461IJdw7D2zQBdNwB\\/AP+Aj\\/AApv2nb9xuvrzVQdD1\\/lSRlkzk7vTOBigC3HOwBy6k+1Sm6DY3YH05\\/lVJ7hc\\/Nx9KI5Q2fm\\/IUAXmudmD0z6nFKJR3P5KKo+dt\\/iB+oqTzD2cR+7Ec\\/nQBcEm7ofyp3nMeOmPbFUo5WydzhhTjKFOcBfcc0AXFk55cfTFTLICPU9qzkmG8Y4I7kVMkysMZzgd6ALyOSAc8A8CpY5cE84A4qgk3J7L14qaOQjGCMdaANrSZVNwCTjPSvkX\\/go7q+3\\/hD7LfmLFzKVzxnCqD+pr6x0yYG6UZ+h\\/Cviz\\/gpRayLqng28jYkGOeMr2\\/hOa2pbmc9mfDM7HzD9c4qMdTzn+lSSxsGPPP86lsrZppgoUsCcmu05jQuS1rpMUWMeZ82axgpI5PNbGtzGaQIPuooGM8Vn2cBkfr8vf3oAhK9cHOD+dXbNDAxkZeo4461a2QIjdyOhqhPdOcqOmegNAEl5ftMccAD0HFV4UaeUDGQTURbn1Fa2n3aW0GCuW7HFAGhtS2hUHr9KohhNdBc5XP5VWuL1ruQBeAT0NXLLT2gJkdhn60AS3FsqNubJ9Aau6UFkjyeEFZN00k8\\/lggkgDGc1pMo0+yCFhuI65oAZe3IWbCnIwefzqG2mknTCfO2cBfSsy4uPPZgD1P6Vf02X7Mh3d+mKAGzWReXcfulupNbdkwKARMuFGDxXPXWpFyRkNk9RUukzMBJMzkLjjOaANy8YKpdjj0z3pdKulkVmZQAOOO9YF1fPdXCqCWBOOeTV55l02x8tnBlb5j24oAfqOro6vGikc4FO0lHjiaYoNznj1\\/Ksyw8u4nMshConOCa9g+BPw4f4l+Isk7dJsyXmkYYHHRaTdlcaVz0D4GfDN0tH17UInWSUBYQRgAd2FXfjn8Srfwl4en0qzYLqFym1sDlV7817X4r1HTvAfhWaZvLht7aEhQOOAOAK\\/Pb4geLJPFviC5vHclHc4z2HYVlH33cuWhz0kj3ly8jEuznJJqxLEka7QAT1z6mm6dbrPIxJ2KvOT0q55lrEvzRlyOQzHGa2MyrGzNIAnLnoMdasRaPdXbAuNgPcn8qqyXYBzCuw9eO1S298QuHmYA+lAGjFodpESs0uXHbPWtGC1tbYosEAkl5PPGKxBqMEJDRx7245Y5pjajc3Eu2NXJI7f\\/WoA7O2uG\\/sfUC4+dQFIjbAA571548mXJIyc569a7bTo7ix8IXrToFMzg5YdgPX8a4g\\/McjgdARQBueBtHPiLxZpVgn\\/AC3uFUkdcZ5r9aPgtCtt4Ot4UOAjMo56DNfmZ+zToP8AbvxY0tc5WDdOT\\/uiv0n+D9yv\\/CORKcZPPX1rmrM2pnpEiAodvX3rhvG3h6HWbCaKWIOjKVIYcCu5RgehzkfWszUrcyI3AYduMVzbGx8Y+JbC5+FUs8ZR5tCnfevfyWPpz0rJ0\\/UbPXoftNlPkIeVYEFW9CK+j\\/HnheDUrOeC8t1e2k6g84r4\\/wDH3he++GmrSzafKRZSnKEchfZgeorqhLmRjJW1PS7eZ9ixqu8E447e9dHoZMl8kVwzRozBMngEd\\/0FeE+F\\/jbZ2l9HbaxE1o+donXlCf6V7hHqFj4jtIprSeJpU+aKRW3AnHqO3anJEpn0DpOtwx2kUEOCqqD8vYe1dDFeC4VCp4XHPrXh3h\\/xQhAiciKdTh492foR7V3Nt4ph06zeRpQDjI5rlcWbpkXxmu7OLwxdx3IUxiJi5PYEGvz3\\/Z\\/sr64+L1tc6XAZ7WFpmnw4ULCVYE8nsOcD0r6+13xr4c8Z6lqWleIdSjt7FbSSQxNKFLkDAUDIJ5PavmH4JWkVt4quE01mjVJnwQ3zeXyBkV001ZWMZu7Vj2P4uag3h2x07VUiScaffQzlpOdqnKsR6HmvV\\/ixYjxf4SguId7WuoWhXIjXbtlTIYvkEAHPAzn0rgvFmlw+J\\/DNxZzqW8yMo\\/tx1A9e9XP2bvGsHibwxd+CNdSObUtAbyxFMc+fCCcEA9cY\\/I4qXtcpb2Pgyewktbu4s5lZJ4nKFTwQQcEV2HgbVrFNNuNMvF8q5J3202Thj\\/dPp\\/8AXr1T9p\\/4V3aa\\/d+KtOsDapId11ZxAuVwMebkcc8ZA+teCw+TdkZIWQdVPc10Rd1cxasz1HS74alAsPl\\/MjAhsDrmvUIfgnNe6Ymp3d7FA7ReaQSFRAAeSe3HNfPekanqmjzJ9ku9hU5AdFfH5iuq1bxv4i8T2iW2p6rLNbKB+5XaienIUDP40NPoGnU5nxBZreavIiTC6hhPlpNg4Ye2ah8P+HpfEfi7SNEtIy81zMkZx2BPJ+gGfyp9\\/qMVm+xB5twwwqrzj619Ffs6fCafwtbyeJ9cQJqN7EqwwH78UT87T6O+Mf7K5NKUrIErs9m8Ya9daJ4F1QRqrPb2WLaOOPkF9wjXjrhCh\\/PtXD3caeCvhRql5IqLLa6c6iXHO4JsHP8AvYqz4gvrrxZ4q0\\/R7M7ra3l+03c6MCrzY+RPXC\\/exwAFxz24f9sDxfbeH\\/AemeE7SXF7dus04B5EKDv\\/ALzY\\/wC+TWKXQ1Z8dSFpXZnyxPzEtySTTov9YOOcGo\\/XPXrUsI2tu6ArjmukxK5UtnHFOyAo4yTXefCX4TXnxO1aSOOUWun2xU3M57ZzgAdycVzPirSI\\/D\\/iXUtPikMsVtO8aOepAJAov0AoW6FpFBz1rp9J09pZo0TljjHPvXN2OTKMkHH58V6\\/8M9Bjv8AFxJjI4XI+770gPWPA2mxafo0UIXfOfmz057\\/AIV9A\\/Dy\\/NtpsbSM0UKDp69K8R0m7t7WZIUBcKeVQZaQ17P4L0y91eRJrqPyLZTlLY8EfWsJ6o2ie2+HilxZxSBQdwBJ6c\\/T8a6y1AEYbbjAA4rktDkEUEabvlAHy11liymMgHgjiuZGzJpc9umPyrgvjR8MdO+J\\/gq8029T95tLRTL95G9jXoJPPXJxVa5P7iTIG0g8Gq2Efi9daWuh+ItW0W+aUGG4aBwgHQMRmtKX4eWN0c22pshPOJFIHbjNbfx0mW0+NHisxKJI\\/tr7tvHHf9a5qz1iyuNuI3jbcDlZD0967lqjkK934Q13Sw8sYW6gXpIjAg\\/h16VmRa1e2DL5sTxuhB4yMV00WuzQyEwXRZXJBilXAGPerkerJeB2uLVJUxtYhQwyaYGFbeLoZ43NwA8rqAMrjac9c1rN4ggm0+GBW3oHx5bHJHuDVe707RL9ZF+z\\/ZpAQPMQ4x+Fc\\/q\\/h240lfOt5zPCh\\/hPSgDo55TpzpMMXEMy7WEgzt\\/wrnfEenpZ+VeWqlYJx930PcUy31n7XA0Eny5xz7+9dBaQNqOjy2G9WZW3oT1\\/A0Ac5Y3rwx73XGMZJGQa7a58Qtqegxi0YGeBhhEBzj0rhLhm02d45VZSQRjHStSzv4007ER2TxfPuXjcPQ0rAdFaXbXqwXGSl3HzKjcHitqXw+l9C91bEeYw3Oi9M96yLXVrbXrFnEfl6hHHu3r\\/ABgdiKk8N6lviVo7jypF+Voh0b160AYKaq2J7W4QMFJXjqKzdPuJNO1JgMsnrntVfxPBPBrdzIAwVn3Z7VnRXLNjDHcec0wO8Fi9yTIrcMfQUVyUWt3cCBFmIA9DRQB+qcqq8oJOG9l4p+CgOWP0A\\/xqo0ygEbsD0AqITqrDEhX\\/AGfWvPOwuCQsRtX8xmpThcc8\\/WqzXJHt7ZzTFnDfxiP2VhzQItFhJ\\/GR+FR+bj+Db7\\/\\/AKqYZ\\/M6MVx7ZpFuAc5x+NAE8CFmOSF+rAVKNrEj5iR1NVpLjCjbEXPoB\\/8AWpRK7Dpt9iaTAnLN2fGPTj+tLFhWyo3t35zVUOinLAn6E1KH7kbF7HbQO5Nw7EHKn36UKTu2kYX+9uqJXLnaQsi+meaYjhZyNuzHpSsItYAPA\\/HinCZQAp2n64NRCVeuDu9dwz+VDO0gwshGexbmiw0yyk3IVQmPTilMoZtnRvZQap7WQbSQT+FGGHIxn3xTsMvhgi8nkdyMUCX5SxIb8KqLIAvzk7vRTR5o+6uQT60rAWknV1J4U+wA\\/pSCTdyWPHvVYFkB3Zz7Himh9\\/LEZHT5qANA3oPqv4mgXAlOQ5O314rPZ92MjH0anxTbScdDRYDRMxkzgBvrxUQcHqxX6ZquZwh65+oFOkuy5H3h9TmiwFpbhf4WHvT0n2k7zkdu9Z5mB7Z+lDuuPl\\/d\\/TmiwGh54Y4WPHuP\\/rCnLIM8uD\\/s9SKzvtHHysQfU05JSpyWHPvRYDSSckkZwO2aUXG3gnNZ32jOMEe5yKe0+BjJwPypAaYn5B\\/A1KlwDwTgfyrF+04PB5\\/SpYpzyehAoA37S6CTxljgZ4rx79ubwDbeKfg42r7gt7o0n2mJxzlSCGU\\/Xj8q9HjuWmKoo+92zXCftcz3Vv8AAHWtjfK6BGx\\/dNXB2aJlqj8u2O+Tscn06V1kFhHpmjJMMGRwc4xXOabZG5vYlA6mtrW5HitmjDfKp24r0DkOevZvNmY45J6ehpkFx5LAKc54xUErmUn1FIhAkGeRnPHFAFq4mHA\\/MgYqqCW46fhzSyMHbKjj2NXIrMSxk4yxPXrQBTht2mYbRk1rxadIsIYr+BpdJtxDcEt0Heta6uwI8gcYwOelAHPpGkbnJwRyB6Ul3eSEbQ34VHesGl3KCGx64p9pps93gqCQOS2OKAFsYZZnZ1J6cse1Q3U0gdkMhcA\\/WtKeA2tqY42w38eD+fFY8qEsdwye2KAJ7EJvLyEcdiKsS3MYTIAzis2MbWwe57VahsZrl8Ipz3PpQAyHa9wNx2qT8xx2rUury2S22QYCgY4FQrpDxhmZcsPeqjwKcKeG9KAEt7lhc5RdzDpVi6tHY75CTIwzg9q1NK0yO1Xz5156qM0s81vK7Nswc9QetAGZpumSX93FbrjMrBRgZr9DPg74Msvht8MLWwQj7bdAS3D9yT2zXy7+zX8PbTxL4q\\/tK+\\/48bTDgEcM2eBX1N451+Pw54Pvrpgpt4o9ynODx\\/kVhUd3yo1hpqfPf7VfxMaa6Tw5aSgxQktMQf4uw\\/I\\/rXy+zBz1BOc4FbPizWZtb1e5upZGkeR2YljnqaxEXkY457VrFWVjNu7LvmhLfYhKn+dQTSliec4pNxw\\/GcU3GByOh9aoQ4MSCP8AJqSCJJZFVmwOp\\/Kq6jkjPHtUsb7HDY6HNAF+KxgiZurAfjWrbmSNAIo0iU5y7HpWMl+w+VF9Txz\\/AJ61LGLu7KYBHuxoA73xQv2P4faarOJHn3SMwHuQK8w2jcSGP5V3\\/j\\/UHk0XSrPyvJjghjXls7jjJP515+Rgd8elAHv37HVqH8falcFgvk2EmD9cCvtb4N6qr+H7TDhsrjjpxXwH+zdr39k\\/EGK3dgiXsbQnjocZH8hX2X8F7421pfabIdr2kxUZ646jFc9RbmsGfS1hKSg78etXnhDLk8E9u1c14auxcRqCSQRya6psEAE5\\/H2rlOg53W9LS7hZSgIOOtfPHxc+HwubKcBN8ZU8NX1Bc26upAGF7YHSuM8ReHUvI3LruJHGeeKafKyWuZH5a+P\\/AAxJo9xJGyssYY7f6Yrn9A8b634UlDWF9LDsOdhbKn6ivtT4v\\/CG2v0ncQ75CflP9a+MPHHhK58M37q6Hy8nnFd0ZKSOVqx6Fp37TN7NEiappySzRrhbm2cxuP0o8QftK6rdQeTao6oQMB2I59z3rw+Rdr+oz17VLIpJTuDzVcqC5c1bXL7W9QkurqZ3mfqQxxj0pNE16+8Patb6jp9w9tdQOGWRD6evt14qogyRntx1pGTAwOPWiwj608AftI6L4ht7Cw1SIaZq8jbHkY5hlJ+6Qf4ewwTS+NtG1HTPEUHirwzN9m1mzbeNvCzL\\/dbH6H3xXyrpE9raapaS3sLXNokqtLCj7S6gjIB7ZHGa+n5Pj54Ku9Xt7awtZtL0q5iRY4ZnMn2f5QpV2PJ6dai1noVc9n8DfEfw78cdHjtbhl03XoWJuNMdtj5HUKTyVPoP\\/rV5l4\\/\\/AGUbbWrq7vbM\\/wBh3eA7bCptpZGJ+VFJBU8Z49cAVka94Gg1iddR0+VrW8A3Q31o+HX056MPr+dbuhfGf4heFojY63Z2njCyRBEGlIhmKD1Pfj3NZ8rT90u6e541ffADx\\/o1wY47MTrn76ybB09HANXdH\\/Z38fa7Osd0kenwH70jNvIHriMHNfY3wb1e3+LENzLH4f1Dw1BbnYTLMVVm67UC4z716k3wz01MC5Ml1ERgrLIWGfcEmpdVrRlKCPlf4Y\\/s66D4MuxqMhfWNVh5jllC7Ub\\/AGVGVTHqxJHZQa3fFXj\\/AAzaT4da21DUlISZxJ+6tI2zuYt\\/E3H1J7dq9S+JHwJ1\\/wATsi6T4iNjpSJtfTYIvKaQf3RKCcD8K8x1fw5pHwR0ea61e2NhbRvuGELF5MdQTkuxwfmJ\\/KhO+oWtsJoNvovwm8J3WtahI0Vvbh5WkmfdLI7Hkn1djwB2GBXxL8S\\/Ht18SPGmo67dqU899sUQORHGOFX8Bj8a6D4x\\/GPUfidquwB7HRYG\\/cWe7nP99z3b+VebhTng7T6ZreMbamTd9EIxIU+h55p+evOaaTgcdaFwN3pjp+NWSe8\\/s6eIo\\/DvhXxPcOyqd8ZA7n5WrxPxBfHUtcvrs43TTMxx7mr2k+I5dK8O3tjFkG4cMxHQgDisFiXOck59aVtbjLOnjdMiFcljivZ\\/BWqS2dvHBAm5zwqjjvXjeknddoSO\\/UfSvffhhp6RyC5mUs+PkXHOaAR7B4F0CPS1S7nHnX0oDM2P9WPQV7j4UivLxI\\/KCjPU5rzPwT4R1nWnilFs0cDEESScAj6V9C+F\\/CVzpMEaIVkGOQzc5rkqM6Io1tI8OukaSTXDbuDtTpXSwjyRjg44pthDLsw4AIHQd6nWNgdrdefaskW2SxOXTIOR7dqyPE+orpulXUrsFVELEn6Vsx8R4PY9cYrxn9p3xYvhf4Za7ciTZIINikEAktxV9iT8w\\/HOrDVfHWtXtwjN9quZHGxucFzVX\\/hFrSRJHt7mVSMcOnTPvWPqlzJ9ulZslS3BB6irdnrUcCkRrJGeuVk612rRHKTnw9qtmEkglSdTk4DdD6YNVnnv7GX99bSIQckAEc1d\\/wCEibyok8w5XJBZevetD+2zLCrIyyBzlhnnjrwaYGOviLd5qyAFHG3DDJz\\/AJNW11e1n0yW2YlS2MOpzRfzWV2pMtr5ZJyDjnHbpWZfaZbwwK8LFT6Z96AM6Qi3nIRty+oNdDouoJtG5skMCQpwQAa52JGjlL9QvJ962NCubOR5Fu0DszBR2IGeTmgDR+IUUJNlPbggMhLZ6k+9cnBdPFE4\\/hIxmuw8Q20Nx5fkMDCMqoc8j2964ogxsUK9DggUAdD4a1CW2uwI8FjhVLHg5rvbOzhtgZLiBYpsk5AyprymykxdRgHbgjJNehSX93NokkVt\\/pJkPy47Z9KAI\\/EOnI92hRlKSjqeRXB3Nm9tdyIcKA2B+fFdRHqP2u3jgaPbLGduD1FN1vT\\/AD4Wm8vDouOtAHPpCAo+br60VnMXLHacjNFAH6stIWPU01yc8gH3IJpSWU8sT+FJtMxDA4x\\/eFeedYbt33SPfBzQdqjnH\\/AqSRWyOn4Jj+dLGRzkE+lADS5Q\\/wAJ+jVJucDnIHsaQs5++px22nP9KbtlHUYoAsK2QN8jEeivSmbAG5jjt81QCNv4M579TTsnoyn8qALJkV1GGOaEnbOM\\/lVfp1BYemKU\\/KMht3+zjpQBbEjn77Ap2HQ\\/pTVkUPx09zmo4ic5xt98YqZF3tjcT7NgigCQuDFkZ\\/A01JGyORt9D1oztbZkcds4pdoduX2Z7nkUABcF8HAH1z\\/OnF1QZIBjHU8\\/\\/qpohCnht\\/8AtDpSOiYOVy3ryaAJo50MfyY2\\/WgzDG0Dr7kmoURcYwAfXbQFCsFyefQUATKWUHPA\\/wBomhWUgkPjHbFQyx7WGCc4pyA4OcZ7c5pWAd5+ccDPuc0srsCpIwPoR\\/WmEYHzSc9uKZu3D5izHtimBYS5HOMAe3\\/6qDMh6Sn8gf5VSCuOx\\/PFSEB8bwGx0zQO5Y+1beuP1NLKwUAq+0nr1qmJWbrk49TTjISMIMeuOaBFpiQgJJHuBilEoIA3H9aovM7DCtk+gFOBAALZyeuBmgdy39oz8oA4\\/iz1pzT\\/ACAbsZqDewj+\\/kdhmmmTcAMce9KwXLAk+Y5Ofp3qx5vlpgnBIFZyuQeD05yecUplJOCc4HPaiwXNKG5KSqR69e9Zf7SWlt4m+BevQxg5S2MuB\\/EVBNSrJtKk8EelbN95eseFLyxmO9ZIGQqfcEf1prR3E9UflnoenfZ71h\\/GBwO9YWrXTtLPE55BJ59a6\\/xBpdxo3i6+tGUxm3mePbjoATj9K4bWIz9ulJOBuPSvQOQoRKGfDcckcU6VO4454qUQhIwT98mq7sxx6g9qAJrK28wksDtB5rRNwIIwgHA71n2140GMdD1461NPLkIuM\\/yoAla8JdVBzn0qxeysCIwTzg9elZ6YglVn5A9KtyuLu6LrkFuuO1ADbyycxKwBz1xV\\/TJZ7XT2LcMeMUTXEaqA3YVSutUJIiQYUGgCvdzsXbqc81W2uwGASOnvTrtsvnBHue1WrAjaS2MKaAIrDyhKEkU9c1stfCCPy7dQo6k1ms8IBOOeearGdnlChsDPftQBpxXkspxkH196qRkpe7niyD2NLZSLFdbWIx0+lX5byG0G4gNIRye1ADL67ik5JIPZR0qjZy+beKin5WYAcVWSczTOTzkE49K7f4L+F08V\\/ECwt5lBtUYyOD3AGf6Ck3YD6y+FvhuPwP4HtojCHuXUTSgDnJHQ\\/nXmv7SXjpk0OHTYZCBO4eSHPIA55\\/SvW9Z1hG09zpfyXUIwY26Nj0r4\\/wDjD4kuNe8TzPcRiKZQIiB6jviso6u5beh5\\/JlmyQcHnmmINvXg9qegYAcZpmPmxxu9Sa2IAqW5HTHNNJLA8ZI9BSrlm7jPWrMbKijBwfWgCGFSMkjgilDfvQOPriiSTIPYGmqeQQOT3zQBq2qbR8kYPpxV23cvOikhSSBjOSTWNDNNMNseSo61p6Jpck2qWgZwMzJ0+tAHRfFGJ7Q2FuxBZIlG3uOB1rg2Puev6V2nxRlI1xo2kDlSw4GCPY1xir1HcGgDY8GawdC8VaXfDhYZ0Yn8a+6PDt2lj8Q\\/PgJa1vo0kGG4\\/wA81+fpyNpzz3NfWvwX8Zt4g8P6JdPlp7GT7JISe3G39KzmtCo7n2x4UvVNwiKQowMt3NehQ7PKBIAJ6GvKvAyi4eGUDhlBJFekm7SNVzgHtiuLY6iwwVm4APOcmq13arJGRtB69qfBP5nzEgY7U25uRHlQRuPGKGCOB8VeG47uN12Ddyc9K+Ufjj8L1ntJ28vIAYg4\\/wA96+2LpVnTlN5HpzXmHj\\/wxFfWsyGIDKkEVcJcrFJXR+U+rWEmmX8tu45U4qCRcBCO4AzjmvVP2g\\/Br+GfE5kVNsEnKkDvzXlO7hcHgV2p3OXYkQZQjr9aXHGCOPUcmliwq5OSPbrTyAeD0NMREqjgNyuOoprDOe2KlwMZzgH88UjjHTr7GgDo\\/CPxL1zwXOrWd60luDk205LxHp2zx+FeoaZ+0XY3iBNX0p7diOZLZg65\\/wB09Pzrwkgjnoev60m0jJPOD2FKyA\\/Tf9nLxrpus+BrW40qVXhLuGGNrK245yOx6V7pZ3q3CfOd3HOTX5M\\/Bj4u6p8KvEUVxbTudNkcC6tQflde5x6jsa\\/SHwL42i17SrXUYG32dxbidHHIKkZ\\/P2rkqQs7nTCV1Y9Zt5gBlTx0x0qDVtKsNcspbS\\/s4L22kUh4biJZEYHg5B61i6Beed+9kkBXqB29q1hqkZkKx5xWJpY+Tvjr+wfpeuRXWreBCLDUcb\\/7JdgIJT3CE\\/cPXgkj6V8OeKvAmt+CtXn07WtPuNPvIWIaK4Qgn3HqD6iv2WN8h6Nn3\\/z+Nc34y+HHhT4mRQweJtFg1WKAny2l3K6E+jKQRx2zW0arW5k4X2PxuaJvTB\\/ummEnoOw9a\\/RL4j\\/8E9vD2vSNceEtTbRXbJNreZmj9gHzuX8c147qn\\/BO\\/wAeQhza6hpFxjp++ZM\\/mtdCqRZi4tHyaW4BoHTg19GD9g\\/4px3sdu2n2Yic\\/wDHyLxPLXHrzn9K9E0H\\/gmzr11Cjap4psLMkZIt7d5sH05K0OcV1Dll2PlHwRoc\\/iDxBb2VtG0ssjYAQZNfe\\/wT+BDadDFcX67mxkJIAcZ9q6r4M\\/sWaL8K5nupNRbV9RY\\/LcNB5e0dMAbj7175p3heOwRAGLAD0xisZzvpE1hG2rM7SPDUVpEoVPlAACgcV0VtYpEBsHC9qkW2NuB049RU8QUsQeW9PWsUtS2x0aBWx0J6UsiZOCMD61JtyeDz9aX765GQB61pYkrs+xGyeOuc18H\\/ALfXj8rpVto0Tjfd3G4pnkog\\/wASK+2\\/EOo\\/Y9PmbcFbBX6V+UX7V\\/jMeLvizfxQSebaWGIEx6gfN+uacFeQpaRPLVeK7tNkqlXjbO5TjIpi6fbFsJK4bn3FVPP3KxC4PqfWo0lVWywBAPO3iuswNKbRghQwTiUH14Oahe0u4MN5ZdexXmmwXeGJDEN2ycirsF2w4Do2eMMMYoAoR3k0DMTu56g06TUPtaFXQbs53KOat3Mm9yrKCobJz\\/Ks2RYnnxHlATj2FADXYhOhJ+uaiH7pweRz2qR1w+3sp49qJ41WP\\/a6fT3oA2oJ\\/tVqgZ8iIcZNY18266ckYz6VpaZ5ixuxGVx0IrJm5mYnJ5oAmskV5+u1iODXQ6HrdzZalDb\\/AHirYwD+lcsh5yOCPQ1bsJCl0G7+vf8Az1oA6HxDayWXiAOilJJiHwfWujS3luLR4yFMrDoG61h6oRqfkTM+5wuAT\\/hVG31021yRubegwKAK9xarHM6sgVgeQcUVYnjN9IZ8kF+Tg4ooA\\/UhLJgOV5pG04uwJXHrzXQtYjOec+vWgwopxIVDdge9ebc7LGB\\/ZwJ4Gfz\\/AMKebJxjJQfWtxrISEHbtx7U2SzGRkAn3ouFjDl04xgY3c+vFK9tvAAQcepxW29scDcv60SWrADAU\\/UUXGYZs8gbVGe+DSS2qKi85PfHat1LPP3l3j0Aoe0BAx8n40XFYwktmJ43j60xLc72yhP1X\\/8AXXQNB5YBywz3pqxjcSRjPf1p3CxifZwOe\\/pyP6UzyV3nh2PoAP51u\\/Z1BJAAPsaPsq5zz9SP\\/rUrhYwzASPlQhvUkH+VKYJfLPH4ZrZMO5tuD9QcUC0DfIVJz6n+tO4zESIqMspB9M04x7hwG3fga1\\/svlvt2bV9etDQEE7QT7jrSAx\\/LdWwSQP7pAFBTac7iuOxNaj25OdykN7mmrZR7fmUbv72aaYGdkPyWXPvQVI\\/hY+68VoLbGJSqcg+9MNs4HUD6DH9aLk2KBgZvvNn680eUYhgKefXmryRNzvYZ7E0zyXXrJuz6\\/8A1qLhYp7DHwQDn+7xSBdnbb9DirMkCqRuI9sLUjQAj5QU\\/wB7v+tFwKLljjCq35Cotu0+n+8P8KtNDu+6+KcsYP3g2PXBpgUslDkFT\\/u\\/\\/XpGdgPlHP1zVlbVdx4x9KYYtzEZPB6EUBYi8zKAlW3e\\/FRsxwBVgxFSRuGPaq0w4woJB9KAF8wq3XdT\\/NJyTgA1XOQRkE4PY0ZLD8KALSyB1wOBn8a2tElxcBHIKt13DisOIcEjn8c\\/hV+2Vn+bPNJgj5w\\/bG+E66RdJ4y0eJirDbdwouQfR+K+L7+dZ52YZOfXsa\\/W++0u28SaXPaXqiZJE8sqx7V+Y\\/x1+Hj\\/AA6+IWqaasJisjIZLb\\/cPOPwziuqlK+jMakbO5575h3jBzTGyCDn6k0nrgHPrTmPGcYPqK3MhVTfk9hyKmB81kI7YqSxj3Jg\\/wAVSRQBLvPbsCeaANGe1SeFFJGSKda2yW67pHHfAqndTbiOSMcD8KoXN3JLtVzx0BPpQBZvpQxJHQkgc1QcEDdjJB7d6knbIyxyccE1Lp6JJkEemKAK8rmYgnrjqKlT93CGOcnvVk2sSc8j\\/PSqrzA4GOe4oAikk3Ee\\/pRGNjhuTjvTC5Bzz9a2tLhglt8P1FAFSyjM0pOCQOc066ZA5GDz1BHWrchhsLVth57j+lZk0xmXdxkmgCMqS2V4yO1e6fs86fBpllf6xcRu05IihGO3GTXhtm652nHPFe9eDNUOmeE7SG2AlJy7L6Z6Gkxo7XxHratBJNDcG3MYJ64IOD1\\/SvmDxNfyX2qyzyvvldy7MO5Ney+OdXnl8PzTmEZIww7jI6+9eD3blp23ZJFJAy4ZFS0A7nis44bJJ4\\/nUylplx2XpURU7s9cVQhv3cg05WO0j8Bn0pm0k\\/N+VPAKqTz9AaAE6DJOKfAR5gB5\\/rURI9hTlwnPT6UAaMLxRbiQR3wD1rX8JSxz+JdOUkKGmQFnPA56mudjTewLHAxXS+D7WJNdtpGG8pluT7UAM+IEgm8S3TBlYb2+6eOtc0MHpzz6961vEbLJqtw4BALHrx+FZgyMA8AmgACMx6ZA7mvWv2dda+z69faQzcXsRaMFv+Wi8jFeWRDKEA4HPWtHwlr8nhnxVp+qR43QSqzZ6EZ5FJjR+mXwd8WxS6Ukc77ZoQY5AT3Fdrc+JxcXJKvkY4UH+lfK2l+JpIZFv7KTzLS+jWSMD3\\/rXRad8Smt7t7e6LxkhcFgBnk\\/41yunrc3Uz6OtfGJCdvVeeamsddGoy7hIQTxn0rx7T9chvBG8c5MoJGM8AYruvCkyhCMg89u3+eaxasaJ3PS4kM0Kgdx1J6e1Z2r6OJIGG0MxBwCKt6fdo2BgBcdhnFa7FZV4wTjqKkZ8e\\/tI\\/AHW\\/HXh6eTS7KKS8iIkiTdtZ8Z4Ga+N9W+CHjbQbYz6j4evbeIE53Rn5cdc1+wU1ukjcDdntUNzpEc8ZUxjaRz71tGq46Gbgmfivc2NxY5E1vJF2y4I5qvuDbuB9c1+jv7QP7OvhPxVY3VybRdP1VvmS7gJB3YONw6GvkrSP2Q\\/iRrV3KkOlRw2gbal3czKiSL2YDk4\\/CulTTVzFxaPFfO2jATpz+NTWsEt5KI44ZJJGwAqLuJPsBX1fo3\\/BPvWp4kfUvElrav1ZYLdpQPxLD+VfRHwf8A2cPDPwogN2xbUtUwMXlxxs9lUcD+dS6sVsNQbPijwF+yv438aosz6edJsyM+ffAoxHsuN354r2PSP2HdLsoBJq+sXdxJgFkt1WNffqCa+sNT8RwWOERdzck7RzXB6\\/40gDl\\/ODKOoUcisvaSlsackVueRSfsyeB9DXizedgP+W0uSP6Vp+HPFOl\\/DFRpkLrFppkz5bSnCepAzx9KxPG\\/xIuCs8gYKqjG7jtXiN5q\\/wDaN+91fP50qt8ig8KDz+daqPMtTNtJ6H6Aab4ghudPjltJPMgdco4bOcis7V\\/GT2MkaBxknJPPSvl\\/4YfGweHohp92xNmM7Hxnb6\\/hzXpF541s9aiM8c6srjbGc5BHrWPs7M05z1nSviAl0wDsOeeTXVWfi2E\\/8tF9znrXzfpurbC7OTGRgY3Z\\/GtyHxKdoZST6Env9KHAakfSEPii3cDEgUY6A\\/yq0niCN8AYKn3r58sfE0itGGkIBPUV0en+LJYWG8sIz1J6Y71m4tFKVz26C9WXoc9+K1LaVSikgYI7V5lp3iaOSPzFYhAMk4rptN1lVCqzfP1K+lSnYq1zrlYDjI57VLGwAx+hrBl1RYlWRmHHJ+nrVV\\/EUSjJPsOevOKvmIsdNMyMjDp\\/Ws+S68p8jB561mjXreaMtv3bR16ADvWXqviGCFGyVw2RkHnH+f5UnIdjr0vFKltw9atxOGi4\\/DFeZQeKo48KZQVIzkdO\\/wD9augtPFdubQtkggZpqVgaPGf2u\\/i2nw28AXbRSqmp3itBbLnDbmGC2PYc1+W0tzJNO80rNJKxJZnOSSe9e+fto\\/FAfED4pSWcExe00hWtgpXgS7jvIP5D8K8CeJyFbBwwzmuqmrK5zzd2WBKuR+7XAGeR2p7Jbyvwnl467TiquJMHKHpx7UnnHbyMjvWpBObFN+0ORnmkayZcLvz6mhbpMDcpJ9RUnnxMf4sH3oAhlEyZOcHuQarbypPceueaszyIV+VjjJPNVx6qfm9aAHr1+YHPqan8kTQhRgY71AgLEdWHt61oxNGCFHMuPyoAsWWoeVC0ZwF24JFYTHcxb15xVmUiORlBOP5VXYckZyTQAn8PIIz3605GAkU9KZg4PGVpy\\/L3O4HigDatNRSBFLcuB0NN1aFGh8+NNuTgmskvuIIyG7\\/5\\/GtNJhJppjc9\\/wA6AC3nPlLkUUzzGhCrhunbFFAH7JLENvzGgQrg45H0oRNyEjr6nihELcsoPvmvMO0Y8WSMKAPTFARewCfj1qV228BtvsDnNEQ3A5Kj2FADHhAxx+XFRxRqxPB\\/4DUkpZMdVz6ikBEg6gEdytAAYh2wP97NMMBb\\/a\\/A1YRCTwdvuvNMcEfeG760AR+Tv4Zzx7UxoAf4Bx39atCJpe\\/H+yaaY16EdO+KAKT2yDkdfccU1YOe4988VfKoB8gOfejYFXcVIPrgYoAovFlSvG3+9nmmrAwHHT1JNXGIYdMD1oRBjgA\\/lmgCoV28MCfcYxSeWDzlQPrV9sGPYcken\\/16idUCFSAo9CaAKLW4L5zn\\/azmmPbjOS+T7girgRcYUj2xSCPJG5gPUf5NAFD7IrguWPHYGlTAUgA4960TbK6koRt+lMjhXaRtY++f\\/rUAZ6xAg7gKhe2IK7SD68YrTNmgxhc\\/QUfZ152AD1oAziACNzMD7U6UCXGBjHoDV5bQc7gx+pqIIrZ+Qt\\/wL\\/61AGatugPyqCfalNsHHz7WA6AAjH61daH02j8aSaEMoCjHrxQBnPAOysfYGo2t1Kj5efcVpCJeyFD3IPWoJISzEHIXPBxTuBnyW67SAFB9QOfxqjJH85A5+tbn2Qjnse5WoJbPAyQaLisYq2\\/zE5I4xz3qYRBgB3HYVa+zkYJ4444p\\/wBmH3uoHb\\/P1p3CxWjiKHaQcZq\\/BE2MgfQYzT4rcEKOOucitGG0wAQMZ9qVwQadFiRQTwTya8S\\/bP8Ag0nir4fHW7GIvqGnHzmKqMsm07h\\/X8K98hgOBjGBzV\\/UbKPWtFuLG4TfFLE0bKRngjFOLs7g1dWPxijty0hVvlPTP4VHJBsYjtjOPevUvj58LZ\\/hX47vNPdW+zTN5tq\\/qpPI\\/CvLixJYNXoJ3VzkatoOjdYY8DqeeKZJcsM8ADGM1E+5SeRn3oGHAOeT2xTETwzNK3JOaY43g7cn6VGoKtkZx705JCHyD+JoAY5LDaxxgYqxZEqjHoMVG\\/JJYZNIJdoGM47YoAnklZvUjt6VUJzIDgnnt0qyXyvHFRFd4JGD7CgCNzk5wAemBVq2kIi9D1qFYGPGcCn7\\/JxySOme1ADrgtIMZJB55qJfkXYw6d6d5gIyBgdsUoVGXJIGCOnagBlnEbi6hjGQXYDj3r25FXSoEiSRUdIwAF6HgeleS+HtNN5qsEcPMpYYX3r0mWK4tsJeRSnB70gMXx3qj\\/YUg858seVB4xXnaL5khzxjjPrXV+Nr6C6aFYySyZyecVycBy\\/BwM5zQBPhYt3Tnv61C5CtkcD0FOYbzjv0OaTASM7gc8Y4pgM34HPHoTTS+7IAGen9Kdj5SDjFN2AHj8jQAgUZxnFPiQyNk4H1pF+8e49RUokVRgYJz1HrQA\\/zwuRgE\\/Suk8CXZbWFjCBnKMAWOAOK5QDc\\/PI68Cuo8EsDrDr9zELnt0xzQBka07NqlyHOW3kHB4461R2kA9AKs6hhr6ZiAMuSD+NV9uG5PI5wDyKAJGjZ4VYYAzjrzTGhaMks249cd6es2EGclQfpUZdepBx7mgD2\\/wCBPj3zY4vD14RuiJe2djz2yvP419M6j4DsvFmko6LslAPzIOQa\\/Puwv5NPvIri3cpKjb1YdjX6Kfs3+J4\\/H\\/g6z1Dd+\\/QmG4XphgP6isammqNIaux5BqDa38Prwpue6tVfG4A5+v6V6h4B+J9teOI3kAlzkqzevtXXfErwtDeqwCc+u3\\/69fPXiHQ5dDvhd25a3kX5lPZsVKtNaj+E+v8AQPE6SRrhww7HrXbafqnmKVD7uhPPNfKnw78cm\\/tkhnYR3Cn5lJ78dPb\\/ABr23SvEkcaIysdzLu4PX68VhKLRspJnqcEo27i3HPfmpnkBjIxgGuT0rXluIEYEshPbuadqfiJbSNcfe67c+1ZlFK+0caz4gM1381lbgFUYZDv2\\/AVaub2JC0a\\/Lt444rj9S8bzEOq\\/cHbvUXhWafxbqhjRzDFHh5HP8Iz0Huaqwro7GXVd8LKmGYDI21zOu6zcW9q4MTqOSeDzXV61qlh4asiltEskmeVJ+ZvfNc1D8SdLvZ3gkHlv91o36g0khnkHi3x1JYRtMGB2xseTj8K8R8S\\/FFJruSVZMpIuRtbJBr6y8TfDvwz47tXjngClv+WkDFGH5Gvnzx1+xrqFu7TeHtZSeHqlvfDDD23Dg9e4FdMZRMJKR4LrfjSa9iZd4K4\\/M\\/nXJal4njhZgG3N6L\\/n1ra+IHwq8ZeCZiNU0maCDOPtCEPGc\\/7SkgfjiuSs\\/DU11Iu4EdyT2rdNdDIrXfiS8ucrGxhXvtJycepp+g+LNY8Pzb7G6lVc8xuxZG+orrtK+HqyAGQHPbI4rp7bwDY2sQZ4wx6e3amBN4O+NE12yQX9u8Up+UToSU\\/HvXrOm6xHewiaKTdgZ2q3NeQRaXb6cW2xqJDzyOnNTDxJLpXzwybCp7DANS9Que\\/6NqweVWlwFU9a7O51JWgSKGMSN0J6896+atH+L1lBtjvv3L9mX7p9D0r1TTPHumNYxSxXQl\\/djDKe\\/c\\/nWbiaJnpen+JJbN1WQeXBGN7sc\\/gP8+lbunfEu3unctKP3as2c9q8P174kwTWEdokokdvmfb\\/ACrDs\\/EsdlEyuwKEh3A5zjnaPqQPyqfZ33HzWPoTVvH7vZIm9455Bgq54zxzx9aqR+P5RbrufftByu\\/pXisnjmMRPNczpAhBOGIGOlcnqnxe0+1hkhtpXmY91yf1\\/Gj2Yuc+iNT+JqWXyifAAwCHyBXB6l8a5FkZTMNvLY3fdwOnXoeK8FvvGsmoQNIzyPKxykYXAHTrXN3FxeTyMzblycn61apoTmz6b0r4sHUryCJJNw4U4J57\\/wCFeoa74+i8EfC\\/VfEl22RDCdiZ++\\/RQP8AgRr59+B3wy1vxJcQ3UkH2axUhjNKcDGOw9eap\\/ti\\/E62toLP4f6QQUtCJrxweM7cqn65\\/KpcU5WRSbSuz5a1bUZdZ1a5vrg7prmVpXPuxyf501DtTbuXHfnpTIkWZiCdhx35qQWIxw4GOoroMQMzZGMe\\/NPEu6I5UMTyDxUbWbg5LgkDpUYhdB+vBoAsxiB1w6gEHrgjNNe2hJyrEDrVfLoDweO3rTRISNuMCgA2neQD3wD1pOA2BwOgx1pznG0DknpTGGBwOfUdTQBJbt+8BPrmr1ud9y0oIPNZqEDBOPqKt2mQ4Pbrj1oAlvo1SQt3Y\\/rVGT5mz1z1\\/OrF2wY5Axj+dVW6Enj60AIw98UYx7\\/SgbhkEcCgEAnnIxjPpQA7nHXaTVi2m8tlLDK8ZBqqGyuOvNStKSgXGR0oAvmZZSWIIz2FFVY5cIMqfzxRQB+zZbLYAJH+zxT1j6HBGPWq5uiHC4Vgf4sEmn\\/atoIzjPYqa8w7SV\\/3hBQkj2NOI2\\/d2CqyT9ssvsopzyeXwQefXn+QoAnb58bhJx7U0kD7w2iqobOc8\\/nTpJhgckfQ0AWVAQ5XBz\\/dH\\/1qbtyxJ69eKgaR4gGU5z6mlE4xls5PoKALKOqn5owfqc\\/1qNZVZyCgUf7tM84N1VnHs2KRJd7EJnPoDyKALDNxgqCtNBw2SQF9AuCKiY\\/LyCT6Cm\\/aT9wbRjtjJoAsByX43bfWhvvcAlvcVCJtoyDg+tPSc8MSSPY0AH3m+br6gcUvl4+ZRk+pFRuxkbKE59DTCXU4cg+oK\\/1oAlYsHycA+wwKcWVgQ33j24pse0pkDDeoPH5UrYwQxz+FAAsYVSRwPQ5zSA7hn5h7E0sKjYSMEZ74oZm7AN7igCJiHPPGO2etOCCToAuP739KbIq5HmcHttpUZnByOnYHFACMMY4BPuKRVYg7kDe4GKdsLAkjZ7LzQjc8up\\/CgCIwpxlsfXApn3P72PyqdF253Ae2M0eUrf3T7NigCsI85KjafdajKkHuD6ngVYO5ehApGfH8IY980AVjBn7zB89sHA\\/Go5LYEdOe9WYyWd8Nj\\/Z5wKV1yuMZ9c0AZEsI5I609UXvgE+tWpIRIo45pRDkqG54z+NAEVuhZgehB71pQxdO3H5VWiXnIHGc5zmtKCMHsSDxQBJChHr65q\\/AgVjjjI6dqhjABII5PcVaiXkH09aAPA\\/2uPg0PiN4KkurKDfqlkvmQlRknplfx5r8z9Rs3s7mSOSMxyIxVkcYwR1FftlLapdQtG65VhtOa+Av2uf2Z7\\/S9Wu\\/E\\/h21NxYzMZbi3iHzIepYDv9K6aU7aMxnHqj5AUbyAeR60NGYzjaeKlBKsVYFWU9DxinSSBsk8nvXUYDYotynjgUilEbJGCOKPN+TAXnpULyZ5OAfSgBZWBIOfxphJXJ7HpntSfUE9gKcR14755oAUcDjkn8qWOT2x60+PDqwPOPxpHYJg0ALJKQR1OfTtUT5ILc\\/WleTn1zTd3GT370APyNmPz9qIwWYrwv0pUQMnv0zThiNuDk\\/lQBveC4mOqbkZl8tdwZR0PrXbz6rO7Lul+0Mncn+dcv4Cit\\/KupJbowPgBMDIY1pSyCJzuJVfXHDUAcz4qvlv7xpEj8sHg46fWsKA7Bux+ArR1ecTXksiDapPA71mFyuAenrQBMXDKf6VZSGN4FPBXHIqlEOTk5HWrAyI+CSR0zQBFMFRhtxUJxnk\\/gKViSvv1pCozyMZPegBDnLDGPT3p\\/PIGQeo9KZ15AxinFtuMdfXFACh8E9z6eldD4KV31KaRfvJA+FzjORiubz1yRz3xXUeA5UF9dmRTKGtnVUBIznjrjtQBiXQDTSbjwCTnrUR6dMD1xzUl0As8ijghjwf5UwHnngjPegBD856HA5FJhVGAuQfxocEKMH64qMBicZx2wRQBKoGzG3FfVH7D\\/AI\\/h0bUNZ0O5nWMz7Z4EY\\/eIyGA\\/DFfKvzKhAOat6Lq954e1O3v7KdoLqBw6OvUGpkuZWGnZ3P1B1\\/XbeXJJXB5OO1eOeMprS6ZwroAR2P8AOvF\\/Dfxi8R+M7OVIoWuLm2jBmWJgGK5+8Afw6VieJviHqUylZbaa3OBkMuCcVlGFi3K528s7WNwJbdykig8g4zXqPgr4jSXMSQTOiXCEA5bgj1FfJEvjO8aR8swj6AE5xVvTvHV1BdJcJIVljYEEVo43JTsfopoHiFjbFlO5ScfL6\\/4Vd1LUYMEvITn+LGfwr5w+EPxntdaWO0upPIu1B+Rhw3HUf4V6PqfjeziikEkwAiXccjrnIH9a5XCzN1LQd4n8Ux2Ym+zjEi\\/xuwAarvwy+I9tpXhrUb24mWN3uCm44PRR\\/j+pr5x+KvxLW6kC2TlR0BA+teSnxjq9q7PFdyRq3LpnKt9R9K29ndWMubW59oXXxMa8vnmkbGfuhn5xWXq2v2GrosjPsnXlXUgHNfI9t8UbiKcCWfJHBYDIPSu28PeO5btg7OJUXoQQapQtsHOfR\\/hXxvcabMsU0nOccnqK9XsvFyXMCc5YjJ\\/GvjrTPFkt1qyyCTqQM9eK9Y0fxzbpEqyvyfu+prOUClI9uuxa6nEUnjRkYYIIyK8v1\\/8AZ78OazeSXEEb2Esh3Yt8Bc\\/7uP5Va0\\/x1ZXThBMTgZbOa63StdhnIIYMBj8PSs7SjsXozyPWPgJqOkxu9lPDcjjCuCp\\/wrz\\/AF3wj4g0gHdpFyy55aJd44OO3tX2FHfQypsbDZ5B61TvdNtrmLIUA5\\/Gmqj6icOx+fviTVLuyc+dZzQuB\\/y0jK4\\/MVy0UOteJpWj0\\/T5rhWPVIyV\\/PpX6D6z4Ns9RhZZYEkUjBDqCK5Wb4fRWMHl2kQijXgJGMAfhWyqJkcjPkOx+BPiC8VZL27t7IEZKElmH1wMVaX4P3OlvkazcoSMfuRtB\\/WvqKfwfIVAX5W287hnNUj4Ca44KqzdzjtT5xcp8+W3h64sD5aTSXTL0eXk\\/hxWhB4W1S\\/3KN6qeSyg8e1fQel\\/CQtLueMHJ7+n+c12ukfDCK1RTIgAx24\\/SpdRAoXPkOX4U6hcsfMMh4HzODzQPhPMhGVZ8dOMcV9j3XgqFYgEHyrw3A5rmtQ8PRANtXDE52gcY70lUvsPksfK6eAriC8VGiYgnnH1r1r4V\\/CC21K\\/iurmISIGyI5AMcH\\/AOtXY6voFtbTRtGgVX5bHr\\/n+Veh\\/Du1Szt0MaqylucevHr9f50TnoEY6nV+JY7T4cfDPV9aaFEg0+zefZjAO1eB+JwK\\/JbxJ4gu\\/FWv32rXzb7y7lMsjc4yew\\/Sv0b\\/AG4viTF4Y+BTaKHDXuuypboF7IpDSH9APxr81EYFhldx9+1FFaXCo9bEkLiMkk8+tSLcIMfKc46VKVgwp2ZJ7E0skEDRgiPB7kE10GRA0wGdufXrSGUY+8cj8jT2WN8AJ0+tNMC5HHfmgBjSAE4PHuc5qPOW4\\/AUOCpK9yOp6U1RznIx6igCYrnbz09qawwfQ56ZpN+OpIx1psjFh3OR09aADByR6d\\/QVajIMJOdrZwPWqi5OACT61IhyvB6AdsYoAmmJ8hRjkcdagCjHfGKdJMcY4GfT1qMZwQfpQAdCBik2k+mRS4BxxnvSN8p\\/HpQAD1HPehSW64zijGeBxSrnr2HOaALcdlLKgYdD70VH9plwMyMPTiigD9jt43AhialSfAIYhSfUc1TVio2k8\\/X+lPVeMkM2O4O39K8w7Sw5II+bd9KVlYcD\\/x6qe\\/zSDnfju1SmQg9Nv8AWgCdoxDgrsYn0NR4Jzlf50rswxyV\\/rQSH6gH9aAHb3jGSDjp8oyaQMGJ3Y\\/A80RlSSMZ\\/HFNWMFjzn6GgCTBYAKOnoCaRSwPCAe5p3lPHgggfX\\/9VR7WJJyDQA7c2eX49A2f0phJDHkkehFSbCAO3uKA\\/YEkigAByg4P8hSLLztwMeu7JpTknn9RTcKD0BPpzmgBxcK2SST6DrQWVh94g+hODSMqlfunP+fWlEQKcEj2oAaHCOBliPzFK5Z2yuQPQdKNmD\\/X\\/IpwUdPlJ9xQA0yuJApV+fcYqVoyzDkj6GkRCAVZV57gUuzyCBkHP+zQA8KYxyQCfxpWXOBkHPXmlLqeicd8c0weS\\/8AqwR68df0oAdsVBwQfrURzxnA+pp\\/C9AV\\/A00SGX\\/AGsepzQAS5iwUAbPXjGKia4YDksv0xVny\\/UbfqMVA0KycbOh780AIfmHIAz3FAY5ww+X161KoCgZGB7EVGQwYnaCp6dM0ACn5uAMdutNYAZ45z24NPEmQRyMUijr7880AR7QQT39aXbhsdOMUoUo2R8oI55pw5PHp370AOQfkPSrcQyOMdvwqqgCnOPwqeKQAdMHGSKAL8b46cf1qynIHIzWfDIc8Hn36Vbjkxkbu9AF6MgBc1Df6fb6nbPDOqurDBDAU1JfmA6U8O24Z5PTNAHxb+0n+yPDqTT6z4bgW3vACzQRrhZOfYcGviLVtIvNEv5bK\\/tpLW6hba8co2sPzr9qpoYr0MkgBXGBmvn\\/APaB\\/Zi0j4kWX2uGBbfU0OROgwenQ10QqW0ZjKHVH5jOGIA9O9NycmvbvGf7Lfi3w2sskMKXsEeT8jANgegrxq\\/025064eG5heCdDgo64INdSaexha25X6sMfnTsAqW9+\\/pSgBl6YpoJz82RxxTAfG21Sen9aY5yR3pM5Bx19+9NLfMR3x64oAD90cdKB8p6ZFBDMowO\\/c09cFRxnj1oAF4zwR6ihsswOM57UjY3DPB9aQMTzgfUUAdz4Uj0+HSf9KkKSSOWG3pxWjdhYjtWUzWuew5ArOsLqG00+3guLYOAm4Hvk96Z9t8sO0Qyn9wigDl9SIW4kKnK5OMiqLc9+ParF3L5szNjGTkj8aq8DPUn270AT26h5Am3rnvVh4vJQ5GfbpVeF9jLkYI\\/nU9wXaLGevPNAFQkkkjHPApEH59KVRwc4\\/E0hbHbmgBz\\/kAeopoAO05x\\/WnsAAp\\/Ooi24YwOOg680AHJ9OPXtXZfDFN+r3pwGIs5No9+AP1rjiRwcV1nw9cJdag4HItmGc4AyRyf0oAwr5Nl3OuApDnIqHouQOvc0+7C\\/aJFUhhkjI6Go+cnnjHOeaAGS\\/Lg4655NMLMccDj2p8mSAMYxzUZJ4IwB1oAUOScEcmgZ6kFfajcARgZPrTNxXAHWgDrvhh4zPgrxjZ6iVDWvMUyk8FDwfy\\/pX1D4x0PSfEFol5aiF0dMo8ZB3cdQa+L92Dntn8q7nwd8T77w9pr6e8peAf6ssNwTPUfSk1d3GmdLr\\/hBIZJim3CtzgZFcRd2DQvkcHPQ9a1Z\\/HEt08hLbjKcnn+Q7Vl3F3PcYLcHpz0piCCeaxlV4pGjZOQyNgivY\\/Al5rfxB03UERWluLWFd0m\\/DScnHHr1rxIyhXBOS3cV3fwu+KC+Bp78SxyMlzGqDZj5WB4P05P50mNDde0a8sLpory2uI51PMciHI9s1zF\\/A8+Y1Rkx1yME16Vq3imPXW+1SlyJeQ7DFYVwlvc7cYY4wKEB53JpTqCSOgzwKbbveaZIHhdwOpArs20zbcGMAD0BP8AhTrzw88YUgKc9hTESeFfHUKYjuAIZh3Ydfxrop\\/FhUiRTgkZGD90egrhrjw4sik457HtTRpGo28YCNvReitz+ApWA9A0bxndW4aQOWMjZHuK9U8H\\/EeQO5lkO3ds\\/Svm6C4uYZS1wjBsYLA10Ft4nMK8bvlI+7xx\\/nNJxTGm0fXdj8QUwpa4Bz3z07VuWXj2KX5DIOB94nvXxvZ+MZ4Osr7R0wcZ+tdHp\\/j2VQxWXk44JrN00Wpn1zbeL4p3RfNUjOOTWnHqVvcyr+8QjH3d2K+Y9E8etLGP3hE\\/QNnvXU6H42H20Ca4OFGSazcC+Y+hhYwTKJCFwcDC1ah0W2RN4KEEcHFec6F47tnbElwwRgAeOMe9bGqeNLLTtPM63AaFiI8rwyt0GfUdKy5WXdHe2q2scZRcHimzatDbPt3L7EdfyNeOp8S4vKkcylH3EA9u+c+3FZ+p\\/Fixs4N08xbAPIPcDgjNPkbDnR6zf60rhtsnyjOOnP4VwGr+LrSylYySAlmIwTjj1\\/z7V4V4r+PN1dPJDpm9pSNpkcYA7fjVn4eeG7jx9dldYu7iVnO8eS5Qg568VqocquzNzvsdP4i+KWniQIJ1Lbs8sPl5rS0P4y2Wi2H2u7uYrexjwWmd+N3Uj3Pt7V4H+0\\/4W0v4V+L9M0vQri4llltPtNyLmTzNhZiFAP0BP414lfa1e6jGsVzctJEhysecKD6gVoopoi7TPQvj78aLz40+MDftvh0qzUwWNsxzhM53kf3m4J\\/CvNUjdTjaemMAUyPlvT6Vaa5PzbzzjqT3rRJJWJbbGL5p7HPbigmcoAVYYoN02Rn6Ugm+YsTjA5piEDOoPGD9KGmkAxggjsaDcdOTj2pWlJHI565FACZ81WypZvUDpQtuNuSAc1f07XZ9Psr2ziSNlu1CSF0BIGc8E9KrzsEiQDG0UAVXKngdj3PShIgcMDnFKuGYkccdvWrkaqY8Z+btj+VAFIqAOeO9LHHuOc4xzihiWJ35yp5qeFV3HIOOM80AMFuDng\\/WoPLO7p7c1bnYwFSPun1qNHUNnGM8UAMNqwBOSPf1pvlkHBIPfp2q2ziSMjIyP1qszngk5x2oAfbweYDnr0FOmh8pTj8jwc06GZY1BwM561Jcf6Q4ZOT049aAKoU4HOKK2bbw9qVxEHitJpE\\/vIhINFAH63+WC424A\\/u5pziQN02jvkU13w2OPwNSI0YRuQD\\/ALteYdo1II2HBzjuRmnrEvPzA\\/QVF5\\/B+fP0FMWV2znH4UAWkZuc\\/o2aYkqqT8wJ9G4\\/lVdbgnPlMw9cGnM4HXAP4UAWDKG7KT\\/tCgHOcYX8arswAGWZh6Y6VLHKEGSSAaAHgH\\/lmzE98iiPKMcsM\\/71AQNyXJHXgGl+VjgMOPWgBzqrDn5hSps2gABR9KgmXavyr82fwpyvIIhjP0ycUASjcX24AT+9TvL2DIIIHcZFQlmdMEZPpnihW2jBXn0FAEwUsQxOB7808uEjOGBI7Dr\\/ACqOMGTthf7pp5UhSuF20AAlLpnaM\\/XmkV\\/73B96BgDGVpTGGGRgn2oAlWQBCAAQe5HNMRiB8u0\\/VajKSE8Lx35pdpB6tg\\/3aAJHfJBbt07UjzFyNwDY9cU1odx+Uk\\/lStE6YyTz0oAkWQsCVwvsaZCxlB4PH90Um3y\\/vnk9MU54ufn4+pxQAjtyMjd9BjFKmAepX6D\\/ABpSSAOW\\/CgB26bs+7EUAMOznnP50wgY+UHP0qRY2Qk7c\\/U\\/\\/Xoyw6tj2FACBflB39e2elI5JOByc8HqacitvyQQD3zTwuSaAISpbBI5\\/WpQq45PJHr704IVAOevSkI4GT270AROnzZB5pqu2TnBA79KeAGJ68j\\/ADzQgz1yfp3oAmjc8fw++atwvtI556VSA28VYVjtyOSe9AF7zsYIPWhXzgc49qrIcjrT06jGM+lAFgtk5z\\/gKa8gckNjg1GWGcduahmbBLAkN7UAV7\\/S7O9BWSJTnPavIfid+zX4c8dWcwlskWdslXjXDIcccivXVkLZ3HPHFPWQjIIyKpNrYTSe5+VXxS+AviH4catcRG1mvbBclJ44ycDPQ4HWvNntGj4ZWRh\\/CwxX6++IfCmn+IY3W4hSTcMHIryLxF+yr4X18ySPYJvk43Lwa6Y1VbUxdN9D815Yhls5BB4JoVTgN3719WfEL9ijU9OaefQJWlRckRyt+OK+Z9b0S98OarcadfwmC6gba8b9j\\/nFbKSlsZNNbmXtC84z\\/wDrozj6ds1PtBYcAEHjFRFNwzk47iqEMYdx1PanJhnGeOccUALjkYP96prSItcxgdWYDp0oA7eW4FzHHE0ahVUKD0yMVn3YcBiDtA4x7Vbu7dopCWXg\\/wAQNZVwHSF2J3jpmgDnZ+ZM9T3NNIGevXnNOYZfIyM00RFhnHtmgCbavXIHtT5XG31+gqFRgEMfpTTknHABOKAAtkg+\\/btSAYPDZ9ADQT8pz\\/jTRkIeSfbtQA5m4BJ6d+1ITlc5x2puOeefWgnkk8DP50ADZx1wfTvXa\\/Dq3tZk1iS5u0tlFuVO5ckgkdK4sDAJ6rXVeCnK2+rMVDR\\/Z8HnocigDDlwHbaRtJPP+NRHAXgkdakfO4nI4JP1pvDdMn0oAhmBba3IGO1R7g3b8u9TXOeFBJA6GoW+negBFIDZ6D0pA20Z\\/kaXGOcHj9KTA6gcCgA5pd3POfbNGMlunNBGRkDoO9ABv+TAHvxWjY6y0AKT5lj9e4rN52EZ70YABJ5NAG893aMpII\\/4F2qlNcxZG0lvSs9V8wgY4J4qR43gZgwKMOobg0Aa+meJ7mwCo+JbfGNjn+VdTpur29+N1q6xSgfcc85rz0NkdB7UsMzwSLIjbHU5yKAPVLIPJOskwDDqea3Li6ijiXhTkYJZuRXKeF7+HXbcx7il0F5UH73vUuoNNaMyMPM7cnjFAGrG0dzclFbdgZJz3rQt7FNoYLuJ75rlNEufKkGWySTwBgmumXVFjAQSgtnDKB0\\/HvSYGimmRzRbWhVs\\/wB4cio28N285ZmiCY7KKkttZjAABGffrUi6rHL8xcE+g7e1IZnXPg+Byxjm288duaxLnTJ9PkYBQ6qeq11M98oj37gFbH\\/1qpRyLc5JbgjPzelFxGfba86RbUVkZflCnr6Voxa5NZxcNvI+cncOuKnbRra5DcHzPXpmrfw98H6brPii7t9VWWe1t1WTZFJsJycEZH4UXsMteGvGVzdMIJMjfIpLf3VByTn8MV1eqa3f3byxW7s8LHKbxgD3+veuu8YaJ4Y8N+FbFdJs4bZmuHJlILSMu3G0seSB6Vw1prtrEW807VzwP6YqFZ6lbaFE2V22ZJrllAJJOcZ\\/\\/VWe2lK0hneViSuMNkj+VWfFHjmx0u1d2lGxVI\\/3jxxivJdW+LV3cborKERwdAX5OO9WI7iPRx9tRflYEgkV7d4d8U+H\\/hZof9t6rdRx+QCUiBG+V\\/4VUd818dv491fzPMSZY5B3UVl6rrmo65MJb65lunHTzGyB9PSk43FexqfELxtefELxjqniC\\/z515M0gQnIjTPyoPYDA\\/CudQfN1\\/Sm7m2\\/0pw+Q4PBq0IkAHbjnoDSNweg+vrTM5X0PekwcYPFADyOD0NIOBwOvOSKbnOewFOXOeq89sUAJzyffkClJxgYHHfvTQ2T\\/nrS9VyCR7H0oAcpDc9O\\/wBacZCYyrHFR4Ck7SB3+tKcgY7elADi2MDORjFAkIUkHn88U0FlI3cLSgktjH+NACudzZPB9u9LFMQuMnJpoyeDkY7etKeVP9fWgCV2yoBO761EGbG0ZFM3kknI68Vt+HNPiv7kRSAnkmgDJVSrEg4A7etXbLSbrVJUjt4Xd2IAwM81a1qw+xXjKoOwngnuK6f4YSj+37RGIwXGR70AaHhD4Janrut2Vneq1qtw2BuWvuf4a\\/sZ+FNL063lurWO6mGGMkiAk8ehry5EWLXNFkHIEq8j\\/P0r7b8Lyf8AEogPUlQf5Vzzk+hvCKsYem\\/CHw1ptnHbxafCEXoNgortQy\\/X8M0VjYo8Gu\\/Ed6rfKI8Y6BT\\/AI1BD4wvV+Voock90Of51XuBkDA+lUZLcuSR16UlYrU2f+EqvG6LGCOwB5\\/WnjxPdHlkiI9wf8a59VKHGeMVP5THbwPaiyC7NVvFF30jht+vXYen508+KL116RAeyn\\/GshEIY7vXr\\/n6VMsbMRjBAosguzT\\/AOEhvV7R\\/XH\\/ANercGu3bcbYiT0wP\\/r1kJCwxgfKfU1ftrdm4YgjOOtLQLs0o9TncZ2hsjoc4\\/nU0d9O4GQox6ZqvFEwwCTxxkGrix7VHHIHepKGefL1IBOehFJJdyheDj1FOkGBgDP09Ka0Qxk+vXvSAYupTEbT9M96UX0wA6D3HWoihVxjp1zQIPm3AEcfrQBdivJOCWyMfxd6nW9ZSOEx9KzVDbgOQRxntVmIYZQd3WgC+LyTI4AU+2AaeL45ICqM1UzgAf8A681FJL8qt+fuKALp1ByTgJke1RNqU3PCfiDWa1x3yeenrTftG0\\/L6UCuaZ1OdeyHPt\\/9emjUZwDhEGfY1nfasuB2xjB7VL5pZB3460DL8d\\/KMZI\\/AVPJqDsPmxxz3rJErLgd84wPWpBLjk49TQBoJcEZyA3GTSm7dTn5fxzVITELjPHcVCJ9zYA470Abcc+8DcF99uaek+H+XB+vaslbwgKF6nnmp4pweCc4\\/nQBpLtBaT+InqKUSDGeS39Koi83R4zjPvTkkJbtgCgC4z\\/MOn1puRjceWxUUcgbABzj0pWfB\\/iH0oANwVzxwTz\\/APWp6yZU8ZzxVV5QdvtT1kVVGCOeemDQBOTtY8Y4FTJLtyM4+lUi4xycepNTRuGXqQPSgC7u5I9egFSrIMYI9eM1ACRgn0BNKZdoJPBPfFAD2fPHaoXORyck9803zQDyPl9qZJJ3yM\\/1oAQnB64+tPKblGDj3pkbBgQRk570qkEYH\\/1qAIn+XoDwetRGcpyBjtmnykfMenU8HtVWUF2\\/zigDotPhje0Qugc\\/e+bmvzF\\/bPu7Sb49azFaIii3jiik2DgvsDH\\/ANCH5V+mqy\\/ZNPaTcFCR5+nFfkZ8btYbX\\/iz4r1BsES6hIBn0U4H6AVvR3uZVNjiRISSCOM5qVYmlGB19jUIAZvXBxzxW1p6FYicc9812HOY7q6MFIIP0q5pwX7ZEGb5QecCkv0Amzj\\/AOvVnRYEkv4gflAz1\\/GgDXdY5pHaK4JLMch+KqahFJHbtlSQP4lOQalfauTtXuQQcVVu3mEDFXAUjoTmgDF5wAMn19qE44HQ8+tMdxv4B4weeOab5uQCfrQBNtwMdT71Gy\\/\\/AKj60iSdznHrSCUDJB49qAF7cgH1x2pMKpAznnOKa0mOBjnsTQBkY6elACDOQc9ecZp3GMDIPXPrSM20DPXuaQHjOOMUAKRz1GeT713Pw98uLStflMaSOtuoCOMjlh3z1rhCCTkdK7HwNdCPSdfjYtmSBQAOhww7\\/wCe9IDn5W\\/eNxncTwAcU0fMDxk5xjtRIn97Of8AaoZSSAcDA7UwIblApBI68Y9KrqODwRjpzVi8AKLjqKrsSqjHHfrxQAAkkkjr2oB46DHrQFyeMmjHOCP60AIcjtkHoaUYYn6d+aBhjgjn0oXkEZ\\/WgA5IHYe3al3ccdup70gwB2HHWgEqp7qeaAJo5BGQ\\/YHgCu78TaNJ4n0BPElu\\/mSRIkdzEByuAAG4rhDEfJBAG4nGCa6v4ea89lqg0yVwbK+\\/cyqegB7\\/AK0AcgOCeQvuBRwfU+oroPHfhSbwb4im0+U7o\\/vxODkMp6HNc6Mc5yOec96AJbS5ms5lmgkKSKeCDzXQN45ubmJVuI0dgMbhwTXNDGMDk0AAHPcd6AOwsNdtpnXe4jPo3FbL+RIoMVxhsZODkV5sMj2P0qSOeWJgysU9CD0oA78XsluQoYOv94GrNrq3mlVYlQpwGB61w1vr0sYG8B89SeuKsx+IUX\\/lmXPXrQB3f9oRmQYOQeSM1ctrm2YqNwwGB+Y9TXnNv4oeOfc0KEYwNvBAqw\\/ilZIdiREtjjJoA9Tk8VQwaWZJdqbgyjjrjvUXgfxJb2txc3k8yxNcMFAd9uQvc\\/UmvHr\\/AFm6ndVkmO1VAWMDgCqj3s0hKvKzEknHPWgZ6\\/8AFD4ySXLQaXpMkcsMCMXuBz85xkL24AFeWz+JdUu2zLeysewzx+VZgbJx60hAGOPmJ7mlsIknnlvGBlkaRj\\/E7ZqL7uQMnFLnpznPTNLgDGOhPSmADHQkEfzo4zx07YoPTHftTSMDPqemKAFAIzj+fNAPPYfSlI2gY4HbmkbPTueaAA\\/T6UegwAOtCpg8nrz60AE8HnHSgAzwT9e9BG4Hv9Dmhgoxx+GKAQOSeKADJBoHf+LHalXJPcd8+tN25yR3oAUYBznjrkUpJz1z7elLgbec5ppHGcEgetABjJ6n\\/GlwSB0J9e9KCc88DHANKoJfA4+lACdcc04jA4Ix60zAJx0p+AVyeSaAGMBzjFaWhymG9jOQoHY1n8MoyM\\/hUtnKySqwO3B7dqAO28SaaboJMDxtyazfC8htNUidHMbKww9a9vc\\/bNOZHzgjFY6wG2k2g8k9aAPrzR7lbvRtNuInEjI6NuHbmvs7wNLv0K3yf4fz4r4O+GF8s3gyGPd+9jXoD93mvuP4dSl\\/Dtqc8lBz+FclTQ3gdhvJ5Xp9KKrgj1orG5pY8KuLcg9RjPbvSxqUGSOcZwKnuf8AV\\/8AAv8AClj6H\\/dH9aYFFrfJ4GDnGTVqC3YjkY7UH\\/Vx\\/wC9\\/SrkX3n\\/AM9qAKi2YPBJYH\\/69PW26HOe30q2f9ZF9f6mm9l\\/3qAI\\/s2BuHWr1uhyMr17dBTIv9T+FX4f60mNIljiJ4CnFWFgyuSCpHvT4uj1NP8Af\\/Ef0qRlGaIdMexqsQxBBAwDz7Vem6tUL\\/6w\\/hQBXCEfNkilCAsc5HfFWD\\/q\\/wAf6VHF\\/F\\/vf4UANEQAJIPvUsKY46ZHanS\\/6lfqv9Kkj+8PxoAYylc88j9Kp3XL5PI61oH\\/AFZ+v9aqXPU\\/7g\\/nQBl3Hyk4xtyTxVGW6eJsYHPf0q5N1FZ1x\\/qx+H86skIrliQCMk+laUVwW+7xntWTF\\/r0rWtOn4UgTHxy7jk8ZHApxmxzkE+maiXp+NQt\\/rJPqP50FFvzgV4ORTlwW4I9\\/Wqyf8ekP1H8qmH+sT6j+tFhXHPcbXAIz34NIbwFB8xxzxmqdx\\/rX\\/3TSf8ALJvx\\/mKLBc0VvNy9e3ABqZbvGPmHPH1rLj\\/j\\/GrEf3D9P6UmFzThvAhIDA+9Sy3gJwcVlxfehpZPun8aQXLwuBu9M9jTluhkgnAz0zWeOq1Mf4fof60DL4nB7jJ71btn3c9j2rIH3H+n+NaVh\\/x7D8KAL5m2qTjtSeaCOx+tQP8A8e7fQ0k3RfrQBJJLt9+Oxqq8+SevPpTZPur9KhH+rSgC0LkDGOM+lSCfJHoO9Zs3+t\\/AVND0i\\/GgCw8mQfTFQp88oUtzmppev4VV07\\/j5T6igCx4x1JtK8J6nOqn5LZ2Htha\\/H3Vbp77Ubq4kbfJLKzsx5ySSa\\/XH4r\\/APJN\\/EH\\/AF5S\\/wDoLV+Qs3U\\/Q11UdmYVB0C5mXgelbMByMdyc8VlWn3k\\/D+Va1n\\/AK0V0mJUu4W84jqf5Vc0aJDdN5iZwjH8cUyf\\/Wy1NpX\\/AC1\\/3G\\/lQBUMkQb5g20eh61DdESREqCBjnJpYerfQ\\/zpLr+GgDLbls4GcZNNfGeO9L\\/Gf96kb7p\\/z60AGcHHYfpQB8vqSe9LJ0P0H9KVPuH\\/AHh\\/KgBu3PfJoIBYZAOTj260Sf6tqVf9b+P9BQA1QR0H45pMY4HanN9xv896G+8v4UAIMr3z7V1XgyJpLTVzlRH9nzuJPXIwOO9cr\\/y1b6j+tdX4K\\/5Buuf9c0\\/9CoAxThA2Y8sT1Jpo4P1p7f8AHw\\/1P9art94\\/UfzoAkuYXaNWVSVHX2qhnnA47Vp3f3F\\/H+VZ8fQ0ANJwccY6Ufe754ximxf6xvwpy\\/6t\\/wAf6UAGeQBScEZHI96Q\\/wCu\\/AVIv8X0oAavz8AY+tTWcv2e6ikZRIqtnDd6hj\\/4+Pw\\/oasCgDpfHWvL4p1x78WkOno0UaiG3QKi7VA6DvxXLwSlJY5AcFDnPpWzqH3pfqaw4\\/vH\\/d\\/woA7DxX44i8S+H7G0ltib62AHnsckgVxgwA3XpUz\\/AH3+pqB\\/utQA4Z7dugpSdx6A\\/WiP7zf71NX\\/AFRoAVBxjdjNBAXnrnj6Ui9D9aaPvPQBICe\\/b8BSEgEUkP8Aqm+n+NK33Y\\/92gA6ZBwTU0UZJxkHnAJqKTr\\/AMCP8qsfwxUAV5TukLYzRjpnIB5pF7fj\\/OkXt9aAHA8E9R3NNbOBhvwpZP8AGkfr+VAChRjII4PSjbk5J59qdH99Poak7r9KAIQCM59PWgjBHPFKP9bSS\\/w\\/73+FAAM5PqfT2pV9DwfY0qfeP+e1MX7rfUUAOLYIPB9c0NkdecUR\\/wAX1pF+6n0\\/pQAp7dCaQ4PUjPapE\\/1R+n+FQDqfoKAJQFyc+mc0Ke2CSfWkbt9KkH3V+tAERIz19hThg4PUUxfut9TUif6pP896AEHfnt2pyg99uT396IfvP9f8Klj\\/AIv9+gCuMhvQZqRSMcd+oph6r\\/u\\/1p9v\\/q2+tAEsibogxIHHJFV0J3A8881ZH\\/Hoah\\/5aH8aAOy8PzxtbhWxv96vahZbmVh0B\\/Wue8Nf6411d32\\/36APU\\/hTdCPSriHJwBkD07196\\/CW6W68MWbfeIjHJ+lfn98Kf9VP\\/uj+tfePwS\\/5FK2\\/3F\\/kK5avRm0D0URbucgfjRUbfeNFcxrc\\/9k=\",\"margin\":[-40,16,0,0],\"width\":595},{\"margin\":[-20,-150,0,0],\"columnGap\":8,\"columns\":[{\"width\":\"auto\",\"text\":\"$toLabel:\",\"style\":\"bold\",\"color\":\"#cd5138\"},{\"width\":\"*\",\"stack\":\"$clientDetails\",\"margin\":[4,0,0,0]}]},{\"margin\":[-20,10,0,140],\"columnGap\":8,\"columns\":[{\"width\":\"auto\",\"text\":\"$fromLabel:\",\"style\":\"bold\",\"color\":\"#cd5138\"},{\"width\":\"*\",\"stack\":[{\"width\":150,\"stack\":\"$accountDetails\"},{\"width\":150,\"stack\":\"$accountAddress\"}]}]},{\"canvas\":[{\"type\":\"line\",\"x1\":0,\"y1\":5,\"x2\":515,\"y2\":5,\"lineWidth\":1.5}],\"margin\":[0,0,0,-30]},{\"style\":\"invoiceLineItemsTable\",\"table\":{\"headerRows\":1,\"widths\":\"$invoiceLineItemColumns\",\"body\":\"$invoiceLineItems\"},\"layout\":{\"hLineWidth\":\"$notFirst:.5\",\"vLineWidth\":\"$none\",\"hLineColor\":\"#000000\",\"paddingLeft\":\"$amount:8\",\"paddingRight\":\"$amount:8\",\"paddingTop\":\"$amount:10\",\"paddingBottom\":\"$amount:10\"}},{\"columns\":[\"$notesAndTerms\",{\"alignment\":\"right\",\"table\":{\"widths\":[\"*\",\"40%\"],\"body\":\"$subtotals\"},\"layout\":{\"hLineWidth\":\"$none\",\"vLineWidth\":\"$none\",\"paddingLeft\":\"$amount:34\",\"paddingRight\":\"$amount:8\",\"paddingTop\":\"$amount:4\",\"paddingBottom\":\"$amount:4\"}}]},\"$signature\",{\"stack\":[\"$invoiceDocuments\"],\"style\":\"invoiceDocuments\"}],\"defaultStyle\":{\"fontSize\":\"$fontSize\",\"margin\":[8,4,8,4]},\"footer\":{\"columns\":[{\"text\":\"$invoiceFooter\",\"alignment\":\"left\"}],\"margin\":[40,-20,40,0]},\"styles\":{\"accountDetails\":{\"margin\":[0,0,0,3]},\"accountAddress\":{\"margin\":[0,0,0,3]},\"clientDetails\":{\"margin\":[0,0,0,3]},\"productKey\":{\"color\":\"$primaryColor:#cd5138\"},\"lineTotal\":{\"alignment\":\"right\"},\"tableHeader\":{\"bold\":true,\"fontSize\":\"$fontSizeLarger\"},\"subtotalsBalanceDueLabel\":{\"fontSize\":\"$fontSizeLargest\"},\"subtotalsBalanceDue\":{\"fontSize\":\"$fontSizeLargest\",\"color\":\"$primaryColor:#cd5138\"},\"invoiceLineItemsTable\":{\"margin\":[0,0,0,16]},\"cost\":{\"alignment\":\"right\"},\"quantity\":{\"alignment\":\"right\"},\"tax\":{\"alignment\":\"right\"},\"termsLabel\":{\"bold\":true,\"margin\":[0,0,0,4]},\"fullheader\":{\"fontSize\":\"$fontSizeLargest\",\"bold\":true},\"help\":{\"fontSize\":\"$fontSizeSmaller\",\"color\":\"#737373\"}},\"pageMargins\":[40,30,40,30],\"background\":[{\"image\":\"$accountBackground\",\"alignment\":\"center\"}]}'),(11,'Custom1',NULL,NULL),(12,'Custom2',NULL,NULL),(13,'Custom3',NULL,NULL);

--
-- Table structure for table `invoice_items`
--

CREATE TABLE `invoice_items` (
  `id` int(10) unsigned NOT NULL AUTO_INCREMENT,
  `account_id` int(10) unsigned NOT NULL,
  `user_id` int(10) unsigned NOT NULL,
  `invoice_id` int(10) unsigned NOT NULL,
  `product_id` int(10) unsigned DEFAULT NULL,
  `created_at` timestamp NULL DEFAULT NULL,
  `updated_at` timestamp NULL DEFAULT NULL,
  `deleted_at` timestamp NULL DEFAULT NULL,
  `product_key` varchar(255) COLLATE utf8_unicode_ci NOT NULL,
  `notes` text COLLATE utf8_unicode_ci NOT NULL,
  `cost` decimal(15,4) NOT NULL,
  `qty` decimal(15,4) DEFAULT '0.0000',
  `tax_name1` varchar(255) COLLATE utf8_unicode_ci DEFAULT NULL,
  `tax_rate1` decimal(13,3) DEFAULT NULL,
  `public_id` int(10) unsigned NOT NULL,
  `custom_value1` text COLLATE utf8_unicode_ci,
  `custom_value2` text COLLATE utf8_unicode_ci,
  `tax_name2` varchar(255) COLLATE utf8_unicode_ci DEFAULT NULL,
  `tax_rate2` decimal(13,3) NOT NULL,
  `invoice_item_type_id` smallint(6) NOT NULL DEFAULT '1',
  `discount` decimal(13,2) NOT NULL,
  PRIMARY KEY (`id`),
  UNIQUE KEY `invoice_items_account_id_public_id_unique` (`account_id`,`public_id`),
  KEY `invoice_items_product_id_foreign` (`product_id`),
  KEY `invoice_items_user_id_foreign` (`user_id`),
  KEY `invoice_items_invoice_id_index` (`invoice_id`),
  CONSTRAINT `invoice_items_invoice_id_foreign` FOREIGN KEY (`invoice_id`) REFERENCES `invoices` (`id`) ON DELETE CASCADE,
  CONSTRAINT `invoice_items_product_id_foreign` FOREIGN KEY (`product_id`) REFERENCES `products` (`id`) ON DELETE CASCADE,
  CONSTRAINT `invoice_items_user_id_foreign` FOREIGN KEY (`user_id`) REFERENCES `users` (`id`) ON DELETE CASCADE
) ENGINE=InnoDB AUTO_INCREMENT=310 DEFAULT CHARSET=utf8 COLLATE=utf8_unicode_ci;

--
-- Dumping data for table `invoice_items`
--

INSERT INTO `invoice_items` (`id`, `account_id`, `user_id`, `invoice_id`, `product_id`, `created_at`, `updated_at`, `deleted_at`, `product_key`, `notes`, `cost`, `qty`, `tax_name1`, `tax_rate1`, `public_id`, `custom_value1`, `custom_value2`, `tax_name2`, `tax_rate2`, `invoice_item_type_id`, `discount`) VALUES (1,1,1,1,9,'2018-04-15 05:27:25','2018-04-15 05:27:25',NULL,'Laptop Purchasing','',1700.0000,1.0000,'GST',6.000,1,NULL,NULL,'',0.000,1,0.00),(2,1,1,2,9,'2018-04-15 05:45:34','2018-04-15 05:45:34',NULL,'Laptop Purchasing','ACER SP513-52N-856T NOTEBOOK, INTEL CORE-I7, 8GB RAM, 256GB SSD, W10, GREY WITH BEG\r\nSN#:NXGR7SM00474602DCD66600',3000.0000,1.0000,'',0.000,2,NULL,NULL,'',0.000,1,0.00),(4,1,1,3,3,'2018-05-14 18:38:05','2018-05-14 18:38:05',NULL,'Hosting Renewal MRI','Domain & Hosting Renewal 19th May 2018 - 19th May 2019\r\n\r\nRemote Support For PC\r\n\r\nRemote Support For Mobile\r\n\r\nOn-site visit 19th May 2018 - 19th May 2019',4500.0000,1.0000,'',0.000,3,NULL,NULL,'',0.000,1,15.00),(6,1,1,4,3,'2018-05-14 19:42:05','2018-05-14 19:42:05',NULL,'Hosting Renewal MRI','Domain & Hosting Renewal 19th May 2018 - 19th May 2019\r\n\r\nRemote Support For PC\r\n\r\nRemote Support For Mobile\r\n\r\nOn-site visit 19th May 2018 - 19th May 2019',4000.0000,1.0000,'',0.000,4,NULL,NULL,'',0.000,1,0.00),(7,1,1,5,3,'2018-05-14 19:42:05','2018-05-14 19:42:05',NULL,'Hosting Renewal MRI','Domain & Hosting Renewal 19th May 2018 - 19th May 2019\r\n\r\nRemote Support For PC\r\n\r\nRemote Support For Mobile\r\n\r\nOn-site visit 19th May 2018 - 19th May 2019',4000.0000,1.0000,'',0.000,5,NULL,NULL,'',0.000,1,0.00),(9,1,1,6,3,'2018-05-14 20:16:44','2018-05-14 20:16:44',NULL,'Hosting Renewal MRI','Domain & Hosting Renewal 19th May 2018 - 19th May 2019\r\n\r\nRemote Support For PC\r\n\r\nRemote Support For Mobile\r\n\r\nOn-site visit 19th May 2018 - 19th May 2019',4000.0000,1.0000,'',0.000,6,NULL,NULL,'',0.000,1,0.00),(11,1,1,7,3,'2018-05-14 20:18:25','2018-05-14 20:18:25',NULL,'Hosting Renewal MRI','Domain & Hosting Renewal \r\n19th May 2018 - 19th May 2019\r\n\r\nRemote Support For PC One Year\r\n\r\nRemote Support For Mobile One Year\r\n\r\nOn-site visit 19th May 2018 - 19th May 2019',4000.0000,1.0000,'',0.000,7,NULL,NULL,'',0.000,1,0.00),(18,1,1,9,12,'2019-07-12 23:36:13','2019-07-12 23:36:13',NULL,'Website Development (Enhance From Old Website)','Enhancement Previous Website From 2 Language To Single Language',500.0000,1.0000,'',0.000,9,NULL,NULL,'',0.000,1,0.00),(27,1,1,11,NULL,'2019-07-13 07:43:21','2019-07-13 07:43:21',NULL,'Land Transportation','Grab Expenses May 2019',588.9500,1.0000,'',0.000,14,NULL,NULL,'',0.000,1,0.00),(29,1,1,12,NULL,'2019-07-13 08:03:15','2019-07-13 08:03:15',NULL,'Fuel','Shell Expenses Jun 2019',963.3400,1.0000,'',0.000,15,NULL,NULL,'',0.000,1,0.00),(30,1,1,10,13,'2019-07-13 08:10:05','2019-07-13 08:10:05',NULL,'Website Development - 2 Languages','Translate 2 Language',1150.0000,1.0000,'',0.000,16,NULL,NULL,'',0.000,1,0.00),(31,1,1,10,14,'2019-07-13 08:10:05','2019-07-13 08:10:05',NULL,'Domain & Hosting  (Linux Platform)','1 Year Fee\r\nWeb-Base File Sharing\r\nUnlimited Email\r\nWeb-Base Email Access\r\nSPAM Assassin\r\nVirus Protection\r\nMonthly Bandwidth 50GB\r\nMultiple Domain Hosting - Up To 5 Domains\r\nDisk Space 10GB',500.0000,1.0000,'',0.000,17,NULL,NULL,'',0.000,1,0.00),(32,1,1,10,15,'2019-07-13 08:10:05','2019-07-13 08:10:05',NULL,'Website & Hosting Maintenance / Support','Optional\r\nRM100 / Request\r\nRM1200 / Yearly',0.0000,1.0000,'',0.000,18,NULL,NULL,'',0.000,1,0.00),(35,1,1,13,8,'2019-07-13 10:21:04','2019-07-13 10:21:04',NULL,'Domain & Hosting Renewal TepatConsult.com','Renewal For 1 Year - tepatconsult.com\r\nWeb-Base File Sharing\r\nUnlimited Email\r\nWeb-Base Email Access\r\nSPAM Assassin\r\nVirus Protection\r\nMonthly Bandwidth 50 GB\r\nMultiple Domain Hosting Up To 5 Domain\r\nDisk Space 10 GB\r\nServer Hosting Location : Malaysia',350.0000,1.0000,'',0.000,19,NULL,NULL,'',0.000,1,0.00),(37,1,1,14,8,'2019-07-13 10:22:03','2019-07-13 10:22:03',NULL,'Domain & Hosting Renewal TepatConsult.com','Renewal For 1 Year - tepatconsult.com\r\nWeb-Base File Sharing\r\nUnlimited Email\r\nWeb-Base Email Access\r\nSPAM Assassin\r\nVirus Protection\r\nMonthly Bandwidth 50 GB\r\nMultiple Domain Hosting Up To 5 Domain\r\nDisk Space 10 GB\r\nServer Hosting Location : Malaysia',350.0000,1.0000,'',0.000,20,NULL,NULL,'',0.000,1,0.00),(43,1,1,8,8,'2019-07-13 11:05:18','2019-07-13 11:05:18',NULL,'Domain & Hosting Renewal','Renewal For 1 Year - tepatconsult.com\r\nWeb-Base File Sharing\r\nUnlimited Email\r\nWeb-Base Email Access\r\nSPAM Assassin\r\nVirus Protection\r\nMonthly Bandwidth 50 GB\r\nMultiple Domain Hosting Up To 5 Domain\r\nDisk Space 10 GB\r\nServer Hosting Location : Malaysia',350.0000,1.0000,'',0.000,23,NULL,NULL,'',0.000,1,0.00),(46,1,1,16,57,'2019-07-14 10:07:55','2019-07-14 10:07:55',NULL,'Testing','Testing',1.0000,1.0000,'',0.000,24,NULL,NULL,'',0.000,1,0.00),(47,1,1,16,57,'2019-07-14 10:07:55','2019-07-14 10:08:52',NULL,'Gateway Fee Item','Gateway Fee Surcharge • 14-July-2019',2.0300,1.0000,'',0.000,25,NULL,NULL,'',0.000,4,0.00),(50,1,1,17,57,'2019-07-14 10:22:22','2019-07-14 10:22:22',NULL,'Testing','Testing',1.0000,1.0000,'',0.000,26,NULL,NULL,'',0.000,1,0.00),(51,1,1,17,57,'2019-07-14 10:22:22','2019-07-14 10:23:01',NULL,'Gateway Fee Item','Gateway Fee Surcharge • 14-July-2019',2.2600,1.0000,'',0.000,27,NULL,NULL,'',0.000,4,0.00),(63,1,1,18,57,'2019-07-14 10:45:21','2019-07-14 10:45:21',NULL,'Testing','Testing',1.0000,1.0000,'',0.000,28,NULL,NULL,'',0.000,1,0.00),(64,1,1,18,57,'2019-07-14 10:45:21','2019-07-14 10:47:10',NULL,'Gateway Fee Item','Gateway Fee Surcharge • 14-July-2019',2.2400,1.0000,'',0.000,29,NULL,NULL,'',0.000,4,0.00),(72,1,1,19,57,'2019-07-14 11:48:38','2019-07-14 11:48:38',NULL,'Testing','Testing',1.0000,1.0000,'',0.000,30,NULL,NULL,'',0.000,1,0.00),(73,1,1,19,57,'2019-07-14 11:48:39','2019-07-14 11:51:54',NULL,'Gateway Fee Item','Gateway Fee Surcharge • 14-July-2019',2.0500,1.0000,'',0.000,31,NULL,NULL,'',0.000,4,0.00),(82,1,1,20,NULL,'2019-07-14 12:06:06','2019-07-14 12:06:06',NULL,'Testing','Testing',1.0000,1.0000,'',0.000,32,NULL,NULL,'',0.000,1,0.00),(83,1,1,20,NULL,'2019-07-14 12:06:06','2019-07-14 12:07:13',NULL,'Gateway Fee Item','Gateway Fee Surcharge • 14-July-2019',2.1200,1.0000,'',0.000,33,NULL,NULL,'',0.000,4,0.00),(85,1,1,21,57,'2019-07-14 12:29:05','2019-07-14 12:29:05',NULL,'Testing','Testing',1.0000,1.0000,'',0.000,34,NULL,NULL,'',0.000,1,0.00),(96,1,2,22,57,'2019-07-14 13:15:05','2019-07-14 13:15:05',NULL,'Testing','Testing',1.0000,1.0000,'',0.000,35,NULL,NULL,'',0.000,1,0.00),(99,1,2,23,57,'2019-07-14 13:17:42','2019-07-14 13:17:42',NULL,'Testing','Testing',1.0000,1.0000,'',0.000,36,NULL,NULL,'',0.000,1,0.00),(100,1,2,23,57,'2019-07-14 13:17:42','2019-07-14 13:21:30',NULL,'Gateway Fee Item','Gateway Fee Surcharge • 14-July-2019',2.1200,1.0000,'',0.000,37,NULL,NULL,'',0.000,4,0.00),(105,1,1,24,57,'2019-07-15 04:59:46','2019-07-15 04:59:46',NULL,'Testing','Testing',5.0000,1.0000,'',0.000,38,NULL,NULL,'',0.000,1,0.00),(106,1,1,24,57,'2019-07-15 04:59:46','2019-07-15 04:59:46',NULL,'Gateway Fee Item','Gateway Fee Surcharge • 14-July-2019',2.2800,1.0000,'',0.000,39,NULL,NULL,'',0.000,3,0.00),(111,1,2,25,57,'2019-07-17 06:31:56','2019-07-17 06:31:56',NULL,'Testing','Testing',1.0000,1.0000,'',0.000,40,NULL,NULL,'',0.000,1,0.00),(112,1,2,25,57,'2019-07-17 06:31:56','2019-07-17 06:33:16',NULL,'Gateway Fee Item','Gateway Fee Surcharge • 16-July-2019',2.2400,1.0000,'',0.000,41,NULL,NULL,'',0.000,4,0.00),(117,1,1,26,57,'2019-07-18 09:13:10','2019-07-18 09:13:10',NULL,'Testing','Testing',5.0000,1.0000,'',0.000,42,NULL,NULL,'',0.000,1,0.00),(118,1,1,26,57,'2019-07-18 09:13:10','2019-07-18 09:13:10',NULL,'Gateway Fee Item','Gateway Fee Surcharge • 18-July-2019',3.8000,1.0000,'',0.000,43,NULL,NULL,'',0.000,3,0.00),(120,1,1,27,57,'2019-07-18 09:19:02','2019-07-18 09:19:02',NULL,'Testing','Testing',5.0000,1.0000,'',0.000,44,NULL,NULL,'',0.000,1,0.00),(121,1,1,27,57,'2019-07-18 09:19:02','2019-07-18 09:19:02',NULL,'Gateway Fee Item','Gateway Fee Surcharge • 18-July-2019',0.0500,1.0000,'',0.000,45,NULL,NULL,'',0.000,3,0.00),(128,1,1,28,57,'2019-07-18 10:13:50','2019-07-18 10:13:50',NULL,'Testing','Testing',50.0000,1.0000,'',0.000,46,NULL,NULL,'',0.000,1,0.00),(129,1,1,29,57,'2019-07-18 12:47:19','2019-07-18 12:47:19',NULL,'Testing','Testing',10.0000,1.0000,'',0.000,47,NULL,NULL,'',0.000,1,0.00),(130,1,1,30,57,'2019-07-23 23:18:45','2019-07-23 23:18:45',NULL,'Testing','Testing',1.0000,1.0000,'',0.000,48,NULL,NULL,'',0.000,1,0.00),(131,1,1,15,8,'2019-08-30 21:18:59','2019-08-30 21:18:59',NULL,'Domain & Hosting Renewal','Renewal For 1 Year - tourguide.asia\r\nWeb-Base File Sharing\r\nUnlimited Email\r\nWeb-Base Email Access\r\nSPAM Assassin\r\nVirus Protection\r\nMonthly Bandwidth 50 GB\r\nMultiple Domain Hosting Up To 5 Domain\r\nDisk Space 10 GB\r\nServer Hosting Location : Malaysia',300.0000,1.0000,'',0.000,49,NULL,NULL,'',0.000,1,0.00),(132,1,1,31,8,'2019-09-08 23:43:11','2019-09-08 23:43:11',NULL,'Domain & Hosting Renewal','Renewal For 1 Year - tourguide.asia\r\nWeb-Base File Sharing\r\nUnlimited Email\r\nWeb-Base Email Access\r\nSPAM Assassin\r\nVirus Protection\r\nMonthly Bandwidth 50 GB\r\nMultiple Domain Hosting Up To 5 Domain\r\nDisk Space 10 GB\r\nServer Hosting Location : Malaysia',300.0000,1.0000,'',0.000,50,'','','',0.000,1,0.00),(136,1,1,32,8,'2019-10-03 08:45:31','2019-10-03 08:45:31',NULL,'Domain & Hosting Renewal','Renewal For 1 Year - tepatconsult.com\r\nWeb-Base File Sharing\r\nUnlimited Email\r\nWeb-Base Email Access\r\nSPAM Assassin\r\nVirus Protection\r\nMonthly Bandwidth 50 GB\r\nMultiple Domain Hosting Up To 5 Domain\r\nDisk Space 10 GB\r\nServer Hosting Location : Malaysia',350.0000,1.0000,'',0.000,51,NULL,NULL,'',0.000,1,0.00),(149,1,1,33,57,'2019-10-14 06:34:32','2019-10-14 06:34:32',NULL,'Testing','Testing',2.0000,1.0000,'',0.000,52,NULL,NULL,'',0.000,1,0.00),(157,1,1,34,57,'2019-10-15 15:43:00','2019-10-15 15:43:00',NULL,'Testing','Testing',0.5000,1.0000,'',0.000,53,NULL,NULL,'',0.000,1,0.00),(158,1,1,35,57,'2019-10-15 16:59:02','2019-10-15 16:59:02',NULL,'Testing','Testing',2.0000,1.0000,'',0.000,54,NULL,NULL,'',0.000,1,0.00),(159,1,1,36,57,'2019-10-21 07:53:05','2019-10-21 07:53:05',NULL,'Testing','Testing',12.0000,1.0000,'',0.000,55,NULL,NULL,'',0.000,1,0.00),(160,1,1,37,57,'2019-10-21 07:58:48','2019-10-21 07:58:48',NULL,'Testing','Testing',4.0000,1.0000,'',0.000,56,NULL,NULL,'',0.000,1,0.00),(161,1,1,38,57,'2019-10-21 08:03:44','2019-10-21 08:03:44',NULL,'Testing','Testing',7.9000,1.0000,'',0.000,57,NULL,NULL,'',0.000,1,0.00),(162,1,1,40,8,'2021-08-17 23:13:30','2021-08-17 23:13:30',NULL,'Domain & Hosting Renewal','Renewal For 1 Year - tepatconsult.com\r\nWeb-Base File Sharing\r\nUnlimited Email\r\nWeb-Base Email Access\r\nSPAM Assassin\r\nVirus Protection\r\nMonthly Bandwidth 50 GB\r\nMultiple Domain Hosting Up To 5 Domain\r\nDisk Space 10 GB\r\nServer Hosting Location : Malaysia',388.8900,1.0000,'',0.000,58,NULL,NULL,'',0.000,1,0.00),(164,1,1,41,8,'2021-08-17 23:40:17','2021-08-17 23:40:17',NULL,'Domain & Hosting Renewal','Renewal For 1 Year - tepatconsult.com\r\nWeb-Base File Sharing\r\nUnlimited Email\r\nWeb-Base Email Access\r\nSPAM Assassin\r\nVirus Protection\r\nMonthly Bandwidth 50 GB\r\nMultiple Domain Hosting Up To 5 Domain\r\nDisk Space 10 GB\r\nServer Hosting Location : Malaysia',388.8900,1.0000,'',0.000,59,NULL,NULL,'',0.000,1,0.00),(165,1,1,42,57,'2021-08-19 10:14:40','2021-08-19 10:14:40',NULL,'Testing','Testing',3.7300,1.0000,'',0.000,60,NULL,NULL,'',0.000,1,0.00),(166,1,1,43,8,'2021-08-19 10:45:15','2021-08-19 10:45:15',NULL,'Domain & Hosting Renewal','Renewal For 1 Year - tepatconsult.com\r\nWeb-Base File Sharing\r\nUnlimited Email\r\nWeb-Base Email Access\r\nSPAM Assassin\r\nVirus Protection\r\nMonthly Bandwidth 50 GB\r\nMultiple Domain Hosting Up To 5 Domain\r\nDisk Space 10 GB\r\nServer Hosting Location : Malaysia',355.0000,1.0000,'',0.000,61,NULL,NULL,'',0.000,1,0.00),(167,1,2,44,63,'2021-09-02 20:04:53','2021-09-02 20:04:53',NULL,'Basic Mandarin for kids: Beginners Module 1 (MAN1_3)','- Age 10-12 years old\r\n- Duration: 5 Months (1 hour per week) \r\n- Medium: Google Meet, Cisco Webex\r\n\r\nSession :-\r\n\r\nMonday 8:00pm- 9:00pm',70.0000,1.0000,'',0.000,62,NULL,NULL,'',0.000,1,0.00),(168,1,2,44,57,'2021-09-02 20:04:53','2021-09-02 20:04:53',NULL,'Testing','Testing',1.0000,1.0000,'',0.000,63,NULL,NULL,'',0.000,1,0.00),(169,1,2,45,63,'2021-09-02 21:29:42','2021-09-02 21:29:42',NULL,'Basic Mandarin for kids: Beginners Module 1 (MAN1_3)','- Age 10-12 years old\r\n- Duration: 5 Months (1 hour per week) \r\n- Medium: Google Meet, Cisco Webex\r\n\r\nSession :-\r\n\r\nMonday 8:00pm- 9:00pm',70.0000,1.0000,'',0.000,64,NULL,NULL,'',0.000,1,0.00),(170,1,2,45,59,'2021-09-02 21:29:42','2021-09-02 21:29:42',NULL,'Basic Mandarin for kids: Beginners Module 1 (MAN2_2)','- Age 7-9 years old\r\n- Duration: 5 Months (1 hour per week) \r\n- Medium: Google Meet, Cisco Webex\r\n\r\nSession :-\r\n\r\nSunday 11:30am- 12:30pm',70.0000,1.0000,'',0.000,65,NULL,NULL,'',0.000,1,0.00),(171,1,2,46,62,'2021-09-02 23:10:00','2021-09-02 23:10:00',NULL,'Basic Mandarin for kids: Beginners Module 1 (MAN1_2)','- Age 10-12 years old\r\n- Duration: 5 Months (1 hour per week) \r\n- Medium: Google Meet, Cisco Webex\r\n\r\nSession :-\r\n\r\nSunday 9:30am- 10:30am',70.0000,1.0000,'',0.000,66,NULL,NULL,'',0.000,1,0.00),(172,1,2,46,62,'2021-09-02 23:10:00','2021-09-02 23:10:00',NULL,'Basic Mandarin for kids: Beginners Module 1 (MAN1_2)','- Age 10-12 years old\r\n- Duration: 5 Months (1 hour per week) \r\n- Medium: Google Meet, Cisco Webex\r\n\r\nSession :-\r\n\r\nSunday 9:30am- 10:30am',70.0000,1.0000,'',0.000,67,NULL,NULL,'',0.000,1,0.00),(173,1,2,47,60,'2021-09-02 23:44:05','2021-09-02 23:44:05',NULL,'Basic Mandarin for kids: Beginners Module 1 (MAN0103)','- Age 7-9 years old\r\n- Duration: 5 Months (1 hour per week) \r\n- Medium: Google Meet, Cisco Webex\r\n- Payment For Month :- \r\n\r\nSession :-\r\n\r\nTuesday 8:00pm- 9:00pm (MAN0103)',70.0000,1.0000,'',0.000,68,NULL,NULL,'',0.000,1,0.00),(174,1,2,48,61,'2021-09-09 17:44:02','2021-09-09 17:44:02',NULL,'Basic Mandarin for kids: Beginners Module 1 (MAN0201)','- Age 10-12 years old\r\n- Duration: 5 Months (1 hour per week) \r\n- Medium: Google Meet, Cisco Webex\r\n- Payment For Month:- September\r\n- Student\'s Name: Muhammad Rayyan bin Mohamad Zulfadhli\r\n\r\nSession :-\r\n\r\nSaturday 9:30am- 10:30am (MAN0201)',70.0000,1.0000,'',0.000,69,NULL,NULL,'',0.000,1,0.00),(175,1,2,48,61,'2021-09-09 17:44:02','2021-09-09 17:44:02',NULL,'','Manual (with postage)',30.0000,1.0000,'',0.000,70,NULL,NULL,'',0.000,1,0.00),(176,1,2,49,61,'2021-09-09 17:56:52','2021-09-09 17:56:52',NULL,'Basic Mandarin for kids: Beginners Module 1 (MAN0201)','- Age 10-12 years old\r\n- Duration: 5 Months (1 hour per week) \r\n- Medium: Google Meet, Cisco Webex\r\n- Payment For Month:- September 2021-January 2022\r\n- Student\'s Name: Ahmad Syafiq bin Ahmad Sallehuddin\r\n\r\nSession :-\r\n\r\nSaturday 9:30am- 10:30am (MAN0201)',350.0000,1.0000,'',0.000,71,NULL,NULL,'',0.000,1,0.00),(177,1,2,49,61,'2021-09-09 17:56:52','2021-09-09 17:56:52',NULL,'','Manual (with postage)',30.0000,1.0000,'',0.000,72,NULL,NULL,'',0.000,1,0.00),(178,1,2,50,58,'2021-09-09 18:02:39','2021-09-09 18:02:39',NULL,'Basic Mandarin for kids: Beginners Module 1 (MAN0101)','- Age 7-9 years old\r\n- Duration: 5 Months (1 hour per week) \r\n- Medium: Google Meet, Cisco Webex\r\n- Payment For Month: September 2021\r\n- Student\'s Name: Nur Maisarah bte Asri\r\n\r\nSession :-\r\n\r\nSaturday 11:30am- 12:30pm (MAN0101)',70.0000,1.0000,'',0.000,73,NULL,NULL,'',0.000,1,0.00),(179,1,2,50,58,'2021-09-09 18:02:39','2021-09-09 18:02:39',NULL,'','Manual (with postage)',30.0000,1.0000,'',0.000,74,NULL,NULL,'',0.000,1,0.00),(182,1,2,52,59,'2021-09-09 18:14:37','2021-09-09 18:14:37',NULL,'Basic Mandarin for kids: Beginners Module 1 (MAN0102)','- Age 7-9 years old\r\n- Duration: 5 Months (1 hour per week) \r\n- Medium: Google Meet, Cisco Webex\r\n- Payment For Month: September 2021\r\n- Student\'s Name: Ainul Aisyah\r\n\r\nSession :-\r\n\r\nSunday 11:30am- 12:30pm (MAN0102)',70.0000,1.0000,'',0.000,77,NULL,NULL,'',0.000,1,0.00),(183,1,2,52,59,'2021-09-09 18:14:37','2021-09-09 18:14:37',NULL,'','Manual',22.0000,1.0000,'',0.000,78,NULL,NULL,'',0.000,1,0.00),(184,1,2,51,58,'2021-10-12 14:19:26','2021-10-12 14:19:26',NULL,'Basic Mandarin for kids: Beginners Module 1 (MAN0101)','- Age 7-9 years old\r\n- Duration: 5 Months (1 hour per week) \r\n- Medium: Google Meet, Cisco Webex\r\n- Payment For Month: September 2021\r\n- Student\'s Name: Iris Sophia \r\nSession :-\r\n\r\nSaturday 11:30am- 12:30pm (MAN0101)',70.0000,1.0000,'',0.000,79,NULL,NULL,'',0.000,1,0.00),(185,1,2,51,58,'2021-10-12 14:19:26','2021-10-12 14:19:26',NULL,'','Manual (with postage)',30.0000,1.0000,'',0.000,80,NULL,NULL,'',0.000,1,0.00),(188,1,2,54,64,'2021-10-12 15:29:13','2021-10-12 15:29:13',NULL,'Basic Mandarin for kids: CS Std Module 1 (MAN0402)','- Age 8 years old\r\n- Duration: 5 Months (1 hour per week) \r\n- Medium: Google Meet, Cisco Webex\r\n- Payment for Month :- October 2021\r\n- Student\'s Name: Sofea Qaleesya binti Shahrul Aizat 苏菲亚 sū fēi yà\r\n\r\nSession :-\r\n\r\nFriday 8:00pm- 9:00pm (MAN402)',100.0000,1.0000,'',0.000,82,NULL,NULL,'',0.000,1,0.00),(190,1,2,55,61,'2021-10-12 18:38:36','2021-10-12 18:38:36',NULL,'Basic Mandarin for kids: Beginners Module 1 (MAN0201)','- Age 10-12 years old\r\n- Duration: 5 Months (1 hour per week) \r\n- Medium: Google Meet, Cisco Webex\r\n- Payment For Month:- October 2021\r\n- Student\'s Name: Muhammad Rayyan bin Mohamad Zulfadhli\r\n\r\nSession :-\r\n\r\nSaturday 11:30am- 12:30am (MAN101)',70.0000,1.0000,'',0.000,83,NULL,NULL,'',0.000,1,0.00),(191,1,2,56,58,'2021-10-12 18:43:09','2021-10-12 18:43:09',NULL,'Basic Mandarin for kids: Beginners Module 1 (MAN0101)','- Age 7-9 years old\r\n- Duration: 5 Months (1 hour per week) \r\n- Medium: Google Meet, Cisco Webex\r\n- Payment For Month: October 2021\r\n- Student\'s Name: Nur Maisarah bte Asri\r\n\r\nSession :-\r\n\r\nSaturday 11:30am- 12:30pm (MAN0101)',70.0000,1.0000,'',0.000,84,NULL,NULL,'',0.000,1,0.00),(192,1,2,57,65,'2021-10-12 19:21:22','2021-10-12 19:21:22',NULL,'Basic Mandarin for kids: Beginners Module 1 (MAN101)','- Age 11 years old\r\n- Duration: 5 Months (1 hour per week) \r\n- Medium: Google Meet, Cisco Webex\r\n- Payment For Month: October 2021\r\n- Student\'s Name: Nur Hadirah Humayraa\r\n\r\nSession :-\r\n\r\nSaturday 11:30am- 12:30pm (MAN101)',70.0000,1.0000,'',0.000,85,NULL,NULL,'',0.000,1,0.00),(193,1,2,57,65,'2021-10-12 19:21:22','2021-10-12 19:21:22',NULL,'','Mandarin Book',30.0000,1.0000,'',0.000,86,NULL,NULL,'',0.000,1,0.00),(194,1,2,53,65,'2021-10-12 19:50:32','2021-10-12 19:50:32',NULL,'Basic Mandarin for kids: Beginners Module 1 (MAN101)','- Age 7-9 years old\r\n- Duration: 5 Months (1 hour per week) \r\n- Medium: Google Meet, Cisco Webex\r\n- Payment For Month: October 2021\r\n- Student\'s Name: Iris Sophia \r\nSession :-\r\n\r\nThursday 8:00PM- 9:00PM (MAN301)',70.0000,1.0000,'',0.000,87,NULL,NULL,'',0.000,1,0.00),(195,1,2,58,66,'2021-10-12 20:04:35','2021-10-12 20:04:35',NULL,'MAN301','ELEMENTARY MANDARIN',70.0000,1.0000,'',0.000,88,NULL,NULL,'',0.000,1,0.00),(196,1,2,59,67,'2021-10-12 20:08:40','2021-10-12 20:08:40',NULL,'MAN402','SRJKC YEAR 2',100.0000,1.0000,'',0.000,89,NULL,NULL,'',0.000,1,0.00),(197,1,2,60,68,'2021-10-12 20:11:44','2021-10-12 20:11:44',NULL,'MAN101','BASIC MANDARIN FOR KIDS 1',70.0000,1.0000,'',0.000,90,NULL,NULL,'',0.000,1,0.00),(198,1,2,61,68,'2021-10-12 20:14:36','2021-10-12 20:14:36',NULL,'MAN101','BASIC MANDARIN FOR KIDS 1',70.0000,1.0000,'',0.000,91,NULL,NULL,'',0.000,1,0.00),(199,1,2,62,68,'2021-10-12 20:18:14','2021-10-12 20:18:14',NULL,'MAN101','BASIC MANDARIN FOR KIDS 1',70.0000,1.0000,'',0.000,92,NULL,NULL,'',0.000,1,0.00),(200,1,2,62,68,'2021-10-12 20:18:14','2021-10-12 20:18:14',NULL,'','MANDARIN BOOK  + POSTAGE',30.0000,1.0000,'',0.000,93,NULL,NULL,'',0.000,1,0.00),(201,1,2,63,68,'2021-10-12 20:22:10','2021-10-12 20:22:10',NULL,'MAN101','BASIC MANDARIN FOR KIDS 1',70.0000,1.0000,'',0.000,94,NULL,NULL,'',0.000,1,0.00),(202,1,2,63,68,'2021-10-12 20:22:10','2021-10-12 20:22:10',NULL,'','MANDARIN BOOK + POSTAGE',23.0000,1.0000,'',0.000,95,NULL,NULL,'',0.000,1,0.00),(203,1,2,64,68,'2021-10-12 20:33:27','2021-10-12 20:33:27',NULL,'MAN101','BASIC MANDARIN FOR KIDS 1',140.0000,1.0000,'',0.000,96,NULL,NULL,'',0.000,1,0.00),(206,1,2,65,68,'2021-10-12 20:47:20','2021-10-12 20:47:20',NULL,'MAN101','BASIC MANDARIN FOR KIDS 1 (2 STUDENTS)',140.0000,1.0000,'',0.000,97,NULL,NULL,'',0.000,1,0.00),(207,1,2,65,68,'2021-10-12 20:47:20','2021-10-12 20:47:20',NULL,'','MANDARIN BOOK + POSTAGE',30.0000,2.0000,'',0.000,98,NULL,NULL,'',0.000,1,0.00),(208,1,2,66,68,'2021-10-12 20:49:18','2021-10-12 20:49:18',NULL,'MAN101','BASIC MANDARIN FOR KIDS 1 (2 STUDENTS)',70.0000,2.0000,'',0.000,99,NULL,NULL,'',0.000,1,0.00),(211,1,2,67,68,'2021-10-12 20:59:59','2021-10-12 20:59:59',NULL,'MAN101','BASIC MANDARIN FOR KIDS 1',70.0000,1.0000,'',0.000,100,NULL,NULL,'',0.000,1,0.00),(212,1,2,67,68,'2021-10-12 20:59:59','2021-10-12 20:59:59',NULL,'','MANDARIN BOOK',22.0000,1.0000,'',0.000,101,NULL,NULL,'',0.000,1,0.00),(213,1,2,68,68,'2021-10-12 21:01:38','2021-10-12 21:01:38',NULL,'MAN101','BASIC MANDARIN FOR KIDS 1',70.0000,1.0000,'',0.000,102,NULL,NULL,'',0.000,1,0.00),(215,1,2,69,68,'2021-10-21 15:44:52','2021-10-21 15:44:52',NULL,'MAN101','BASIC MANDARIN FOR KIDS 1 (3 Copies Manual + Courier)',290.0000,1.0000,'',0.000,103,NULL,NULL,'',0.000,1,0.00),(216,1,1,70,69,'2021-12-14 10:45:25','2021-12-14 10:45:25',NULL,'HP Laptop Notebook 15s-fq2513TU Gold (15.6\"/1366x768/Intel Core i3-1115G4/512 GB PCIe NVMe M.2 SSD/Intel UHD Graphics)','Operating system	Windows 10 Home Single Language 64\r\nProcessor	Intel® Core™ i3-1115G4 (up to 4.1 GHz with Intel® Turbo Boost Technology, 6 MB L3 cache, 2 cores)\r\nChipset	Intel® Integrated SoC\r\nForm factor	Standard laptop\r\nMEMORY\r\nMemory	8 GB DDR4-2666 MHz RAM (1 x 8 GB)\r\nSTORAGE\r\nHard drive description	512 GB PCIe® NVMe™ M.2 SSD\r\nStorage type	SSD\r\nOptical drive	Optical drive not included\r\nDISPLAY AND GRAPHICS\r\nDisplay	15.6\" diagonal, HD (1366 x 768), micro-edge, BrightView, 250 nits, 45% NTSC\r\nGraphics	Intel® UHD Graphics',2619.0000,1.0000,'',0.000,104,NULL,NULL,'',0.000,1,0.00),(218,1,2,72,65,'2022-02-27 04:32:44','2022-02-27 04:32:44',NULL,'Basic Mandarin for kids: Beginners Module 1 (MAN101)','- Age 7-12 years old\r\n- Duration: 4 Months (1 hour per week) \r\n- Medium: Google Meet, Cisco Webex\r\n- Payment For Month:- OCT 2021 - JAN 2022\r\n\r\nSession :-\r\n\r\nTHURSDAY 8-9PM',210.0000,4.0000,'',0.000,106,NULL,NULL,'',0.000,1,0.00),(221,1,2,71,70,'2022-02-27 09:39:38','2022-02-27 09:39:38',NULL,'Basic Mandarin for kids: Beginners Module 1','- Age 7-9 years old\r\n- Duration: 5 Months (1 hour per week) \r\n- Medium: Google Meet, Cisco Webex\r\n- Payment For Month: October 2021\r\n- Student\'s Name: Nur Maisarah bte Asri\r\n\r\nSession :-\r\n\r\nSaturday 11:30am- 12:30pm (MAN0101)',70.0000,3.0000,'',0.000,107,NULL,NULL,'',0.000,1,0.00),(222,1,2,73,68,'2022-02-27 09:45:50','2022-02-27 09:45:50',NULL,'MAN101','BASIC MANDARIN FOR KIDS 1',210.0000,3.0000,'',0.000,108,NULL,NULL,'',0.000,1,0.00),(225,1,2,76,68,'2022-02-27 10:18:00','2022-02-27 10:18:00',NULL,'MAN101','BASIC MANDARIN FOR KIDS 1',70.0000,4.0000,'',0.000,111,NULL,NULL,'',0.000,1,0.00),(226,1,2,77,71,'2022-03-13 04:02:38','2022-03-13 04:02:38',NULL,'MAN102','BASIC MANDARIN FOR BEGINNERS LEVEL 2',75.0000,3.0000,'',0.000,112,NULL,NULL,'',0.000,1,0.00),(227,1,2,75,71,'2022-03-13 04:06:04','2022-03-13 04:06:04',NULL,'MAN102','BASIC MANDARIN FOR BEGINNERS LEVEL 2',100.0000,1.0000,'',0.000,113,NULL,NULL,'',0.000,1,0.00),(228,1,2,74,71,'2022-03-13 04:09:09','2022-03-13 04:09:09',NULL,'MAN102','BASIC MANDARIN FOR BEGINNERS LEVEL 2',75.0000,1.0000,'',0.000,114,NULL,NULL,'',0.000,1,0.00),(229,1,2,78,71,'2022-03-13 04:14:42','2022-03-13 04:14:42',NULL,'MAN102','BASIC MANDARIN FOR BEGINNERS LEVEL 2',100.0000,5.0000,'',0.000,115,NULL,NULL,'',0.000,1,0.00),(230,1,2,79,68,'2022-03-13 05:45:35','2022-03-13 05:45:35',NULL,'MAN101','BASIC MANDARIN FOR BEGINNERS LEVEL 1',100.0000,1.0000,'',0.000,116,NULL,NULL,'',0.000,1,0.00),(231,1,2,80,72,'2022-03-13 06:02:05','2022-03-13 06:02:05',NULL,'MAN101','BASIC MANDARIN FOR BEGINNERS LEVEL 1',100.0000,2.0000,'',0.000,117,NULL,NULL,'',0.000,1,0.00),(232,1,2,81,72,'2022-03-13 06:12:46','2022-03-13 06:12:46',NULL,'MAN101','BASIC MANDARIN FOR BEGINNERS LEVEL 1',100.0000,1.0000,'',0.000,118,NULL,NULL,'',0.000,1,0.00),(234,1,2,82,72,'2022-03-13 06:16:22','2022-03-13 06:16:22',NULL,'MAN101','BASIC MANDARIN FOR BEGINNERS LEVEL 1',100.0000,2.0000,'',0.000,119,NULL,NULL,'',0.000,1,0.00),(237,1,1,83,57,'2022-08-27 17:12:35','2022-08-27 17:12:35',NULL,'Testing','Testing',1.0000,1.0000,'',0.000,120,NULL,NULL,'',0.000,1,0.00),(238,1,1,83,57,'2022-08-27 17:12:35','2022-08-27 17:12:35',NULL,'Testing','Testing',1.0000,1.0000,'',0.000,121,NULL,NULL,'',0.000,1,0.00),(239,1,1,84,57,'2022-08-27 17:21:46','2022-08-27 17:21:46',NULL,'Testing','Testing',1.0000,1.0000,'',0.000,122,NULL,NULL,'',0.000,1,0.00),(240,1,1,84,57,'2022-08-27 17:21:47','2022-08-27 17:21:47',NULL,'Testing','Testing',1.0000,1.0000,'',0.000,123,NULL,NULL,'',0.000,1,0.00),(241,1,1,85,57,'2022-08-27 17:26:59','2022-08-27 17:26:59',NULL,'Testing','Testing',1.0000,1.0000,'',0.000,124,NULL,NULL,'',0.000,1,0.00),(242,1,1,85,57,'2022-08-27 17:26:59','2022-08-27 17:26:59',NULL,'Testing','Testing',1.0000,1.0000,'',0.000,125,NULL,NULL,'',0.000,1,0.00),(243,1,1,85,57,'2022-08-27 17:26:59','2022-08-27 17:26:59',NULL,'Testing','Testing',1.0000,1.0000,'',0.000,126,NULL,NULL,'',0.000,1,0.00),(244,1,1,85,57,'2022-08-27 17:27:00','2022-08-27 17:27:00',NULL,'Testing','Testing',1.0000,1.0000,'',0.000,127,NULL,NULL,'',0.000,1,0.00),(250,1,1,86,57,'2022-08-27 19:33:00','2022-08-27 19:33:00',NULL,'Testing','Testing',1.0000,1.0000,'',0.000,128,NULL,NULL,'',0.000,1,0.00),(251,1,1,86,57,'2022-08-27 19:33:01','2022-08-27 19:33:01',NULL,'Testing','Testing',1.0000,1.0000,'',0.000,129,NULL,NULL,'',0.000,1,0.00),(252,1,1,86,57,'2022-08-27 19:33:01','2022-08-27 19:33:01',NULL,'Testing','Testing',1.0000,1.0000,'',0.000,130,NULL,NULL,'',0.000,1,0.00),(253,1,1,86,57,'2022-08-27 19:33:03','2022-08-27 19:33:03',NULL,'Testing','Testing',1.0000,1.0000,'',0.000,131,NULL,NULL,'',0.000,1,0.00),(254,1,1,86,57,'2022-08-27 19:33:05','2022-08-27 19:33:05',NULL,'Testing','Testing',1.0000,26.0000,'',0.000,132,NULL,NULL,'',0.000,1,0.00),(255,1,1,87,73,'2024-08-21 17:02:33','2024-08-21 17:02:33',NULL,'Computer','HONOR MagicBook X15 2022',2410.0000,1.0000,'',0.000,133,NULL,NULL,'',0.000,1,0.00),(256,1,1,88,57,'2024-08-21 17:42:44','2024-08-21 17:42:44',NULL,'Testing','Testing',1.0000,7.0000,'',0.000,134,NULL,NULL,'',0.000,1,0.00),(262,1,1,89,74,'2024-09-19 12:58:18','2024-09-19 12:58:18',NULL,'Latitude 3440 Laptop','12th Gen Intel® Core™ i5-1235U (12 MB cache, 10 cores, 12 threads, up to 4.4 GHz Turbo)\r\nWindows 11 Pro, English\r\nIntegrated Intel® Iris® Xe or UHD Graphics for i5-1235U Processor\r\n14\", FHD 1920x1080, 60Hz, WVA/IPS, Non-Touch, Anti-Glare, 250 nit, NTSC 45%, FHD Camera, WLAN\r\n8 GB: 1 x 8 GB, DDR4, 3200 MT/s\r\n512GB, M.2 2230, QLC PCIe Gen 4 NVMe\r\nIntel® Wi-Fi 6E AX211, 2x2, 802.11ax, Bluetooth® wireless card\r\nStereo speakers with Waves MaxxAudio® Pro, Realtek ALC3204 Audio Controller, 2 W x 2 = 4 W total\r\n1 USB 3.2 Gen 2 Type-C® port with DisplayPort Alt mode/Power Delivery\r\n2 USB 3.2 Gen 1 port\r\n1 USB 3.2 Gen 1 port with PowerShare\r\n1 HDMI 1.4 port\r\n1 universal audio port\r\n1 power-adapter port\r\n1 RJ-45 Ethernet port',4000.0000,1.0000,'',0.000,135,NULL,NULL,'',0.000,1,0.00),(263,1,1,89,75,'2024-09-19 12:58:18','2024-09-19 12:58:18',NULL,'Warranty','Manufacturer Warranty',0.0000,1.0000,'',0.000,136,NULL,NULL,'',0.000,1,0.00),(280,1,2,90,76,'2025-07-23 10:58:16','2025-07-23 10:58:16',NULL,'CPA','Fun gamers club NG MTN#1038',0.3500,1016.0000,'',0.000,143,NULL,NULL,'',0.000,1,0.00),(281,1,2,90,76,'2025-07-23 10:58:16','2025-07-23 10:58:16',NULL,'CPA','Fun gamers club NG MTN#1038',0.3500,1009.0000,'',0.000,144,NULL,NULL,'',0.000,1,0.00),(306,1,2,91,76,'2025-07-24 01:30:16','2025-07-24 01:30:16',NULL,'CPA','Fun gamers club NG MTN#1038',0.3500,2073.0000,'',0.000,145,NULL,NULL,'',0.000,1,0.00),(307,1,2,91,76,'2025-07-24 01:30:17','2025-07-24 01:30:17',NULL,'CPA','9jakids trivia NG MTN#1047',0.3500,2424.0000,'',0.000,146,NULL,NULL,'',0.000,1,0.00),(308,1,2,91,76,'2025-07-24 01:30:17','2025-07-24 01:30:17',NULL,'CPA','E-Limu NG MTN#1046',0.3500,16631.0000,'',0.000,147,NULL,NULL,'',0.000,1,10.00),(309,1,2,91,76,'2025-07-24 01:30:17','2025-07-24 01:30:17',NULL,'CPA','Wheel of Fortune MTN#1000',0.3500,0.0000,'',0.000,148,NULL,NULL,'',0.000,1,0.00);

--
-- Table structure for table `invoice_statuses`
--

CREATE TABLE `invoice_statuses` (
  `id` int(10) unsigned NOT NULL AUTO_INCREMENT,
  `name` varchar(255) COLLATE utf8_unicode_ci NOT NULL,
  PRIMARY KEY (`id`)
) ENGINE=InnoDB AUTO_INCREMENT=7 DEFAULT CHARSET=utf8 COLLATE=utf8_unicode_ci;

--
-- Dumping data for table `invoice_statuses`
--

INSERT INTO `invoice_statuses` (`id`, `name`) VALUES (1,'Draft'),(2,'Sent'),(3,'Viewed'),(4,'Approved'),(5,'Partial'),(6,'Paid');

--
-- Table structure for table `invoices`
--

CREATE TABLE `invoices` (
  `id` int(10) unsigned NOT NULL AUTO_INCREMENT,
  `client_id` int(10) unsigned NOT NULL,
  `user_id` int(10) unsigned NOT NULL,
  `account_id` int(10) unsigned NOT NULL,
  `invoice_status_id` int(10) unsigned NOT NULL DEFAULT '1',
  `created_at` timestamp NULL DEFAULT NULL,
  `updated_at` timestamp NULL DEFAULT NULL,
  `deleted_at` timestamp NULL DEFAULT NULL,
  `invoice_number` varchar(255) COLLATE utf8_unicode_ci NOT NULL,
  `discount` decimal(13,2) NOT NULL,
  `po_number` varchar(255) COLLATE utf8_unicode_ci NOT NULL,
  `invoice_date` date DEFAULT NULL,
  `due_date` date DEFAULT NULL,
  `terms` text COLLATE utf8_unicode_ci NOT NULL,
  `public_notes` text COLLATE utf8_unicode_ci NOT NULL,
  `is_deleted` tinyint(1) NOT NULL DEFAULT '0',
  `is_recurring` tinyint(1) NOT NULL DEFAULT '0',
  `frequency_id` int(10) unsigned NOT NULL,
  `start_date` date DEFAULT NULL,
  `end_date` date DEFAULT NULL,
  `last_sent_date` date DEFAULT NULL,
  `recurring_invoice_id` int(10) unsigned DEFAULT NULL,
  `tax_name1` varchar(255) COLLATE utf8_unicode_ci NOT NULL,
  `tax_rate1` decimal(13,3) NOT NULL,
  `amount` decimal(13,2) NOT NULL,
  `balance` decimal(13,2) NOT NULL,
  `public_id` int(10) unsigned NOT NULL,
  `invoice_design_id` int(10) unsigned NOT NULL DEFAULT '1',
  `invoice_type_id` tinyint(1) NOT NULL DEFAULT '0',
  `quote_id` int(10) unsigned DEFAULT NULL,
  `quote_invoice_id` int(10) unsigned DEFAULT NULL,
  `custom_value1` decimal(13,2) NOT NULL DEFAULT '0.00',
  `custom_value2` decimal(13,2) NOT NULL DEFAULT '0.00',
  `custom_taxes1` tinyint(1) NOT NULL DEFAULT '0',
  `custom_taxes2` tinyint(1) NOT NULL DEFAULT '0',
  `is_amount_discount` tinyint(1) DEFAULT NULL,
  `invoice_footer` text COLLATE utf8_unicode_ci,
  `partial` decimal(13,2) DEFAULT NULL,
  `has_tasks` tinyint(1) NOT NULL DEFAULT '0',
  `auto_bill` tinyint(1) NOT NULL DEFAULT '0',
  `custom_text_value1` text COLLATE utf8_unicode_ci,
  `custom_text_value2` text COLLATE utf8_unicode_ci,
  `has_expenses` tinyint(1) NOT NULL DEFAULT '0',
  `tax_name2` varchar(255) COLLATE utf8_unicode_ci DEFAULT NULL,
  `tax_rate2` decimal(13,3) NOT NULL,
  `client_enable_auto_bill` tinyint(1) NOT NULL DEFAULT '0',
  `is_public` tinyint(1) NOT NULL DEFAULT '0',
  `private_notes` text COLLATE utf8_unicode_ci,
  `partial_due_date` date DEFAULT NULL,
  PRIMARY KEY (`id`),
  UNIQUE KEY `invoices_account_id_public_id_unique` (`account_id`,`public_id`),
  UNIQUE KEY `invoices_account_id_invoice_number_unique` (`account_id`,`invoice_number`),
  KEY `invoices_user_id_foreign` (`user_id`),
  KEY `invoices_invoice_status_id_foreign` (`invoice_status_id`),
  KEY `invoices_client_id_index` (`client_id`),
  KEY `invoices_account_id_index` (`account_id`),
  KEY `invoices_recurring_invoice_id_index` (`recurring_invoice_id`),
  KEY `invoices_public_id_index` (`public_id`),
  KEY `invoices_invoice_design_id_foreign` (`invoice_design_id`),
  CONSTRAINT `invoices_account_id_foreign` FOREIGN KEY (`account_id`) REFERENCES `accounts` (`id`) ON DELETE CASCADE,
  CONSTRAINT `invoices_client_id_foreign` FOREIGN KEY (`client_id`) REFERENCES `clients` (`id`) ON DELETE CASCADE,
  CONSTRAINT `invoices_invoice_design_id_foreign` FOREIGN KEY (`invoice_design_id`) REFERENCES `invoice_designs` (`id`),
  CONSTRAINT `invoices_invoice_status_id_foreign` FOREIGN KEY (`invoice_status_id`) REFERENCES `invoice_statuses` (`id`),
  CONSTRAINT `invoices_recurring_invoice_id_foreign` FOREIGN KEY (`recurring_invoice_id`) REFERENCES `invoices` (`id`) ON DELETE CASCADE,
  CONSTRAINT `invoices_user_id_foreign` FOREIGN KEY (`user_id`) REFERENCES `users` (`id`) ON DELETE CASCADE
) ENGINE=InnoDB AUTO_INCREMENT=92 DEFAULT CHARSET=utf8 COLLATE=utf8_unicode_ci;

--
-- Dumping data for table `invoices`
--

INSERT INTO `invoices` (`id`, `client_id`, `user_id`, `account_id`, `invoice_status_id`, `created_at`, `updated_at`, `deleted_at`, `invoice_number`, `discount`, `po_number`, `invoice_date`, `due_date`, `terms`, `public_notes`, `is_deleted`, `is_recurring`, `frequency_id`, `start_date`, `end_date`, `last_sent_date`, `recurring_invoice_id`, `tax_name1`, `tax_rate1`, `amount`, `balance`, `public_id`, `invoice_design_id`, `invoice_type_id`, `quote_id`, `quote_invoice_id`, `custom_value1`, `custom_value2`, `custom_taxes1`, `custom_taxes2`, `is_amount_discount`, `invoice_footer`, `partial`, `has_tasks`, `auto_bill`, `custom_text_value1`, `custom_text_value2`, `has_expenses`, `tax_name2`, `tax_rate2`, `client_enable_auto_bill`, `is_public`, `private_notes`, `partial_due_date`) VALUES (1,1,1,1,1,'2018-04-15 05:27:25','2018-04-15 05:40:50','2018-04-15 05:40:50','0001',0.00,'','2018-04-14','2018-04-30','','',1,0,0,NULL,NULL,NULL,NULL,'',0.000,1700.00,1700.00,1,9,1,NULL,NULL,0.00,0.00,0,0,0,'',0.00,0,0,NULL,NULL,0,'',0.000,0,0,'',NULL),(2,1,1,1,6,'2018-04-15 05:45:33','2018-05-14 18:39:46','2018-05-14 18:39:46','0002',0.00,'','2018-04-14','2018-04-30','','',1,0,0,NULL,NULL,NULL,NULL,'GST',6.000,3000.00,0.00,2,9,1,NULL,NULL,0.00,0.00,0,0,0,'',0.00,0,0,NULL,NULL,0,'',0.000,0,1,'',NULL),(3,1,1,1,1,'2018-05-14 16:19:27','2018-05-14 18:39:34','2018-05-14 18:39:34','0003',0.00,'','2018-05-14','2018-05-31','','',1,0,0,NULL,NULL,'0000-00-00',NULL,'',0.000,3825.00,3825.00,3,5,2,NULL,NULL,0.00,0.00,0,0,0,'',0.00,0,0,'','',0,'',0.000,0,0,'',NULL),(4,1,1,1,1,'2018-05-14 19:40:05','2018-05-14 20:14:33','2018-05-14 20:14:33','2125',10.00,'','2018-05-14','2018-05-31','','',1,0,0,NULL,NULL,NULL,NULL,'',0.000,3600.00,3600.00,4,5,2,NULL,5,0.00,0.00,0,0,0,'',0.00,0,0,NULL,NULL,0,'',0.000,0,0,'',NULL),(5,1,1,1,1,'2018-05-14 19:42:05','2018-05-14 20:14:25','2018-05-14 20:14:25','0005',10.00,'','2018-05-14','2018-05-30','','',1,0,0,NULL,NULL,NULL,NULL,'',0.000,3600.00,3600.00,5,5,1,4,NULL,0.00,0.00,0,0,0,'',0.00,0,0,NULL,NULL,0,'',0.000,0,0,NULL,NULL),(6,1,1,1,1,'2018-05-14 20:16:22','2018-05-14 20:16:44',NULL,'2521',10.00,'','2018-05-14','2018-05-31','','',0,0,0,NULL,NULL,NULL,NULL,'',0.000,3600.00,3600.00,6,5,2,NULL,7,0.00,0.00,0,0,0,'',0.00,0,0,NULL,NULL,0,'',0.000,0,0,'',NULL),(7,1,1,1,1,'2018-05-14 20:16:44','2018-05-14 20:18:25',NULL,'25213',10.00,'','2018-05-14','2018-05-30','','',0,0,0,NULL,NULL,NULL,NULL,'',0.000,3600.00,3600.00,7,5,1,6,NULL,0.00,0.00,0,0,0,'',0.00,0,0,NULL,NULL,0,'',0.000,0,0,'',NULL),(8,2,1,1,2,'2019-05-18 02:49:15','2020-09-24 02:49:10','2020-09-24 02:49:10','1558090155.876185',0.00,'37718','2019-05-17','1998-01-31','','',1,1,9,'2019-09-30','2030-09-30','2019-09-30',NULL,'',0.000,350.00,350.00,8,5,1,NULL,NULL,0.00,0.00,0,0,0,'',0.00,0,1,NULL,NULL,0,'',0.000,0,1,'',NULL),(9,3,1,1,3,'2019-07-12 23:30:29','2019-10-15 15:17:11','2019-10-15 15:17:11','5021',0.00,'','2019-07-12',NULL,'- Ordered items are subject to availability.\r\n- Goods sold are neither returnable nor refundable.\r\n- Price is subject to change without any notice.\r\n- Prepayment is allow 3 time after completion development.\r\n- Payment : Cash / Cheque / Wire Transfer\r\n- Pay to MOBTEL HUB (Maybank : 564548148577)','Unpaid Quotation - 25354A 864046 (MYR 625)',1,0,0,NULL,NULL,'2019-07-12',NULL,'',0.000,500.00,500.00,9,5,2,NULL,NULL,0.00,0.00,0,0,0,'',0.00,0,0,NULL,NULL,0,'',0.000,0,1,'',NULL),(10,3,1,1,5,'2019-07-13 04:49:10','2019-10-15 15:15:39','2019-10-15 15:15:39','864556',0.00,'864046','2018-10-02','2019-10-10','- Ordered items are subject to availability.\r\n- Goods sold are neither returnable nor refundable.\r\n- Price is subject to change without any notice.\r\n- Prepayment is allow 3 time after completion development.\r\n- Payment : Cash / Cheque / Wire Transfer\r\n- Pay to MOBTEL HUB (Maybank : 564548148577)','',1,0,0,NULL,NULL,NULL,NULL,'',0.000,1650.00,1450.00,10,5,1,NULL,NULL,0.00,0.00,0,0,0,'',130.00,0,0,NULL,NULL,0,'',0.000,0,1,'',NULL),(11,4,1,1,2,'2019-07-13 07:43:11','2019-07-13 08:05:18','2019-07-13 08:05:18','1001150',0.00,'','2019-06-26','2019-07-26','- Ordered items are subject to availability.\r\n- Goods sold are neither returnable nor refundable.\r\n- Price is subject to change without any notice.\r\n- Prepayment is allow 3 time after completion development.\r\n- Payment : Cash / Cheque / Wire Transfer\r\n- Pay to MOBTEL HUB (Maybank : 564548148577)','',1,0,0,NULL,NULL,NULL,NULL,'',0.000,588.95,588.95,11,5,1,NULL,NULL,0.00,0.00,0,0,0,'',0.00,0,0,NULL,NULL,1,'',0.000,0,1,'',NULL),(12,4,1,1,2,'2019-07-13 08:02:56','2019-07-13 08:05:13','2019-07-13 08:05:13','35300000733',0.00,'','2019-06-30','2019-07-22','- Ordered items are subject to availability.\r\n- Goods sold are neither returnable nor refundable.\r\n- Price is subject to change without any notice.\r\n- Payment : Cash / Cheque / Wire Transfer\r\n- Pay to MOBTEL HUB (Maybank : 564548148577)','',1,0,0,NULL,NULL,NULL,NULL,'',0.000,963.34,963.34,12,5,1,NULL,NULL,0.00,0.00,0,0,0,'',0.00,0,0,NULL,NULL,1,'',0.000,0,1,'',NULL),(13,2,1,1,2,'2019-07-13 10:20:24','2019-07-13 10:21:04',NULL,'333947',0.00,'','2018-10-01','2018-11-01','- Ordered items are subject to availability.\r\n- Goods sold are neither returnable nor refundable.\r\n- Price is subject to change without any notice.\r\n- Payment : Cash / Cheque / Wire Transfer\r\n- Pay to MOBTEL HUB (Maybank : 564548148577)','',0,0,0,NULL,NULL,NULL,NULL,'',0.000,350.00,350.00,13,5,2,NULL,14,0.00,0.00,0,0,0,'',0.00,0,0,NULL,NULL,0,'',0.000,0,1,'',NULL),(14,2,1,1,6,'2019-07-13 10:21:04','2019-07-13 10:23:13',NULL,'0013',0.00,'','2018-10-01','2018-11-01','- Ordered items are subject to availability.\r\n- Goods sold are neither returnable nor refundable.\r\n- Price is subject to change without any notice.\r\n- Payment : Cash / Cheque / Wire Transfer\r\n- Pay to MOBTEL HUB (Maybank : 564548148577)','',0,0,0,NULL,NULL,NULL,NULL,'',0.000,350.00,0.00,14,5,1,13,NULL,0.00,0.00,0,0,0,'',0.00,0,0,NULL,NULL,0,'',0.000,0,1,'',NULL),(15,3,1,1,2,'2019-07-13 11:00:33','2019-10-15 15:16:55','2019-10-15 15:16:55','1562958033.614152',0.00,'','2019-07-13','1998-01-31','','',1,1,9,'2019-09-08','2030-09-08','2019-09-08',NULL,'',0.000,300.00,300.00,15,5,1,NULL,NULL,0.00,0.00,0,0,0,'',0.00,0,1,NULL,NULL,0,'',0.000,0,1,'',NULL),(16,4,1,1,6,'2019-07-14 10:04:39','2019-07-14 12:22:04','2019-07-14 12:22:04','0014',0.00,'','2019-07-14','2019-07-15','- Ordered items are subject to availability.\r\n- Goods sold are neither returnable nor refundable.\r\n- Price is subject to change without any notice.\r\n- Payment : Cash / Cheque / Wire Transfer\r\n- Pay to MOBTEL HUB (Maybank : 564548148577)','',1,0,0,NULL,NULL,NULL,NULL,'',0.000,3.03,0.00,16,5,1,NULL,NULL,0.00,0.00,0,0,0,'',0.00,0,0,NULL,NULL,0,'',0.000,0,1,'',NULL),(17,4,1,1,6,'2019-07-14 10:20:41','2019-07-14 12:22:05','2019-07-14 12:22:05','0015',0.00,'','2019-07-14','2019-07-15','- Ordered items are subject to availability.\r\n- Goods sold are neither returnable nor refundable.\r\n- Price is subject to change without any notice.\r\n- Payment : Cash / Cheque / Wire Transfer\r\n- Pay to MOBTEL HUB (Maybank : 564548148577)','',1,0,0,NULL,NULL,NULL,NULL,'',0.000,3.26,0.00,17,5,1,NULL,NULL,0.00,0.00,0,0,0,'',0.00,0,0,NULL,NULL,0,'',0.000,0,1,'',NULL),(18,4,1,1,6,'2019-07-14 10:30:40','2019-07-14 12:22:05','2019-07-14 12:22:05','0016',0.00,'','2019-07-14','2019-07-15','- Ordered items are subject to availability.\r\n- Goods sold are neither returnable nor refundable.\r\n- Price is subject to change without any notice.\r\n- Payment : Cash / Cheque / Wire Transfer\r\n- Pay to MOBTEL HUB (Maybank : 564548148577)','',1,0,0,NULL,NULL,NULL,NULL,'',0.000,3.24,0.00,18,5,1,NULL,NULL,0.00,0.00,0,0,0,'',0.00,0,0,NULL,NULL,0,'',0.000,0,1,'',NULL),(19,4,1,1,2,'2019-07-14 11:26:59','2019-07-14 12:22:06','2019-07-14 12:22:06','0017',0.00,'','2019-07-14','2019-07-15','- Ordered items are subject to availability.\r\n- Goods sold are neither returnable nor refundable.\r\n- Price is subject to change without any notice.\r\n- Payment : Cash / Cheque / Wire Transfer\r\n- Pay to MOBTEL HUB (Maybank : 564548148577)','',1,0,0,NULL,NULL,NULL,NULL,'',0.000,3.05,3.05,19,5,1,NULL,NULL,0.00,0.00,0,0,0,'',0.00,0,0,NULL,NULL,0,'',0.000,0,1,'',NULL),(20,4,1,1,2,'2019-07-14 11:59:07','2019-07-14 12:22:06','2019-07-14 12:22:06','0018',0.00,'','2019-07-14','2019-07-15','- Ordered items are subject to availability.\r\n- Goods sold are neither returnable nor refundable.\r\n- Price is subject to change without any notice.\r\n- Payment : Cash / Cheque / Wire Transfer\r\n- Pay to MOBTEL HUB (Maybank : 564548148577)','',1,0,0,NULL,NULL,NULL,NULL,'',0.000,3.12,3.12,20,5,1,NULL,NULL,0.00,0.00,0,0,0,'',0.00,0,0,NULL,NULL,0,'',0.000,0,1,'',NULL),(21,4,1,1,2,'2019-07-14 12:28:54','2019-07-14 12:41:44','2019-07-14 12:41:44','0019',0.00,'','2019-07-14','2019-07-15','- Ordered items are subject to availability.\r\n- Goods sold are neither returnable nor refundable.\r\n- Price is subject to change without any notice.\r\n- Payment : Cash / Cheque / Wire Transfer\r\n- Pay to MOBTEL HUB (Maybank : 564548148577)','',1,0,0,NULL,NULL,NULL,NULL,'',0.000,1.00,1.00,21,5,1,NULL,NULL,0.00,0.00,0,0,0,'',0.00,0,0,NULL,NULL,0,'',0.000,0,1,'',NULL),(22,4,2,1,3,'2019-07-14 13:10:01','2019-07-14 13:15:57','2019-07-14 13:15:57','0020',0.00,'','2019-07-14','2019-07-15','- Ordered items are subject to availability.\r\n- Goods sold are neither returnable nor refundable.\r\n- Price is subject to change without any notice.\r\n- Payment : Cash / Cheque / Wire Transfer\r\n- Pay to MOBTEL HUB (Maybank : 564548148577)','',1,0,0,NULL,NULL,NULL,NULL,'',0.000,1.00,1.00,22,5,1,NULL,NULL,0.00,0.00,0,0,0,'',0.00,0,0,NULL,NULL,0,'',0.000,0,1,'',NULL),(23,4,2,1,2,'2019-07-14 13:16:25','2019-07-14 13:28:06','2019-07-14 13:28:06','0021',0.00,'','2019-07-14','2019-07-15','- Ordered items are subject to availability.\r\n- Goods sold are neither returnable nor refundable.\r\n- Price is subject to change without any notice.\r\n- Payment : Cash / Cheque / Wire Transfer\r\n- Pay to MOBTEL HUB (Maybank : 564548148577)','',1,0,0,NULL,NULL,NULL,NULL,'',0.000,3.12,3.12,23,5,1,NULL,NULL,0.00,0.00,0,0,0,'',0.00,0,0,NULL,NULL,0,'',0.000,0,1,'',NULL),(24,4,1,1,2,'2019-07-15 04:45:48','2019-07-15 05:01:08','2019-07-15 05:01:08','25354I-873546',0.00,'','2019-07-14','2019-07-15','- Ordered items are subject to availability.\r\n- Goods sold are neither returnable nor refundable.\r\n- Price is subject to change without any notice.\r\n- Payment : Cash / Cheque / Wire Transfer / Credit Card (Visa/MasterCard) / PayPal / Bitcoin','',1,0,0,NULL,NULL,NULL,NULL,'',0.000,7.28,7.28,24,5,1,NULL,NULL,0.00,0.00,0,0,0,'',0.00,0,0,NULL,NULL,0,'',0.000,0,1,'',NULL),(25,4,2,1,2,'2019-07-17 06:19:35','2019-07-17 06:43:30','2019-07-17 06:43:30','25354I-873547',0.00,'','2019-07-16','2019-07-17','- Ordered items are subject to availability.\r\n- Goods sold are neither returnable nor refundable.\r\n- Price is subject to change without any notice.\r\n- Payment : Cash / Cheque / Wire Transfer / Credit Card (Visa/MasterCard) / PayPal / Bitcoin','',1,0,0,NULL,NULL,NULL,NULL,'',0.000,3.24,3.24,25,5,1,NULL,NULL,0.00,0.00,0,0,0,'',0.00,0,0,NULL,NULL,0,'',0.000,0,1,'',NULL),(26,4,1,1,2,'2019-07-18 09:08:51','2019-07-18 09:14:58','2019-07-18 09:14:58','25354I-873548',0.00,'','2019-07-18','2019-07-19','- Ordered items are subject to availability.\r\n- Goods sold are neither returnable nor refundable.\r\n- Price is subject to change without any notice.\r\n- Payment : Cash / Cheque / Wire Transfer / Credit Card (Visa/MasterCard) / PayPal / Bitcoin','',1,0,0,NULL,NULL,NULL,NULL,'',0.000,8.80,8.80,26,5,1,NULL,NULL,0.00,0.00,0,0,0,'',0.00,0,0,NULL,NULL,0,'',0.000,0,1,'',NULL),(27,4,1,1,2,'2019-07-18 09:18:22','2019-07-18 09:20:44','2019-07-18 09:20:44','25354I-873549',0.00,'','2019-07-18','2019-07-19','- Ordered items are subject to availability.\r\n- Goods sold are neither returnable nor refundable.\r\n- Price is subject to change without any notice.\r\n- Payment : Cash / Cheque / Wire Transfer / Credit Card (Visa/MasterCard) / PayPal / Bitcoin','',1,0,0,NULL,NULL,NULL,NULL,'',0.000,5.05,5.05,27,5,1,NULL,NULL,0.00,0.00,0,0,0,'',0.00,0,0,NULL,NULL,0,'',0.000,0,1,'',NULL),(28,4,1,1,2,'2019-07-18 10:09:21','2019-07-18 10:28:43','2019-07-18 10:28:43','25354I-873550',0.00,'','2019-07-18','2019-07-19','- Ordered items are subject to availability.\r\n- Goods sold are neither returnable nor refundable.\r\n- Price is subject to change without any notice.\r\n- Payment : Cash / Cheque / Wire Transfer / Credit Card (Visa/MasterCard) / PayPal / Bitcoin','',1,0,0,NULL,NULL,NULL,NULL,'',0.000,50.00,50.00,28,5,1,NULL,NULL,0.00,0.00,0,0,0,'',0.00,0,0,NULL,NULL,0,'',0.000,0,1,'',NULL),(29,4,1,1,2,'2019-07-18 12:47:19','2019-07-18 12:52:03','2019-07-18 12:52:03','25354I-873551',0.00,'','2019-07-18','2019-07-19','- Ordered items are subject to availability.\r\n- Goods sold are neither returnable nor refundable.\r\n- Price is subject to change without any notice.\r\n- Payment : Cash / Cheque / Wire Transfer / Credit Card (Visa/MasterCard) / PayPal / Bitcoin','',1,0,0,NULL,NULL,NULL,NULL,'',0.000,10.00,10.00,29,5,1,NULL,NULL,0.00,0.00,0,0,0,'',0.00,0,0,NULL,NULL,0,'',0.000,0,1,'',NULL),(30,4,1,1,2,'2019-07-23 23:18:45','2019-07-27 04:35:49','2019-07-27 04:35:49','25354I-873552',0.00,'','2019-07-23','2019-08-22','- Ordered items are subject to availability.\r\n- Goods sold are neither returnable nor refundable.\r\n- Price is subject to change without any notice.\r\n- Payment : Cash / Cheque / Wire Transfer / Credit Card (Visa/MasterCard) / PayPal / Bitcoin','',1,0,0,NULL,NULL,NULL,NULL,'',0.000,1.00,1.00,30,5,1,NULL,NULL,0.00,0.00,0,0,0,'This is a computer generated document. No signature is required.',0.00,0,0,NULL,NULL,0,'',0.000,0,1,'',NULL),(31,3,1,1,2,'2019-09-08 23:43:11','2019-10-15 15:15:31','2019-10-15 15:15:31','R25354I-873553',0.00,'','2019-09-08','2019-09-30','- Ordered items are subject to availability.\r\n- Goods sold are neither returnable nor refundable.\r\n- Price is subject to change without any notice.\r\n- Payment : Cash / Cheque / Wire Transfer / Credit Card (Visa/MasterCard) / PayPal / Bitcoin','',1,0,0,NULL,NULL,'2019-09-08',15,'',0.000,300.00,300.00,31,5,1,NULL,NULL,0.00,0.00,0,0,0,'This is a computer generated document. No signature is required.',NULL,0,0,'','',0,'',0.000,0,1,NULL,NULL),(32,2,1,1,6,'2019-09-30 23:43:34','2019-10-03 08:54:21',NULL,'R25354I-873554',0.00,'37718','2019-09-30','2019-10-31','- Ordered items are subject to availability.\r\n- Goods sold are neither returnable nor refundable.\r\n- Price is subject to change without any notice.\r\n- Payment : Cash / Cheque / Wire Transfer / Credit Card (Visa/MasterCard) / PayPal / Bitcoin','',0,0,0,NULL,NULL,'2019-09-30',8,'',0.000,350.00,0.00,32,5,1,NULL,NULL,0.00,0.00,0,0,0,'This is a computer generated document. No signature is required.',0.00,0,0,'','',0,'',0.000,0,1,'',NULL),(33,4,1,1,6,'2019-10-14 06:23:58','2019-10-14 06:35:27',NULL,'25354I-873555',0.00,'','2019-10-13','2019-11-12','- Ordered items are subject to availability.\r\n- Goods sold are neither returnable nor refundable.\r\n- Price is subject to change without any notice.\r\n- Payment : Cash / Cheque / Wire Transfer / Credit Card (Visa/MasterCard) / PayPal / Bitcoin','',0,0,0,NULL,NULL,NULL,NULL,'',0.000,2.00,0.00,33,5,1,NULL,NULL,0.00,0.00,0,0,0,'This is a computer generated document. No signature is required.',0.00,0,0,NULL,NULL,0,'',0.000,0,1,'',NULL),(34,4,1,1,2,'2019-10-15 15:22:14','2019-10-15 16:13:36','2019-10-15 16:13:36','25354I-873556',0.00,'','2019-10-15','2019-11-13','- Ordered items are subject to availability.\r\n- Goods sold are neither returnable nor refundable.\r\n- Price is subject to change without any notice.\r\n- Payment : Cash / Cheque / Wire Transfer / Credit Card (Visa/MasterCard) / PayPal / Bitcoin','',1,0,0,NULL,NULL,NULL,NULL,'',0.000,0.50,0.50,34,5,1,NULL,NULL,0.00,0.00,0,0,0,'This is a computer generated document. No signature is required.',0.00,0,0,NULL,NULL,0,'',0.000,0,1,'',NULL),(35,4,1,1,2,'2019-10-15 16:59:01','2019-10-15 17:00:13','2019-10-15 17:00:13','25354I-873557',0.00,'','2019-10-15','2019-11-14','- Ordered items are subject to availability.\r\n- Goods sold are neither returnable nor refundable.\r\n- Price is subject to change without any notice.\r\n- Payment : Cash / Cheque / Wire Transfer / Credit Card (Visa/MasterCard) / PayPal / Bitcoin','',1,0,0,NULL,NULL,NULL,NULL,'',0.000,2.00,2.00,35,5,1,NULL,NULL,0.00,0.00,0,0,0,'This is a computer generated document. No signature is required.',0.00,0,0,NULL,NULL,0,'',0.000,0,1,'',NULL),(36,4,1,1,6,'2019-10-21 07:53:05','2019-10-21 07:54:02',NULL,'25354I-873558',0.00,'','2019-10-20','2019-11-19','- Ordered items are subject to availability.\r\n- Goods sold are neither returnable nor refundable.\r\n- Price is subject to change without any notice.\r\n- Payment : Cash / Cheque / Wire Transfer / Credit Card (Visa/MasterCard) / PayPal / Bitcoin','',0,0,0,NULL,NULL,NULL,NULL,'',0.000,12.00,0.00,36,5,1,NULL,NULL,0.00,0.00,0,0,0,'This is a computer generated document. No signature is required.',0.00,0,0,NULL,NULL,0,'',0.000,0,1,'',NULL),(37,4,1,1,6,'2019-10-21 07:58:47','2019-10-21 07:59:32',NULL,'25354I-873559',0.00,'','2019-10-20','2019-11-19','- Ordered items are subject to availability.\r\n- Goods sold are neither returnable nor refundable.\r\n- Price is subject to change without any notice.\r\n- Payment : Cash / Cheque / Wire Transfer / Credit Card (Visa/MasterCard) / PayPal / Bitcoin','',0,0,0,NULL,NULL,NULL,NULL,'',0.000,4.00,0.00,37,5,1,NULL,NULL,0.00,0.00,0,0,0,'This is a computer generated document. No signature is required.',0.00,0,0,NULL,NULL,0,'',0.000,0,1,'',NULL),(38,4,1,1,6,'2019-10-21 08:03:44','2019-10-21 08:04:30',NULL,'25354I-873560',0.00,'','2019-10-21','2019-11-19','- Ordered items are subject to availability.\r\n- Goods sold are neither returnable nor refundable.\r\n- Price is subject to change without any notice.\r\n- Payment : Cash / Cheque / Wire Transfer / Credit Card (Visa/MasterCard) / PayPal / Bitcoin','',0,0,0,NULL,NULL,NULL,NULL,'',0.000,7.90,0.00,38,5,1,NULL,NULL,0.00,0.00,0,0,0,'This is a computer generated document. No signature is required.',0.00,0,0,NULL,NULL,0,'',0.000,0,1,'',NULL),(39,2,1,1,1,'2021-08-17 22:47:54','2021-08-17 22:48:06','2021-08-17 22:48:06','25354I-873561',10.00,'','2021-09-01','2021-09-30','- Ordered items are subject to availability.\r\n- Goods sold are neither returnable nor refundable.\r\n- Price is subject to change without any notice.\r\n- Payment : Cash / Cheque / Wire Transfer / Credit Card (Visa/MasterCard) / PayPal / Bitcoin','',1,0,0,NULL,NULL,NULL,NULL,'',0.000,0.00,0.00,39,5,1,NULL,NULL,0.00,0.00,0,0,0,'This is a computer generated document. No signature is required.',0.00,0,0,NULL,NULL,0,'',0.000,0,0,'',NULL),(40,2,1,1,1,'2021-08-17 23:13:30','2021-08-17 23:21:59','2021-08-17 23:21:59','25354I-873562',10.00,'','2021-09-01','2021-09-30','- Ordered items are subject to availability.\r\n- Goods sold are neither returnable nor refundable.\r\n- Price is subject to change without any notice.\r\n- Card payment are accepted upon request.\r\n\r\nPlease Transfer To:\r\nBank Name                         : Malayan Banking Bhd\r\nAccount Name                   : MOBTEL HUB\r\nBank Account Number     : 564548148577\r\nSwift Code                          : MBBEMYKL\r\nBank Address                     : 9, Jalan 3/76D,\r\n                                                Desa Pandan, 55100, \r\n                                                Kuala Lumpur, Malaysia.\r\n\r\nMake all cheques payable to MOBTEL HUB','',1,0,0,NULL,NULL,NULL,NULL,'',0.000,350.00,350.00,40,5,1,NULL,NULL,0.00,0.00,0,0,0,'This is a computer generated document. No signature is required.',0.00,0,0,NULL,NULL,0,'',0.000,0,0,'',NULL),(41,2,1,1,6,'2021-08-17 23:26:32','2021-08-20 08:39:23',NULL,'25354I-873563',10.00,'','2021-09-01','2021-09-30','- Ordered items are subject to availability.\r\n- Goods sold are neither returnable nor refundable.\r\n- Price is subject to change without any notice.\r\n- Card payment are accepted upon request.\r\n\r\nPlease Transfer To:\r\nBank Name                         : Malayan Banking Bhd\r\nAccount Name                   : MOBTEL HUB\r\nBank Account Number     : 564548148577\r\nSwift Code                          : MBBEMYKL\r\nBank Address                     : 9, Jalan 3/76D, Desa Pandan, 55100, Kuala Lumpur, Malaysia.\r\n\r\nMake all cheques payable to MOBTEL HUB','',0,0,0,NULL,NULL,'2021-08-17',NULL,'',0.000,350.00,0.00,41,5,1,NULL,NULL,0.00,0.00,0,0,0,'This is a computer generated document. No signature is required.',0.00,0,0,NULL,NULL,0,'',0.000,0,1,'',NULL),(42,4,1,1,6,'2021-08-19 10:14:40','2021-08-19 10:18:44',NULL,'25354I-873564',0.00,'','2021-08-19','2021-09-18','- Ordered items are subject to availability.\r\n- Goods sold are neither returnable nor refundable.\r\n- Price is subject to change without any notice.\r\n- Card payment are accepted upon request.\r\n\r\nPlease Transfer To:\r\nBank Name                         : Malayan Banking Bhd\r\nAccount Name                   : MOBTEL HUB\r\nBank Account Number     : 564548148577\r\nSwift Code                          : MBBEMYKL\r\nBank Address                     : 9, Jalan 3/76D, Desa Pandan, 55100, Kuala Lumpur, Malaysia.\r\n\r\nMake all cheques payable to MOBTEL HUB','',0,0,0,NULL,NULL,'2021-08-19',NULL,'',0.000,3.73,0.00,42,5,1,NULL,NULL,0.00,0.00,0,0,0,'This is a computer generated document. No signature is required.',0.00,0,0,NULL,NULL,0,'',0.000,0,1,'',NULL),(43,2,1,1,6,'2021-08-19 10:45:15','2021-08-19 10:47:29',NULL,'25354I-873565',0.00,'','2020-09-24','2020-09-24','- Ordered items are subject to availability.\r\n- Goods sold are neither returnable nor refundable.\r\n- Price is subject to change without any notice.\r\n- Card payment are accepted upon request.\r\n\r\nPlease Transfer To:\r\nBank Name                         : Malayan Banking Bhd\r\nAccount Name                   : MOBTEL HUB\r\nBank Account Number     : 564548148577\r\nSwift Code                          : MBBEMYKL\r\nBank Address                     : 9, Jalan 3/76D, Desa Pandan, 55100, Kuala Lumpur, Malaysia.\r\n\r\nMake all cheques payable to MOBTEL HUB','',0,0,0,NULL,NULL,NULL,NULL,'',0.000,355.00,0.00,43,5,1,NULL,NULL,0.00,0.00,0,0,0,'This is a computer generated document. No signature is required.',0.00,0,0,NULL,NULL,0,'',0.000,0,1,'',NULL),(44,4,2,1,6,'2021-09-02 20:04:52','2021-09-02 20:26:04','2021-09-02 20:26:04','25354I-873566',0.00,'','2021-09-02','2021-10-02','- Ordered items are subject to availability.\r\n- Goods sold are neither returnable nor refundable.\r\n- Price is subject to change without any notice.\r\n- Card payment are accepted upon request.\r\n\r\nPlease Transfer To:\r\nBank Name                         : Malayan Banking Bhd\r\nAccount Name                   : MOBTEL HUB\r\nBank Account Number     : 564548148577\r\nSwift Code                          : MBBEMYKL\r\n\r\nMake all cheques payable to MOBTEL HUB','',1,0,0,NULL,NULL,'2021-09-02',NULL,'',0.000,71.00,0.00,44,5,1,NULL,NULL,0.00,0.00,0,0,0,'This is a computer generated document. No signature is required.',0.00,0,0,NULL,NULL,0,'',0.000,0,1,'',NULL),(45,4,2,1,6,'2021-09-02 21:29:42','2021-09-02 21:38:59','2021-09-02 21:38:59','25354I-873567',0.00,'','2021-09-02','2021-10-02','- Ordered items are subject to availability.\r\n- Goods sold are neither returnable nor refundable.\r\n- Price is subject to change without any notice.\r\n- Card payment are accepted upon request.\r\n\r\nPlease Transfer To:\r\nBank Name                         : Malayan Banking Bhd\r\nAccount Name                   : MOBTEL HUB\r\nBank Account Number     : 564548148577\r\nSwift Code                          : MBBEMYKL\r\n\r\nPlease send to us payment advice at sales@m-hub.asia','',1,0,0,NULL,NULL,'2021-09-02',NULL,'',0.000,140.00,0.00,45,5,1,NULL,NULL,0.00,0.00,0,0,0,'This is a computer generated document. No signature is required.',0.00,0,0,NULL,NULL,0,'',0.000,0,1,'',NULL),(46,4,2,1,6,'2021-09-02 23:10:00','2021-09-03 00:40:54','2021-09-03 00:40:54','25354I-873568',0.00,'','2021-09-02','2021-10-02','- Ordered items are subject to availability.\r\n- Goods sold are neither returnable nor refundable.\r\n- Price is subject to change without any notice.\r\n- Card payment are accepted upon request.\r\n\r\nPlease Transfer To:\r\nBank Name                         : Malayan Banking Bhd\r\nAccount Name                   : MOBTEL HUB\r\nBank Account Number     : 564548148577\r\nSwift Code                          : MBBEMYKL\r\n\r\nPlease send to us payment advice at sales@m-hub.asia','',1,0,0,NULL,NULL,'2021-09-02',NULL,'',0.000,140.00,0.00,46,5,1,NULL,NULL,0.00,0.00,0,0,0,'This is a computer generated document. No signature is required.',0.00,0,0,NULL,NULL,0,'',0.000,0,1,'',NULL),(47,4,2,1,2,'2021-09-02 23:44:05','2021-09-03 00:40:48','2021-09-03 00:40:48','25354I-873569',0.00,'','2021-09-02','2021-10-02','- Ordered items are subject to availability.\r\n- Goods sold are neither returnable nor refundable.\r\n- Price is subject to change without any notice.\r\n- Card payment are accepted upon request.\r\n\r\nPlease Transfer To:\r\nBank Name                         : Malayan Banking Bhd\r\nAccount Name                   : MOBTEL HUB\r\nBank Account Number     : 564548148577\r\nSwift Code                          : MBBEMYKL\r\n\r\nPlease send to us payment advice at sales@m-hub.asia','',1,0,0,NULL,NULL,NULL,NULL,'',0.000,70.00,70.00,47,5,1,NULL,NULL,0.00,0.00,0,0,0,'This is a computer generated document. No signature is required.',0.00,0,0,NULL,NULL,0,'',0.000,0,1,'',NULL),(48,7,2,1,6,'2021-09-09 17:44:02','2021-09-10 18:22:34',NULL,'25354I-873570',0.00,'','2021-09-09','2021-10-09','- Ordered items are subject to availability.\r\n- Goods sold are neither returnable nor refundable.\r\n- Price is subject to change without any notice.\r\n- Card payment are accepted upon request.\r\n\r\nPlease Transfer To:\r\nBank Name                         : Malayan Banking Bhd\r\nAccount Name                   : MOBTEL HUB\r\nBank Account Number     : 564548148577\r\nSwift Code                          : MBBEMYKL\r\n\r\nPlease send to us payment advice at sales@m-hub.asia','',0,0,0,NULL,NULL,'2021-09-09',NULL,'',0.000,100.00,0.00,48,5,1,NULL,NULL,0.00,0.00,0,0,0,'This is a computer generated document. No signature is required.',0.00,0,0,NULL,NULL,0,'',0.000,0,1,'',NULL),(49,8,2,1,6,'2021-09-09 17:56:52','2021-09-10 18:20:44',NULL,'25354I-873571',0.00,'','2021-09-09','2021-10-09','- Ordered items are subject to availability.\r\n- Goods sold are neither returnable nor refundable.\r\n- Price is subject to change without any notice.\r\n- Card payment are accepted upon request.\r\n\r\nPlease Transfer To:\r\nBank Name                         : Malayan Banking Bhd\r\nAccount Name                   : MOBTEL HUB\r\nBank Account Number     : 564548148577\r\nSwift Code                          : MBBEMYKL\r\n\r\nPlease send to us payment advice at sales@m-hub.asia','',0,0,0,NULL,NULL,'2021-09-09',NULL,'',0.000,380.00,0.00,49,5,1,NULL,NULL,0.00,0.00,0,0,0,'This is a computer generated document. No signature is required.',0.00,0,0,NULL,NULL,0,'',0.000,0,1,'',NULL),(50,9,2,1,6,'2021-09-09 18:02:39','2021-09-10 18:23:32',NULL,'25354I-873572',0.00,'','2021-09-09','2021-10-09','- Ordered items are subject to availability.\r\n- Goods sold are neither returnable nor refundable.\r\n- Price is subject to change without any notice.\r\n- Card payment are accepted upon request.\r\n\r\nPlease Transfer To:\r\nBank Name                         : Malayan Banking Bhd\r\nAccount Name                   : MOBTEL HUB\r\nBank Account Number     : 564548148577\r\nSwift Code                          : MBBEMYKL\r\n\r\nPlease send to us payment advice at sales@m-hub.asia','',0,0,0,NULL,NULL,'2021-09-09',NULL,'',0.000,100.00,0.00,50,5,1,NULL,NULL,0.00,0.00,0,0,0,'This is a computer generated document. No signature is required.',0.00,0,0,NULL,NULL,0,'',0.000,0,1,'',NULL),(51,10,2,1,6,'2021-09-09 18:08:33','2021-10-12 14:19:26',NULL,'25354I-873573',0.00,'','2021-09-09','2021-10-09','- Ordered items are subject to availability.\r\n- Goods sold are neither returnable nor refundable.\r\n- Price is subject to change without any notice.\r\n- Card payment are accepted upon request.\r\n\r\nPlease Transfer To:\r\nBank Name                         : Malayan Banking Bhd\r\nAccount Name                   : MOBTEL HUB\r\nBank Account Number     : 564548148577\r\nSwift Code                          : MBBEMYKL\r\n\r\nPlease send to us payment advice at sales@m-hub.asia','',0,0,0,NULL,NULL,'2021-09-09',NULL,'',0.000,100.00,0.00,51,5,1,NULL,NULL,0.00,0.00,0,0,0,'This is a computer generated document. No signature is required.',0.00,0,0,NULL,NULL,0,'',0.000,0,1,'',NULL),(52,11,2,1,6,'2021-09-09 18:14:37','2021-09-10 18:25:28',NULL,'25354I-873574',0.00,'','2021-09-09','2021-10-09','- Ordered items are subject to availability.\r\n- Goods sold are neither returnable nor refundable.\r\n- Price is subject to change without any notice.\r\n- Card payment are accepted upon request.\r\n\r\nPlease Transfer To:\r\nBank Name                         : Malayan Banking Bhd\r\nAccount Name                   : MOBTEL HUB\r\nBank Account Number     : 564548148577\r\nSwift Code                          : MBBEMYKL\r\n\r\nPlease send to us payment advice at sales@m-hub.asia','',0,0,0,NULL,NULL,'2021-09-09',NULL,'',0.000,92.00,0.00,52,5,1,NULL,NULL,0.00,0.00,0,0,0,'This is a computer generated document. No signature is required.',0.00,0,0,NULL,NULL,0,'',0.000,0,1,'',NULL),(53,10,2,1,1,'2021-10-12 14:25:46','2021-10-12 20:03:09','2021-10-12 20:03:09','25354I-873575',0.00,'','2021-10-12','2021-11-11','- Ordered items are subject to availability.\r\n- Goods sold are neither returnable nor refundable.\r\n- Price is subject to change without any notice.\r\n- Card payment are accepted upon request.\r\n\r\nPlease Transfer To:\r\nBank Name                         : Malayan Banking Bhd\r\nAccount Name                   : MOBTEL HUB\r\nBank Account Number     : 564548148577\r\nSwift Code                          : MBBEMYKL\r\n\r\nPlease send to us payment advice at sales@m-hub.asia','',1,0,0,NULL,NULL,NULL,NULL,'',0.000,70.00,70.00,53,5,1,NULL,NULL,0.00,0.00,0,0,0,'This is a computer generated document. No signature is required.',0.00,0,0,NULL,NULL,0,'',0.000,0,0,'',NULL),(54,12,2,1,1,'2021-10-12 15:29:13','2021-10-12 20:03:03','2021-10-12 20:03:03','25354I-873576',0.00,'','2021-10-12','2021-11-11','- Ordered items are subject to availability.\r\n- Goods sold are neither returnable nor refundable.\r\n- Price is subject to change without any notice.\r\n- Card payment are accepted upon request.\r\n\r\nPlease Transfer To:\r\nBank Name                         : Malayan Banking Bhd\r\nAccount Name                   : MOBTEL HUB\r\nBank Account Number     : 564548148577\r\nSwift Code                          : MBBEMYKL\r\n\r\nPlease send to us payment advice at sales@m-hub.asia','',1,0,0,NULL,NULL,NULL,NULL,'',0.000,100.00,100.00,54,5,1,NULL,NULL,0.00,0.00,0,0,0,'This is a computer generated document. No signature is required.',0.00,0,0,NULL,NULL,0,'',0.000,0,0,'',NULL),(55,7,2,1,1,'2021-10-12 18:36:33','2021-10-12 20:02:55','2021-10-12 20:02:55','25354I-873577',0.00,'','2021-10-12','2021-11-11','- Ordered items are subject to availability.\r\n- Goods sold are neither returnable nor refundable.\r\n- Price is subject to change without any notice.\r\n- Card payment are accepted upon request.\r\n\r\nPlease Transfer To:\r\nBank Name                         : Malayan Banking Bhd\r\nAccount Name                   : MOBTEL HUB\r\nBank Account Number     : 564548148577\r\nSwift Code                          : MBBEMYKL\r\n\r\nPlease send to us payment advice at sales@m-hub.asia','',1,0,0,NULL,NULL,NULL,NULL,'',0.000,70.00,70.00,55,5,1,NULL,NULL,0.00,0.00,0,0,0,'This is a computer generated document. No signature is required.',0.00,0,0,NULL,NULL,0,'',0.000,0,0,'',NULL),(56,9,2,1,1,'2021-10-12 18:43:09','2021-10-12 20:02:48','2021-10-12 20:02:48','25354I-873578',0.00,'','2021-10-12','2021-11-11','- Ordered items are subject to availability.\r\n- Goods sold are neither returnable nor refundable.\r\n- Price is subject to change without any notice.\r\n- Card payment are accepted upon request.\r\n\r\nPlease Transfer To:\r\nBank Name                         : Malayan Banking Bhd\r\nAccount Name                   : MOBTEL HUB\r\nBank Account Number     : 564548148577\r\nSwift Code                          : MBBEMYKL\r\n\r\nPlease send to us payment advice at sales@m-hub.asia','',1,0,0,NULL,NULL,NULL,NULL,'',0.000,70.00,70.00,56,5,1,NULL,NULL,0.00,0.00,0,0,0,'This is a computer generated document. No signature is required.',0.00,0,0,NULL,NULL,0,'',0.000,0,0,'',NULL),(57,13,2,1,1,'2021-10-12 19:21:22','2021-10-12 20:02:37','2021-10-12 20:02:37','25354I-873579',0.00,'','2021-10-12','2021-11-11','- Ordered items are subject to availability.\r\n- Goods sold are neither returnable nor refundable.\r\n- Price is subject to change without any notice.\r\n- Card payment are accepted upon request.\r\n\r\nPlease Transfer To:\r\nBank Name                         : Malayan Banking Bhd\r\nAccount Name                   : MOBTEL HUB\r\nBank Account Number     : 564548148577\r\nSwift Code                          : MBBEMYKL\r\n\r\nPlease send to us payment advice at sales@m-hub.asia','',1,0,0,NULL,NULL,NULL,NULL,'',0.000,100.00,100.00,57,5,1,NULL,NULL,0.00,0.00,0,0,0,'This is a computer generated document. No signature is required.',0.00,0,0,NULL,NULL,0,'',0.000,0,0,'',NULL),(58,10,2,1,6,'2021-10-12 20:04:35','2021-10-12 20:06:54',NULL,'25354I-873580',0.00,'','2021-10-12','2021-11-11','- Ordered items are subject to availability.\r\n- Goods sold are neither returnable nor refundable.\r\n- Price is subject to change without any notice.\r\n- Card payment are accepted upon request.\r\n\r\nPlease Transfer To:\r\nBank Name                         : Malayan Banking Bhd\r\nAccount Name                   : MOBTEL HUB\r\nBank Account Number     : 564548148577\r\nSwift Code                          : MBBEMYKL\r\n\r\nPlease send to us payment advice at sales@m-hub.asia','',0,0,0,NULL,NULL,NULL,NULL,'',0.000,70.00,0.00,58,5,1,NULL,NULL,0.00,0.00,0,0,0,'This is a computer generated document. No signature is required.',0.00,0,0,NULL,NULL,0,'',0.000,0,1,'',NULL),(59,12,2,1,6,'2021-10-12 20:08:40','2021-10-12 20:09:35',NULL,'25354I-873581',0.00,'','2021-10-12','2021-11-11','- Ordered items are subject to availability.\r\n- Goods sold are neither returnable nor refundable.\r\n- Price is subject to change without any notice.\r\n- Card payment are accepted upon request.\r\n\r\nPlease Transfer To:\r\nBank Name                         : Malayan Banking Bhd\r\nAccount Name                   : MOBTEL HUB\r\nBank Account Number     : 564548148577\r\nSwift Code                          : MBBEMYKL\r\n\r\nPlease send to us payment advice at sales@m-hub.asia','',0,0,0,NULL,NULL,NULL,NULL,'',0.000,100.00,0.00,59,5,1,NULL,NULL,0.00,0.00,0,0,0,'This is a computer generated document. No signature is required.',0.00,0,0,NULL,NULL,0,'',0.000,0,1,'',NULL),(60,7,2,1,6,'2021-10-12 20:11:44','2021-10-12 20:12:50',NULL,'25354I-873582',0.00,'','2021-10-12','2021-11-11','- Ordered items are subject to availability.\r\n- Goods sold are neither returnable nor refundable.\r\n- Price is subject to change without any notice.\r\n- Card payment are accepted upon request.\r\n\r\nPlease Transfer To:\r\nBank Name                         : Malayan Banking Bhd\r\nAccount Name                   : MOBTEL HUB\r\nBank Account Number     : 564548148577\r\nSwift Code                          : MBBEMYKL\r\n\r\nPlease send to us payment advice at sales@m-hub.asia','',0,0,0,NULL,NULL,NULL,NULL,'',0.000,70.00,0.00,60,5,1,NULL,NULL,0.00,0.00,0,0,0,'This is a computer generated document. No signature is required.',0.00,0,0,NULL,NULL,0,'',0.000,0,1,'',NULL),(61,9,2,1,6,'2021-10-12 20:14:36','2021-10-12 20:14:55',NULL,'25354I-873583',0.00,'','2021-10-12','2021-11-11','- Ordered items are subject to availability.\r\n- Goods sold are neither returnable nor refundable.\r\n- Price is subject to change without any notice.\r\n- Card payment are accepted upon request.\r\n\r\nPlease Transfer To:\r\nBank Name                         : Malayan Banking Bhd\r\nAccount Name                   : MOBTEL HUB\r\nBank Account Number     : 564548148577\r\nSwift Code                          : MBBEMYKL\r\n\r\nPlease send to us payment advice at sales@m-hub.asia','',0,0,0,NULL,NULL,NULL,NULL,'',0.000,70.00,0.00,61,5,1,NULL,NULL,0.00,0.00,0,0,0,'This is a computer generated document. No signature is required.',0.00,0,0,NULL,NULL,0,'',0.000,0,1,'',NULL),(62,13,2,1,6,'2021-10-12 20:18:14','2021-10-12 20:18:39',NULL,'25354I-873584',0.00,'','2021-10-12','2021-11-11','- Ordered items are subject to availability.\r\n- Goods sold are neither returnable nor refundable.\r\n- Price is subject to change without any notice.\r\n- Card payment are accepted upon request.\r\n\r\nPlease Transfer To:\r\nBank Name                         : Malayan Banking Bhd\r\nAccount Name                   : MOBTEL HUB\r\nBank Account Number     : 564548148577\r\nSwift Code                          : MBBEMYKL\r\n\r\nPlease send to us payment advice at sales@m-hub.asia','',0,0,0,NULL,NULL,NULL,NULL,'',0.000,100.00,0.00,62,5,1,NULL,NULL,0.00,0.00,0,0,0,'This is a computer generated document. No signature is required.',0.00,0,0,NULL,NULL,0,'',0.000,0,1,'',NULL),(63,11,2,1,6,'2021-10-12 20:22:10','2021-10-12 20:22:26',NULL,'25354I-873585',0.00,'','2021-10-12','2021-11-11','- Ordered items are subject to availability.\r\n- Goods sold are neither returnable nor refundable.\r\n- Price is subject to change without any notice.\r\n- Card payment are accepted upon request.\r\n\r\nPlease Transfer To:\r\nBank Name                         : Malayan Banking Bhd\r\nAccount Name                   : MOBTEL HUB\r\nBank Account Number     : 564548148577\r\nSwift Code                          : MBBEMYKL\r\n\r\nPlease send to us payment advice at sales@m-hub.asia','',0,0,0,NULL,NULL,NULL,NULL,'',0.000,93.00,0.00,63,5,1,NULL,NULL,0.00,0.00,0,0,0,'This is a computer generated document. No signature is required.',0.00,0,0,NULL,NULL,0,'',0.000,0,1,'',NULL),(64,14,2,1,6,'2021-10-12 20:33:27','2021-10-12 20:34:00',NULL,'25354I-873586',0.00,'','2021-10-12','2021-11-11','- Ordered items are subject to availability.\r\n- Goods sold are neither returnable nor refundable.\r\n- Price is subject to change without any notice.\r\n- Card payment are accepted upon request.\r\n\r\nPlease Transfer To:\r\nBank Name                         : Malayan Banking Bhd\r\nAccount Name                   : MOBTEL HUB\r\nBank Account Number     : 564548148577\r\nSwift Code                          : MBBEMYKL\r\n\r\nPlease send to us payment advice at sales@m-hub.asia','September & October Fees',0,0,0,NULL,NULL,NULL,NULL,'',0.000,140.00,0.00,64,5,1,NULL,NULL,0.00,0.00,0,0,0,'This is a computer generated document. No signature is required.',0.00,0,0,NULL,NULL,0,'',0.000,0,1,'',NULL),(65,15,2,1,6,'2021-10-12 20:45:50','2021-10-12 20:47:52',NULL,'25354I-873587',0.00,'','2021-09-09','2021-10-09','- Ordered items are subject to availability.\r\n- Goods sold are neither returnable nor refundable.\r\n- Price is subject to change without any notice.\r\n- Card payment are accepted upon request.\r\n\r\nPlease Transfer To:\r\nBank Name                         : Malayan Banking Bhd\r\nAccount Name                   : MOBTEL HUB\r\nBank Account Number     : 564548148577\r\nSwift Code                          : MBBEMYKL\r\n\r\nPlease send to us payment advice at sales@m-hub.asia','September Fees',0,0,0,NULL,NULL,NULL,NULL,'',0.000,200.00,0.00,65,5,1,NULL,NULL,0.00,0.00,0,0,0,'This is a computer generated document. No signature is required.',0.00,0,0,NULL,NULL,0,'',0.000,0,1,'',NULL),(66,15,2,1,1,'2021-10-12 20:49:18','2024-09-19 12:10:36','2024-09-19 12:10:36','25354I-873588',0.00,'','2021-10-12','2021-11-11','- Ordered items are subject to availability.\r\n- Goods sold are neither returnable nor refundable.\r\n- Price is subject to change without any notice.\r\n- Card payment are accepted upon request.\r\n\r\nPlease Transfer To:\r\nBank Name                         : Malayan Banking Bhd\r\nAccount Name                   : MOBTEL HUB\r\nBank Account Number     : 564548148577\r\nSwift Code                          : MBBEMYKL\r\n\r\nPlease send to us payment advice at sales@m-hub.asia','',1,0,0,NULL,NULL,NULL,NULL,'',0.000,140.00,140.00,66,5,1,NULL,NULL,0.00,0.00,0,0,0,'This is a computer generated document. No signature is required.',0.00,0,0,NULL,NULL,0,'',0.000,0,0,'',NULL),(67,16,2,1,6,'2021-10-12 20:58:05','2021-10-12 20:59:59',NULL,'25354I-873589',0.00,'','2021-09-11','2021-10-11','- Ordered items are subject to availability.\r\n- Goods sold are neither returnable nor refundable.\r\n- Price is subject to change without any notice.\r\n- Card payment are accepted upon request.\r\n\r\nPlease Transfer To:\r\nBank Name                         : Malayan Banking Bhd\r\nAccount Name                   : MOBTEL HUB\r\nBank Account Number     : 564548148577\r\nSwift Code                          : MBBEMYKL\r\n\r\nPlease send to us payment advice at sales@m-hub.asia','September fee',0,0,0,NULL,NULL,NULL,NULL,'',0.000,92.00,0.00,67,5,1,NULL,NULL,0.00,0.00,0,0,0,'This is a computer generated document. No signature is required.',0.00,0,0,NULL,NULL,0,'',0.000,0,1,'',NULL),(68,16,2,1,1,'2021-10-12 21:01:38','2024-09-19 12:10:37','2024-09-19 12:10:37','25354I-873590',0.00,'','2021-10-12','2021-11-11','- Ordered items are subject to availability.\r\n- Goods sold are neither returnable nor refundable.\r\n- Price is subject to change without any notice.\r\n- Card payment are accepted upon request.\r\n\r\nPlease Transfer To:\r\nBank Name                         : Malayan Banking Bhd\r\nAccount Name                   : MOBTEL HUB\r\nBank Account Number     : 564548148577\r\nSwift Code                          : MBBEMYKL\r\n\r\nPlease send to us payment advice at sales@m-hub.asia','',1,0,0,NULL,NULL,NULL,NULL,'',0.000,70.00,70.00,68,5,1,NULL,NULL,0.00,0.00,0,0,0,'This is a computer generated document. No signature is required.',0.00,0,0,NULL,NULL,0,'',0.000,0,0,'',NULL),(69,17,2,1,6,'2021-10-21 15:44:13','2021-10-21 15:46:10',NULL,'25354I-873591',0.00,'','2021-10-12','2021-11-20','- Ordered items are subject to availability.\r\n- Goods sold are neither returnable nor refundable.\r\n- Price is subject to change without any notice.\r\n- Card payment are accepted upon request.\r\n\r\nPlease Transfer To:\r\nBank Name                         : Malayan Banking Bhd\r\nAccount Name                   : MOBTEL HUB\r\nBank Account Number     : 564548148577\r\nSwift Code                          : MBBEMYKL\r\n\r\nPlease send to us payment advice at sales@m-hub.asia','',0,0,0,NULL,NULL,NULL,NULL,'',0.000,290.00,0.00,69,5,1,NULL,NULL,0.00,0.00,0,0,0,'This is a computer generated document. No signature is required.',0.00,0,0,NULL,NULL,0,'',0.000,0,1,'',NULL),(70,18,1,1,6,'2021-12-14 10:45:24','2021-12-14 10:46:21',NULL,'25354I-873592',0.00,'','2020-05-12','2020-05-12','- Ordered items are subject to availability.\r\n- Goods sold are neither returnable nor refundable.\r\n- Price is subject to change without any notice.\r\n- Card payment are accepted upon request.\r\n\r\nPlease Transfer To:\r\nBank Name                         : Malayan Banking Bhd\r\nAccount Name                   : MOBTEL HUB\r\nBank Account Number     : 564548148577\r\nSwift Code                          : MBBEMYKL\r\n\r\nPlease send to us payment advice at sales@m-hub.asia','',0,0,0,NULL,NULL,NULL,NULL,'',0.000,2619.00,0.00,70,5,1,NULL,NULL,0.00,0.00,0,0,0,'This is a computer generated document. No signature is required.',0.00,0,0,NULL,NULL,0,'',0.000,0,1,'',NULL),(71,17,2,1,6,'2022-02-27 04:23:35','2024-09-19 12:10:56','2024-09-19 12:10:56','25354I-873593',0.00,'','2021-11-01','2022-01-31','- Ordered items are subject to availability.\r\n- Goods sold are neither returnable nor refundable.\r\n- Price is subject to change without any notice.\r\n- Card payment are accepted upon request.\r\n\r\nPlease Transfer To:\r\nBank Name                         : Malayan Banking Bhd\r\nAccount Name                   : MOBTEL HUB\r\nBank Account Number     : 564548148577\r\nSwift Code                          : MBBEMYKL\r\n\r\nPlease send to us payment advice at sales@m-hub.asia','',1,0,0,NULL,NULL,NULL,NULL,'',0.000,210.00,-630.00,71,5,1,NULL,NULL,0.00,0.00,0,0,0,'This is a computer generated document. No signature is required.',0.00,0,0,NULL,NULL,0,'',0.000,0,1,'',NULL),(72,17,2,1,1,'2022-02-27 04:32:32','2024-09-19 12:10:37','2024-09-19 12:10:37','25354I-873594',0.00,'','2021-10-01','2022-01-31','- Ordered items are subject to availability.\r\n- Goods sold are neither returnable nor refundable.\r\n- Price is subject to change without any notice.\r\n- Card payment are accepted upon request.\r\n\r\nPlease Transfer To:\r\nBank Name                         : Malayan Banking Bhd\r\nAccount Name                   : MOBTEL HUB\r\nBank Account Number     : 564548148577\r\nSwift Code                          : MBBEMYKL\r\n\r\nPlease send to us payment advice at sales@m-hub.asia','',1,0,0,NULL,NULL,NULL,NULL,'',0.000,840.00,840.00,72,5,1,NULL,NULL,0.00,0.00,0,0,0,'This is a computer generated document. No signature is required.',0.00,0,0,NULL,NULL,0,'',0.000,0,0,'',NULL),(73,17,2,1,1,'2022-02-27 09:45:49','2024-09-19 12:10:37','2024-09-19 12:10:37','25354I-873595',0.00,'','2021-11-01','2022-01-31','- Ordered items are subject to availability.\r\n- Goods sold are neither returnable nor refundable.\r\n- Price is subject to change without any notice.\r\n- Card payment are accepted upon request.\r\n\r\nPlease Transfer To:\r\nBank Name                         : Malayan Banking Bhd\r\nAccount Name                   : MOBTEL HUB\r\nBank Account Number     : 564548148577\r\nSwift Code                          : MBBEMYKL\r\n\r\nPlease send to us payment advice at sales@m-hub.asia','',1,0,0,NULL,NULL,NULL,NULL,'',0.000,630.00,630.00,73,5,1,NULL,NULL,0.00,0.00,0,0,0,'This is a computer generated document. No signature is required.',0.00,0,0,NULL,NULL,0,'',0.000,0,0,'',NULL),(74,10,2,1,1,'2022-02-27 10:02:55','2024-09-19 12:10:37','2024-09-19 12:10:37','25354I-873596',0.00,'','2022-03-01','2022-04-01','- Ordered items are subject to availability.\r\n- Goods sold are neither returnable nor refundable.\r\n- Price is subject to change without any notice.\r\n- Card payment are accepted upon request.\r\n\r\nPlease Transfer To:\r\nBank Name                         : Malayan Banking Bhd\r\nAccount Name                   : MOBTEL HUB\r\nBank Account Number     : 564548148577\r\nSwift Code                          : MBBEMYKL\r\n\r\nPlease send to us payment advice at sales@m-hub.asia','',1,0,0,NULL,NULL,NULL,NULL,'',0.000,75.00,75.00,74,5,1,NULL,NULL,0.00,0.00,0,0,0,'This is a computer generated document. No signature is required.',0.00,0,0,NULL,NULL,0,'',0.000,0,0,'',NULL),(75,13,2,1,1,'2022-02-27 10:11:27','2024-09-19 12:10:38','2024-09-19 12:10:38','25354I-873597',0.00,'','2022-03-11','2022-04-01','- Ordered items are subject to availability.\r\n- Goods sold are neither returnable nor refundable.\r\n- Price is subject to change without any notice.\r\n- Card payment are accepted upon request.\r\n\r\nPlease Transfer To:\r\nBank Name                         : Malayan Banking Bhd\r\nAccount Name                   : MOBTEL HUB\r\nBank Account Number     : 564548148577\r\nSwift Code                          : MBBEMYKL\r\n\r\nPlease send to us payment advice at sales@m-hub.asia','',1,0,0,NULL,NULL,NULL,NULL,'',0.000,100.00,100.00,75,5,1,NULL,NULL,0.00,0.00,0,0,0,'This is a computer generated document. No signature is required.',0.00,0,0,NULL,NULL,0,'',0.000,0,0,'',NULL),(76,16,2,1,1,'2022-02-27 10:17:59','2024-09-19 12:10:38','2024-09-19 12:10:38','25354I-873598',0.00,'','2021-10-01','2022-01-31','- Ordered items are subject to availability.\r\n- Goods sold are neither returnable nor refundable.\r\n- Price is subject to change without any notice.\r\n- Card payment are accepted upon request.\r\n\r\nPlease Transfer To:\r\nBank Name                         : Malayan Banking Bhd\r\nAccount Name                   : MOBTEL HUB\r\nBank Account Number     : 564548148577\r\nSwift Code                          : MBBEMYKL\r\n\r\nPlease send to us payment advice at sales@m-hub.asia','',1,0,0,NULL,NULL,NULL,NULL,'',0.000,280.00,280.00,76,5,1,NULL,NULL,0.00,0.00,0,0,0,'This is a computer generated document. No signature is required.',0.00,0,0,NULL,NULL,0,'',0.000,0,0,'',NULL),(77,20,2,1,1,'2022-03-13 04:02:36','2024-09-19 12:10:38','2024-09-19 12:10:38','25354I-873599',0.00,'','2022-03-04','2022-04-01','- Ordered items are subject to availability.\r\n- Goods sold are neither returnable nor refundable.\r\n- Price is subject to change without any notice.\r\n- Card payment are accepted upon request.\r\n\r\nPlease Transfer To:\r\nBank Name                         : Malayan Banking Bhd\r\nAccount Name                   : MOBTEL HUB\r\nBank Account Number     : 564548148577\r\nSwift Code                          : MBBEMYKL\r\n\r\nPlease send to us payment advice at sales@m-hub.asia','',1,0,0,NULL,NULL,NULL,NULL,'',0.000,225.00,225.00,77,5,1,NULL,NULL,0.00,0.00,0,0,0,'This is a computer generated document. No signature is required.',0.00,0,0,NULL,NULL,0,'',0.000,0,0,'',NULL),(78,8,2,1,1,'2022-03-13 04:14:33','2024-09-19 12:10:39','2024-09-19 12:10:39','25354I-873600',0.00,'','2022-03-01','2022-07-31','- Ordered items are subject to availability.\r\n- Goods sold are neither returnable nor refundable.\r\n- Price is subject to change without any notice.\r\n- Card payment are accepted upon request.\r\n\r\nPlease Transfer To:\r\nBank Name                         : Malayan Banking Bhd\r\nAccount Name                   : MOBTEL HUB\r\nBank Account Number     : 564548148577\r\nSwift Code                          : MBBEMYKL\r\n\r\nPlease send to us payment advice at sales@m-hub.asia','',1,0,0,NULL,NULL,NULL,NULL,'',0.000,500.00,500.00,78,5,1,NULL,NULL,0.00,0.00,0,0,0,'This is a computer generated document. No signature is required.',0.00,0,0,NULL,NULL,0,'',0.000,0,0,'',NULL),(79,21,2,1,1,'2022-03-13 05:45:31','2024-09-19 12:10:39','2024-09-19 12:10:39','25354I-873601',0.00,'','2022-02-28','2022-04-01','- Ordered items are subject to availability.\r\n- Goods sold are neither returnable nor refundable.\r\n- Price is subject to change without any notice.\r\n- Card payment are accepted upon request.\r\n\r\nPlease Transfer To:\r\nBank Name                         : Malayan Banking Bhd\r\nAccount Name                   : MOBTEL HUB\r\nBank Account Number     : 564548148577\r\nSwift Code                          : MBBEMYKL\r\n\r\nPlease send to us payment advice at sales@m-hub.asia','',1,0,0,NULL,NULL,NULL,NULL,'',0.000,100.00,100.00,79,5,1,NULL,NULL,0.00,0.00,0,0,0,'This is a computer generated document. No signature is required.',0.00,0,0,NULL,NULL,0,'',0.000,0,0,'',NULL),(80,22,2,1,1,'2022-03-13 06:02:04','2024-09-19 12:10:39','2024-09-19 12:10:39','25354I-873602',0.00,'','2022-03-09','2022-07-31','- Ordered items are subject to availability.\r\n- Goods sold are neither returnable nor refundable.\r\n- Price is subject to change without any notice.\r\n- Card payment are accepted upon request.\r\n\r\nPlease Transfer To:\r\nBank Name                         : Malayan Banking Bhd\r\nAccount Name                   : MOBTEL HUB\r\nBank Account Number     : 564548148577\r\nSwift Code                          : MBBEMYKL\r\n\r\nPlease send to us payment advice at sales@m-hub.asia','',1,0,0,NULL,NULL,NULL,NULL,'',0.000,200.00,200.00,80,5,1,NULL,NULL,0.00,0.00,0,0,0,'This is a computer generated document. No signature is required.',0.00,0,0,NULL,NULL,0,'',0.000,0,0,'',NULL),(81,24,2,1,1,'2022-03-13 06:12:45','2024-09-19 12:10:39','2024-09-19 12:10:39','25354I-873603',0.00,'','2022-03-05','2022-04-01','- Ordered items are subject to availability.\r\n- Goods sold are neither returnable nor refundable.\r\n- Price is subject to change without any notice.\r\n- Card payment are accepted upon request.\r\n\r\nPlease Transfer To:\r\nBank Name                         : Malayan Banking Bhd\r\nAccount Name                   : MOBTEL HUB\r\nBank Account Number     : 564548148577\r\nSwift Code                          : MBBEMYKL\r\n\r\nPlease send to us payment advice at sales@m-hub.asia','',1,0,0,NULL,NULL,NULL,NULL,'',0.000,100.00,100.00,81,5,1,NULL,NULL,0.00,0.00,0,0,0,'This is a computer generated document. No signature is required.',0.00,0,0,NULL,NULL,0,'',0.000,0,0,'',NULL),(82,24,2,1,1,'2022-03-13 06:15:49','2024-09-19 12:10:40','2024-09-19 12:10:40','25354I-873604',0.00,'','2022-03-05','2022-04-01','- Ordered items are subject to availability.\r\n- Goods sold are neither returnable nor refundable.\r\n- Price is subject to change without any notice.\r\n- Card payment are accepted upon request.\r\n\r\nPlease Transfer To:\r\nBank Name                         : Malayan Banking Bhd\r\nAccount Name                   : MOBTEL HUB\r\nBank Account Number     : 564548148577\r\nSwift Code                          : MBBEMYKL\r\n\r\nPlease send to us payment advice at sales@m-hub.asia','',1,0,0,NULL,NULL,NULL,NULL,'',0.000,200.00,200.00,82,5,1,NULL,NULL,0.00,0.00,0,0,0,'This is a computer generated document. No signature is required.',0.00,0,0,NULL,NULL,0,'',0.000,0,0,'',NULL),(83,4,1,1,3,'2022-08-27 17:11:54','2022-08-27 17:20:30','2022-08-27 17:20:30','25354I-873605',0.00,'','2022-08-28','2022-09-26','- Ordered items are subject to availability.\r\n- Goods sold are neither returnable nor refundable.\r\n- Price is subject to change without any notice.\r\n- Card payment are accepted upon request.\r\n\r\nPlease Transfer To:\r\nBank Name                         : Malayan Banking Bhd\r\nAccount Name                   : MOBTEL HUB\r\nBank Account Number     : 564548148577\r\nSwift Code                          : MBBEMYKL\r\n\r\nPlease send to us payment advice at sales@m-hub.asia','',1,0,0,NULL,NULL,'2022-08-27',NULL,'',0.000,2.00,2.00,83,5,1,NULL,NULL,0.00,0.00,0,0,0,'This is a computer generated document. No signature is required.',0.00,0,0,NULL,NULL,0,'',0.000,0,1,'',NULL),(84,4,1,1,3,'2022-08-27 17:21:46','2022-08-27 17:26:23','2022-08-27 17:26:23','25354I-873606',0.00,'','2022-08-28','2022-09-26','- Ordered items are subject to availability.\r\n- Goods sold are neither returnable nor refundable.\r\n- Price is subject to change without any notice.\r\n- Card payment are accepted upon request.\r\n\r\nPlease Transfer To:\r\nBank Name                         : Malayan Banking Bhd\r\nAccount Name                   : MOBTEL HUB\r\nBank Account Number     : 564548148577\r\nSwift Code                          : MBBEMYKL\r\n\r\nPlease send to us payment advice at sales@m-hub.asia','',1,0,0,NULL,NULL,'2022-08-27',NULL,'',0.000,2.00,2.00,84,5,1,NULL,NULL,0.00,0.00,0,0,0,'This is a computer generated document. No signature is required.',0.00,0,0,NULL,NULL,0,'',0.000,0,1,'',NULL),(85,4,1,1,3,'2022-08-27 17:26:59','2024-09-19 12:09:38','2024-09-19 12:09:38','25354I-873607',0.00,'','2022-08-28','2022-09-26','- Ordered items are subject to availability.\r\n- Goods sold are neither returnable nor refundable.\r\n- Price is subject to change without any notice.\r\n- Card payment are accepted upon request.\r\n\r\nPlease Transfer To:\r\nBank Name                         : Malayan Banking Bhd\r\nAccount Name                   : MOBTEL HUB\r\nBank Account Number     : 564548148577\r\nSwift Code                          : MBBEMYKL\r\n\r\nPlease send to us payment advice at sales@m-hub.asia','',1,0,0,NULL,NULL,'2022-08-27',NULL,'',0.000,4.00,4.00,85,5,1,NULL,NULL,0.00,0.00,0,0,0,'This is a computer generated document. No signature is required.',0.00,0,0,NULL,NULL,0,'',0.000,0,1,'',NULL),(86,4,1,1,3,'2022-08-27 19:01:43','2024-09-19 12:09:32','2024-09-19 12:09:32','25354I-873608',0.00,'','2022-08-28','2022-09-26','- Ordered items are subject to availability.\r\n- Goods sold are neither returnable nor refundable.\r\n- Price is subject to change without any notice.\r\n- Card payment are accepted upon request.\r\n\r\nPlease Transfer To:\r\nBank Name                         : Malayan Banking Bhd\r\nAccount Name                   : MOBTEL HUB\r\nBank Account Number     : 564548148577\r\nSwift Code                          : MBBEMYKL\r\n\r\nPlease send to us payment advice at sales@m-hub.asia','',1,0,0,NULL,NULL,'2022-08-27',NULL,'',0.000,30.00,30.00,86,5,1,NULL,NULL,0.00,0.00,0,0,0,'This is a computer generated document. No signature is required.',0.00,0,0,NULL,NULL,0,'',0.000,0,1,'',NULL),(87,18,1,1,6,'2024-08-21 17:02:33','2024-08-21 17:03:29',NULL,'25354I-873609',0.00,'','2023-04-08','2023-04-08','- Ordered items are subject to availability.\r\n- Goods sold are neither returnable nor refundable.\r\n- Price is subject to change without any notice.\r\n- Card payment are accepted upon request.\r\n\r\nPlease Transfer To:\r\nBank Name                         : Malayan Banking Bhd\r\nAccount Name                   : MOBTEL HUB\r\nBank Account Number     : 564548148577\r\nSwift Code                          : MBBEMYKL\r\n\r\nPlease send to us payment advice at sales@m-hub.asia','',0,0,0,NULL,NULL,NULL,NULL,'',0.000,2410.00,0.00,87,5,1,NULL,NULL,0.00,0.00,0,0,0,'This is a computer generated document. No signature is required.',0.00,0,0,NULL,NULL,0,'',0.000,0,1,'',NULL),(88,4,1,1,6,'2024-08-21 17:42:44','2024-08-21 17:46:05',NULL,'25354I-873610',0.00,'','2024-08-22','2024-09-20','- Ordered items are subject to availability.\r\n- Goods sold are neither returnable nor refundable.\r\n- Price is subject to change without any notice.\r\n- Card payment are accepted upon request.\r\n\r\nPlease Transfer To:\r\nBank Name                         : Malayan Banking Bhd\r\nAccount Name                   : MOBTEL HUB\r\nBank Account Number     : 564548148577\r\nSwift Code                          : MBBEMYKL\r\n\r\nPlease send to us payment advice at sales@m-hub.asia','',0,0,0,NULL,NULL,'2024-08-21',NULL,'',0.000,7.00,0.00,88,5,1,NULL,NULL,0.00,0.00,0,0,0,'This is a computer generated document. No signature is required.',0.00,0,0,NULL,NULL,0,'',0.000,0,1,'',NULL),(89,26,1,1,5,'2024-09-19 12:37:03','2024-09-19 13:02:44',NULL,'25354I-873611',0.00,'','2024-09-19','2024-10-11','- Ordered items are subject to availability.\r\n- Goods sold are neither returnable nor refundable.\r\n- Price is subject to change without any notice.\r\n- Card payment are accepted upon request.\r\n\r\nPlease Transfer To:\r\nBank Name                         : Malayan Banking Bhd\r\nAccount Name                   : MOBTEL HUB\r\nBank Account Number     : 564548148577\r\nSwift Code                          : MBBEMYKL\r\n\r\nPlease send to us payment advice at sales@m-hub.asia','',0,0,0,NULL,NULL,NULL,NULL,'',0.000,4000.00,2000.00,89,5,1,NULL,NULL,0.00,0.00,0,0,0,'This is a computer generated document. No signature is required.',0.00,0,0,NULL,NULL,0,'',0.000,0,1,'',NULL),(90,27,2,1,6,'2025-06-10 03:43:51','2025-07-23 10:58:16',NULL,'25354I-873612',0.00,'','2025-06-10','2025-07-10','- Card payment are accepted upon request.\r\n\r\nPlease Transfer To:\r\nBank Name                         : Malayan Banking Bhd\r\nAccount Name                   : MOBTEL HUB\r\nBank Account Number     : 564548148577\r\nSwift Code                          : MBBEMYKL\r\n\r\nPlease send to us payment advice at khediryaakub@mobtelhub.com','',0,0,0,NULL,NULL,'2025-06-10',NULL,'',0.000,708.75,0.00,90,5,1,NULL,NULL,0.00,0.00,0,0,1,'This is a computer generated document. No signature is required.',0.00,0,0,NULL,NULL,0,'',0.000,0,1,'',NULL),(91,27,2,1,2,'2025-07-19 01:59:58','2025-07-24 01:30:24',NULL,'25354I-873613',0.00,'','2025-07-19','2025-08-18','- Card payment are accepted upon request.\r\n\r\nPlease Transfer To:\r\nBank Name                         : Malayan Banking Bhd\r\nAccount Name                   : MOBTEL HUB\r\nBank Account Number     : 564548148577\r\nSwift Code                          : MBBEMYKL\r\n\r\nPlease send to us payment advice at khediryaakub@mobtelhub.com','E-Limu NG MTN (Ref: #1046):\r\nA 10% discount has been applied to the total service amount.\r\nOriginal amount: USD 5,820.85\r\nDiscounted amount (after 10% deduction): USD 5,238.77',0,0,0,NULL,NULL,'2025-07-24',NULL,'',0.000,6812.72,6812.72,91,5,1,NULL,NULL,0.00,0.00,0,0,0,'This is a computer generated document. No signature is required.',0.00,0,0,NULL,NULL,0,'',0.000,0,1,'',NULL);

--
-- Table structure for table `jobs`
--

CREATE TABLE `jobs` (
  `id` bigint(20) unsigned NOT NULL AUTO_INCREMENT,
  `queue` varchar(255) COLLATE utf8_unicode_ci NOT NULL,
  `payload` longtext COLLATE utf8_unicode_ci NOT NULL,
  `attempts` tinyint(3) unsigned NOT NULL,
  `reserved_at` int(10) unsigned DEFAULT NULL,
  `available_at` int(10) unsigned NOT NULL,
  `created_at` int(10) unsigned NOT NULL,
  PRIMARY KEY (`id`),
  KEY `jobs_queue_reserved_at_index` (`queue`,`reserved_at`)
) ENGINE=InnoDB DEFAULT CHARSET=utf8 COLLATE=utf8_unicode_ci;

--
-- Dumping data for table `jobs`
--


--
-- Table structure for table `languages`
--

CREATE TABLE `languages` (
  `id` int(10) unsigned NOT NULL AUTO_INCREMENT,
  `name` varchar(255) COLLATE utf8_unicode_ci NOT NULL,
  `locale` varchar(255) COLLATE utf8_unicode_ci NOT NULL,
  PRIMARY KEY (`id`)
) ENGINE=InnoDB AUTO_INCREMENT=33 DEFAULT CHARSET=utf8 COLLATE=utf8_unicode_ci;

--
-- Dumping data for table `languages`
--

INSERT INTO `languages` (`id`, `name`, `locale`) VALUES (1,'English','en'),(2,'Italian','it'),(3,'German','de'),(4,'French','fr'),(5,'Portuguese - Brazilian','pt_BR'),(6,'Dutch','nl'),(7,'Spanish','es'),(8,'Norwegian','nb_NO'),(9,'Danish','da'),(10,'Japanese','ja'),(11,'Swedish','sv'),(12,'Spanish - Spain','es_ES'),(13,'French - Canada','fr_CA'),(14,'Lithuanian','lt'),(15,'Polish','pl'),(16,'Czech','cs'),(17,'Croatian','hr'),(18,'Albanian','sq'),(19,'Greek','el'),(20,'English - United Kingdom','en_GB'),(21,'Portuguese - Portugal','pt_PT'),(22,'Slovenian','sl'),(23,'Finnish','fi'),(24,'Romanian','ro'),(25,'Turkish - Turkey','tr_TR'),(26,'Thai','th'),(27,'Macedonian','mk_MK'),(28,'Chinese - Taiwan','zh_TW'),(29,'English - Australia','en_AU'),(30,'Serbian','sr_RS'),(31,'Bulgarian','bg'),(32,'Russian','ru_RU');

--
-- Table structure for table `licenses`
--

CREATE TABLE `licenses` (
  `id` int(10) unsigned NOT NULL AUTO_INCREMENT,
  `created_at` timestamp NULL DEFAULT NULL,
  `updated_at` timestamp NULL DEFAULT NULL,
  `deleted_at` timestamp NULL DEFAULT NULL,
  `affiliate_id` int(10) unsigned DEFAULT NULL,
  `first_name` varchar(255) COLLATE utf8_unicode_ci DEFAULT NULL,
  `last_name` varchar(255) COLLATE utf8_unicode_ci DEFAULT NULL,
  `email` varchar(255) COLLATE utf8_unicode_ci DEFAULT NULL,
  `license_key` varchar(255) COLLATE utf8_unicode_ci DEFAULT NULL,
  `is_claimed` tinyint(1) DEFAULT NULL,
  `transaction_reference` varchar(255) COLLATE utf8_unicode_ci DEFAULT NULL,
  `product_id` int(10) unsigned DEFAULT NULL,
  PRIMARY KEY (`id`),
  UNIQUE KEY `licenses_license_key_unique` (`license_key`),
  KEY `licenses_affiliate_id_foreign` (`affiliate_id`),
  CONSTRAINT `licenses_affiliate_id_foreign` FOREIGN KEY (`affiliate_id`) REFERENCES `affiliates` (`id`)
) ENGINE=InnoDB DEFAULT CHARSET=utf8 COLLATE=utf8_unicode_ci;

--
-- Dumping data for table `licenses`
--


--
-- Table structure for table `lookup_accounts`
--

CREATE TABLE `lookup_accounts` (
  `id` int(10) unsigned NOT NULL AUTO_INCREMENT,
  `lookup_company_id` int(10) unsigned NOT NULL,
  `account_key` varchar(255) COLLATE utf8_unicode_ci NOT NULL,
  `subdomain` varchar(255) COLLATE utf8_unicode_ci DEFAULT NULL,
  PRIMARY KEY (`id`),
  UNIQUE KEY `lookup_accounts_account_key_unique` (`account_key`),
  UNIQUE KEY `lookup_accounts_subdomain_unique` (`subdomain`),
  KEY `lookup_accounts_lookup_company_id_index` (`lookup_company_id`),
  CONSTRAINT `lookup_accounts_lookup_company_id_foreign` FOREIGN KEY (`lookup_company_id`) REFERENCES `lookup_companies` (`id`) ON DELETE CASCADE
) ENGINE=InnoDB DEFAULT CHARSET=utf8 COLLATE=utf8_unicode_ci;

--
-- Dumping data for table `lookup_accounts`
--


--
-- Table structure for table `lookup_companies`
--

CREATE TABLE `lookup_companies` (
  `id` int(10) unsigned NOT NULL AUTO_INCREMENT,
  `db_server_id` int(10) unsigned NOT NULL,
  `company_id` int(10) unsigned NOT NULL,
  PRIMARY KEY (`id`),
  UNIQUE KEY `lookup_companies_db_server_id_company_id_unique` (`db_server_id`,`company_id`),
  KEY `lookup_companies_company_id_index` (`company_id`),
  CONSTRAINT `lookup_companies_db_server_id_foreign` FOREIGN KEY (`db_server_id`) REFERENCES `db_servers` (`id`)
) ENGINE=InnoDB DEFAULT CHARSET=utf8 COLLATE=utf8_unicode_ci;

--
-- Dumping data for table `lookup_companies`
--


--
-- Table structure for table `lookup_contacts`
--

CREATE TABLE `lookup_contacts` (
  `id` int(10) unsigned NOT NULL AUTO_INCREMENT,
  `lookup_account_id` int(10) unsigned NOT NULL,
  `contact_key` varchar(255) COLLATE utf8_unicode_ci NOT NULL,
  PRIMARY KEY (`id`),
  UNIQUE KEY `lookup_contacts_contact_key_unique` (`contact_key`),
  KEY `lookup_contacts_lookup_account_id_index` (`lookup_account_id`),
  CONSTRAINT `lookup_contacts_lookup_account_id_foreign` FOREIGN KEY (`lookup_account_id`) REFERENCES `lookup_accounts` (`id`) ON DELETE CASCADE
) ENGINE=InnoDB DEFAULT CHARSET=utf8 COLLATE=utf8_unicode_ci;

--
-- Dumping data for table `lookup_contacts`
--


--
-- Table structure for table `lookup_invitations`
--

CREATE TABLE `lookup_invitations` (
  `id` int(10) unsigned NOT NULL AUTO_INCREMENT,
  `lookup_account_id` int(10) unsigned NOT NULL,
  `invitation_key` varchar(255) COLLATE utf8_unicode_ci NOT NULL,
  `message_id` varchar(255) COLLATE utf8_unicode_ci DEFAULT NULL,
  PRIMARY KEY (`id`),
  UNIQUE KEY `lookup_invitations_invitation_key_unique` (`invitation_key`),
  UNIQUE KEY `lookup_invitations_message_id_unique` (`message_id`),
  KEY `lookup_invitations_lookup_account_id_index` (`lookup_account_id`),
  CONSTRAINT `lookup_invitations_lookup_account_id_foreign` FOREIGN KEY (`lookup_account_id`) REFERENCES `lookup_accounts` (`id`) ON DELETE CASCADE
) ENGINE=InnoDB DEFAULT CHARSET=utf8 COLLATE=utf8_unicode_ci;

--
-- Dumping data for table `lookup_invitations`
--


--
-- Table structure for table `lookup_proposal_invitations`
--

CREATE TABLE `lookup_proposal_invitations` (
  `id` int(10) unsigned NOT NULL AUTO_INCREMENT,
  `lookup_account_id` int(10) unsigned NOT NULL,
  `invitation_key` varchar(255) COLLATE utf8_unicode_ci NOT NULL,
  `message_id` varchar(255) COLLATE utf8_unicode_ci DEFAULT NULL,
  PRIMARY KEY (`id`),
  UNIQUE KEY `lookup_proposal_invitations_invitation_key_unique` (`invitation_key`),
  UNIQUE KEY `lookup_proposal_invitations_message_id_unique` (`message_id`),
  KEY `lookup_proposal_invitations_lookup_account_id_index` (`lookup_account_id`),
  CONSTRAINT `lookup_proposal_invitations_lookup_account_id_foreign` FOREIGN KEY (`lookup_account_id`) REFERENCES `lookup_accounts` (`id`) ON DELETE CASCADE
) ENGINE=InnoDB DEFAULT CHARSET=utf8 COLLATE=utf8_unicode_ci;

--
-- Dumping data for table `lookup_proposal_invitations`
--


--
-- Table structure for table `migrations`
--

CREATE TABLE `migrations` (
  `id` int(10) unsigned NOT NULL AUTO_INCREMENT,
  `migration` varchar(255) COLLATE utf8_unicode_ci NOT NULL,
  `batch` int(11) NOT NULL,
  PRIMARY KEY (`id`)
) ENGINE=InnoDB AUTO_INCREMENT=118 DEFAULT CHARSET=utf8 COLLATE=utf8_unicode_ci;

--
-- Dumping data for table `migrations`
--

INSERT INTO `migrations` (`id`, `migration`, `batch`) VALUES (1,'2013_11_05_180133_confide_setup_users_table',1),(2,'2013_11_28_195703_setup_countries_table',1),(3,'2014_02_13_151500_add_cascase_drops',1),(4,'2014_02_19_151817_add_support_for_invoice_designs',1),(5,'2014_03_03_155556_add_phone_to_account',1),(6,'2014_03_19_201454_add_language_support',1),(7,'2014_03_20_200300_create_payment_libraries',1),(8,'2014_03_23_051736_enable_forcing_jspdf',1),(9,'2014_03_25_102200_add_sort_and_recommended_to_gateways',1),(10,'2014_04_03_191105_add_pro_plan',1),(11,'2014_04_17_100523_add_remember_token',1),(12,'2014_04_17_145108_add_custom_fields',1),(13,'2014_04_23_170909_add_products_settings',1),(14,'2014_04_29_174315_add_advanced_settings',1),(15,'2014_05_17_175626_add_quotes',1),(16,'2014_06_17_131940_add_accepted_credit_cards_to_account_gateways',1),(17,'2014_07_13_142654_one_click_install',1),(18,'2014_07_17_205900_support_hiding_quantity',1),(19,'2014_07_24_171214_add_zapier_support',1),(20,'2014_10_01_141248_add_company_vat_number',1),(21,'2014_10_05_141856_track_last_seen_message',1),(22,'2014_10_06_103529_add_timesheets',1),(23,'2014_10_06_195330_add_invoice_design_table',1),(24,'2014_10_13_054100_add_invoice_number_settings',1),(25,'2014_10_14_225227_add_danish_translation',1),(26,'2014_10_22_174452_add_affiliate_price',1),(27,'2014_10_30_184126_add_company_id_number',1),(28,'2014_11_04_200406_allow_null_client_currency',1),(29,'2014_12_03_154119_add_discount_type',1),(30,'2015_02_12_102940_add_email_templates',1),(31,'2015_02_17_131714_support_token_billing',1),(32,'2015_02_27_081836_add_invoice_footer',1),(33,'2015_03_03_140259_add_tokens',1),(34,'2015_03_09_151011_add_ip_to_activity',1),(35,'2015_03_15_174122_add_pdf_email_attachment_option',1),(36,'2015_03_30_100000_create_password_resets_table',1),(37,'2015_04_12_093447_add_sv_language',1),(38,'2015_04_13_100333_add_notify_approved',1),(39,'2015_04_16_122647_add_partial_amount_to_invoices',1),(40,'2015_05_21_184104_add_font_size',1),(41,'2015_05_27_121828_add_tasks',1),(42,'2015_05_27_170808_add_custom_invoice_labels',1),(43,'2015_06_09_134208_add_has_tasks_to_invoices',1),(44,'2015_06_14_093410_enable_resuming_tasks',1),(45,'2015_06_14_173025_multi_company_support',1),(46,'2015_07_07_160257_support_locking_account',1),(47,'2015_07_08_114333_simplify_tasks',1),(48,'2015_07_19_081332_add_custom_design',1),(49,'2015_07_27_183830_add_pdfmake_support',1),(50,'2015_08_13_084041_add_formats_to_datetime_formats_table',1),(51,'2015_09_04_080604_add_swap_postal_code',1),(52,'2015_09_07_135935_add_account_domain',1),(53,'2015_09_10_185135_add_reminder_emails',1),(54,'2015_10_07_135651_add_social_login',1),(55,'2015_10_21_075058_add_default_tax_rates',1),(56,'2015_10_21_185724_add_invoice_number_pattern',1),(57,'2015_10_27_180214_add_is_system_to_activities',1),(58,'2015_10_29_133747_add_default_quote_terms',1),(59,'2015_11_01_080417_encrypt_tokens',1),(60,'2015_11_03_181318_improve_currency_localization',1),(61,'2015_11_30_133206_add_email_designs',1),(62,'2015_12_27_154513_add_reminder_settings',1),(63,'2015_12_30_042035_add_client_view_css',1),(64,'2016_01_04_175228_create_vendors_table',1),(65,'2016_01_06_153144_add_invoice_font_support',1),(66,'2016_01_17_155725_add_quote_to_invoice_option',1),(67,'2016_01_18_195351_add_bank_accounts',1),(68,'2016_01_24_112646_add_bank_subaccounts',1),(69,'2016_01_27_173015_add_header_footer_option',1),(70,'2016_02_01_135956_add_source_currency_to_expenses',1),(71,'2016_02_25_152948_add_client_password',1),(72,'2016_02_28_081424_add_custom_invoice_fields',1),(73,'2016_03_14_066181_add_user_permissions',1),(74,'2016_03_14_214710_add_support_three_decimal_taxes',1),(75,'2016_03_22_168362_add_documents',1),(76,'2016_03_23_215049_support_multiple_tax_rates',1),(77,'2016_04_16_103943_enterprise_plan',1),(78,'2016_04_18_174135_add_page_size',1),(79,'2016_04_23_182223_payments_changes',1),(80,'2016_05_16_102925_add_swap_currency_symbol_to_currency',1),(81,'2016_05_18_085739_add_invoice_type_support',1),(82,'2016_05_24_164847_wepay_ach',1),(83,'2016_07_08_083802_support_new_pricing',1),(84,'2016_07_13_083821_add_buy_now_buttons',1),(85,'2016_08_10_184027_add_support_for_bots',1),(86,'2016_09_05_150625_create_gateway_types',1),(87,'2016_10_20_191150_add_expense_to_activities',1),(88,'2016_11_03_113316_add_invoice_signature',1),(89,'2016_11_03_161149_add_bluevine_fields',1),(90,'2016_11_28_092904_add_task_projects',1),(91,'2016_12_13_113955_add_pro_plan_discount',1),(92,'2017_01_01_214241_add_inclusive_taxes',1),(93,'2017_02_23_095934_add_custom_product_fields',1),(94,'2017_03_16_085702_add_gateway_fee_location',1),(95,'2017_04_16_101744_add_custom_contact_fields',1),(96,'2017_04_30_174702_add_multiple_database_support',1),(97,'2017_05_10_144928_add_oauth_to_lookups',1),(98,'2017_05_16_101715_add_default_note_to_client',1),(99,'2017_06_19_111515_update_dark_mode',1),(100,'2017_07_18_124150_add_late_fees',1),(101,'2017_08_14_085334_increase_precision',1),(102,'2017_10_17_083846_add_default_rates',1),(103,'2017_11_15_114422_add_subdomain_to_lookups',1),(104,'2017_12_13_074024_add_remember_2fa_token',1),(105,'2018_01_10_073825_add_subscription_format',1),(106,'2018_03_08_150414_add_slack_notifications',1),(107,'2018_03_30_115805_add_more_custom_fields',2),(108,'2018_04_16_142434_add_custom_domain',2),(109,'2018_05_14_091806_limit_notifications',3),(110,'2018_05_19_095124_add_json_permissions',3),(111,'2018_06_29_110607_add_dart_format_column',3),(112,'2018_07_26_170243_fix_payment_contact_foreign_key',4),(113,'2018_10_22_084326_add_option_for_product_notes',5),(114,'2019_08_27_074711_add_app_store_order_id',6),(115,'2021_01_22_101548_remove_cyber_source_gateway',7),(116,'2021_06_22_234707_add_forward_url_for_v5',8),(117,'2021_07_24_002820_add_migration_flag_for_companies_table',9);

--
-- Table structure for table `payment_libraries`
--

CREATE TABLE `payment_libraries` (
  `id` int(10) unsigned NOT NULL AUTO_INCREMENT,
  `created_at` timestamp NULL DEFAULT NULL,
  `updated_at` timestamp NULL DEFAULT NULL,
  `name` varchar(255) COLLATE utf8_unicode_ci NOT NULL,
  `visible` tinyint(1) NOT NULL DEFAULT '1',
  PRIMARY KEY (`id`)
) ENGINE=InnoDB AUTO_INCREMENT=3 DEFAULT CHARSET=utf8 COLLATE=utf8_unicode_ci;

--
-- Dumping data for table `payment_libraries`
--

INSERT INTO `payment_libraries` (`id`, `created_at`, `updated_at`, `name`, `visible`) VALUES (1,'2018-04-15 19:25:16','2018-04-15 19:25:16','Omnipay',1),(2,'2018-04-15 19:25:16','2018-04-15 19:25:16','PHP-Payments [Deprecated]',1);

--
-- Table structure for table `payment_methods`
--

CREATE TABLE `payment_methods` (
  `id` int(10) unsigned NOT NULL AUTO_INCREMENT,
  `account_id` int(10) unsigned NOT NULL,
  `user_id` int(10) unsigned NOT NULL,
  `contact_id` int(10) unsigned DEFAULT NULL,
  `account_gateway_token_id` int(10) unsigned DEFAULT NULL,
  `payment_type_id` int(10) unsigned NOT NULL,
  `source_reference` varchar(255) COLLATE utf8_unicode_ci NOT NULL,
  `routing_number` int(10) unsigned DEFAULT NULL,
  `last4` smallint(5) unsigned DEFAULT NULL,
  `expiration` date DEFAULT NULL,
  `email` varchar(255) COLLATE utf8_unicode_ci DEFAULT NULL,
  `currency_id` int(10) unsigned DEFAULT NULL,
  `status` varchar(255) COLLATE utf8_unicode_ci DEFAULT NULL,
  `created_at` timestamp NULL DEFAULT NULL,
  `updated_at` timestamp NULL DEFAULT NULL,
  `deleted_at` timestamp NULL DEFAULT NULL,
  `public_id` int(10) unsigned NOT NULL,
  `bank_name` varchar(255) COLLATE utf8_unicode_ci DEFAULT NULL,
  `ip` varchar(255) COLLATE utf8_unicode_ci DEFAULT NULL,
  PRIMARY KEY (`id`),
  UNIQUE KEY `payment_methods_account_id_public_id_unique` (`account_id`,`public_id`),
  KEY `payment_methods_public_id_index` (`public_id`),
  KEY `payment_methods_user_id_foreign` (`user_id`),
  KEY `payment_methods_contact_id_foreign` (`contact_id`),
  KEY `payment_methods_payment_type_id_foreign` (`payment_type_id`),
  KEY `payment_methods_currency_id_foreign` (`currency_id`),
  KEY `payment_methods_account_gateway_token_id_foreign` (`account_gateway_token_id`),
  CONSTRAINT `payment_methods_account_gateway_token_id_foreign` FOREIGN KEY (`account_gateway_token_id`) REFERENCES `account_gateway_tokens` (`id`) ON DELETE CASCADE,
  CONSTRAINT `payment_methods_account_id_foreign` FOREIGN KEY (`account_id`) REFERENCES `accounts` (`id`) ON DELETE CASCADE,
  CONSTRAINT `payment_methods_contact_id_foreign` FOREIGN KEY (`contact_id`) REFERENCES `contacts` (`id`) ON DELETE CASCADE,
  CONSTRAINT `payment_methods_currency_id_foreign` FOREIGN KEY (`currency_id`) REFERENCES `currencies` (`id`),
  CONSTRAINT `payment_methods_payment_type_id_foreign` FOREIGN KEY (`payment_type_id`) REFERENCES `payment_types` (`id`),
  CONSTRAINT `payment_methods_user_id_foreign` FOREIGN KEY (`user_id`) REFERENCES `users` (`id`) ON DELETE CASCADE
) ENGINE=InnoDB AUTO_INCREMENT=3 DEFAULT CHARSET=utf8 COLLATE=utf8_unicode_ci;

--
-- Dumping data for table `payment_methods`
--

INSERT INTO `payment_methods` (`id`, `account_id`, `user_id`, `contact_id`, `account_gateway_token_id`, `payment_type_id`, `source_reference`, `routing_number`, `last4`, `expiration`, `email`, `currency_id`, `status`, `created_at`, `updated_at`, `deleted_at`, `public_id`, `bank_name`, `ip`) VALUES (1,1,1,9,1,6,'pm_1LbSwPLTMjZUPdCCIlRTQYe4',NULL,9882,'2027-05-01',NULL,NULL,NULL,'2022-08-27 17:38:03','2022-08-27 19:11:57','2022-08-27 19:11:57',1,NULL,'42.153.34.65'),(2,1,1,9,1,7,'pm_1PqIaxLTMjZUPdCCUtgXMQxt',NULL,4863,'2029-02-01',NULL,NULL,NULL,'2024-08-21 17:46:14','2024-08-21 17:46:14',NULL,2,NULL,'113.210.58.54');

--
-- Table structure for table `payment_statuses`
--

CREATE TABLE `payment_statuses` (
  `id` int(10) unsigned NOT NULL AUTO_INCREMENT,
  `name` varchar(255) COLLATE utf8_unicode_ci NOT NULL,
  PRIMARY KEY (`id`)
) ENGINE=InnoDB AUTO_INCREMENT=7 DEFAULT CHARSET=utf8 COLLATE=utf8_unicode_ci;

--
-- Dumping data for table `payment_statuses`
--

INSERT INTO `payment_statuses` (`id`, `name`) VALUES (1,'Pending'),(2,'Voided'),(3,'Failed'),(4,'Completed'),(5,'Partially Refunded'),(6,'Refunded');

--
-- Table structure for table `payment_terms`
--

CREATE TABLE `payment_terms` (
  `id` int(10) unsigned NOT NULL AUTO_INCREMENT,
  `num_days` int(11) NOT NULL,
  `name` varchar(255) COLLATE utf8_unicode_ci NOT NULL,
  `created_at` timestamp NULL DEFAULT NULL,
  `updated_at` timestamp NULL DEFAULT NULL,
  `deleted_at` timestamp NULL DEFAULT NULL,
  `user_id` int(10) unsigned NOT NULL,
  `account_id` int(10) unsigned NOT NULL,
  `public_id` int(10) unsigned NOT NULL,
  PRIMARY KEY (`id`),
  UNIQUE KEY `payment_terms_account_id_public_id_unique` (`account_id`,`public_id`),
  KEY `payment_terms_public_id_index` (`public_id`)
) ENGINE=InnoDB AUTO_INCREMENT=10 DEFAULT CHARSET=utf8 COLLATE=utf8_unicode_ci;

--
-- Dumping data for table `payment_terms`
--

INSERT INTO `payment_terms` (`id`, `num_days`, `name`, `created_at`, `updated_at`, `deleted_at`, `user_id`, `account_id`, `public_id`) VALUES (1,7,'Net 7','2018-04-15 19:25:16','2018-04-15 19:25:16',NULL,0,0,1),(2,10,'Net 10','2018-04-15 19:25:16','2018-04-15 19:25:16',NULL,0,0,2),(3,14,'Net 14','2018-04-15 19:25:16','2018-04-15 19:25:16',NULL,0,0,3),(4,15,'Net 15','2018-04-15 19:25:16','2018-04-15 19:25:16',NULL,0,0,4),(5,30,'Net 30','2018-04-15 19:25:16','2018-04-15 19:25:16',NULL,0,0,5),(6,60,'Net 60','2018-04-15 19:25:16','2018-04-15 19:25:16',NULL,0,0,6),(7,90,'Net 90','2018-04-15 19:25:16','2018-04-15 19:25:16',NULL,0,0,7),(8,-1,'Net 0','2018-04-15 19:25:16','2018-04-15 19:25:16',NULL,0,0,0),(9,16,'Net 16','2018-04-15 04:25:19','2018-04-15 04:25:19',NULL,1,1,1);

--
-- Table structure for table `payment_types`
--

CREATE TABLE `payment_types` (
  `id` int(10) unsigned NOT NULL AUTO_INCREMENT,
  `name` varchar(255) COLLATE utf8_unicode_ci NOT NULL,
  `gateway_type_id` int(10) unsigned DEFAULT NULL,
  PRIMARY KEY (`id`),
  KEY `payment_types_gateway_type_id_foreign` (`gateway_type_id`),
  CONSTRAINT `payment_types_gateway_type_id_foreign` FOREIGN KEY (`gateway_type_id`) REFERENCES `gateway_types` (`id`) ON DELETE CASCADE
) ENGINE=InnoDB AUTO_INCREMENT=34 DEFAULT CHARSET=utf8 COLLATE=utf8_unicode_ci;

--
-- Dumping data for table `payment_types`
--

INSERT INTO `payment_types` (`id`, `name`, `gateway_type_id`) VALUES (1,'Apply Credit',NULL),(2,'Bank Transfer',2),(3,'Cash',NULL),(4,'Debit',1),(5,'ACH',2),(6,'Visa Card',1),(7,'MasterCard',1),(8,'American Express',1),(9,'Discover Card',1),(10,'Diners Card',1),(11,'EuroCard',1),(12,'Nova',1),(13,'Credit Card Other',1),(14,'PayPal',3),(15,'Google Wallet',NULL),(16,'Check',NULL),(17,'Carte Blanche',1),(18,'UnionPay',1),(19,'JCB',1),(20,'Laser',1),(21,'Maestro',1),(22,'Solo',1),(23,'Switch',1),(24,'iZettle',1),(25,'Swish',2),(26,'Venmo',NULL),(27,'Money Order',NULL),(28,'Alipay',7),(29,'Sofort',8),(30,'SEPA',9),(31,'GoCardless',10),(32,'Bitcoin',4),(33,'Zelle',NULL);

--
-- Table structure for table `payments`
--

CREATE TABLE `payments` (
  `id` int(10) unsigned NOT NULL AUTO_INCREMENT,
  `invoice_id` int(10) unsigned NOT NULL,
  `account_id` int(10) unsigned NOT NULL,
  `client_id` int(10) unsigned NOT NULL,
  `contact_id` int(10) unsigned DEFAULT NULL,
  `invitation_id` int(10) unsigned DEFAULT NULL,
  `user_id` int(10) unsigned DEFAULT NULL,
  `account_gateway_id` int(10) unsigned DEFAULT NULL,
  `payment_type_id` int(10) unsigned DEFAULT NULL,
  `created_at` timestamp NULL DEFAULT NULL,
  `updated_at` timestamp NULL DEFAULT NULL,
  `deleted_at` timestamp NULL DEFAULT NULL,
  `is_deleted` tinyint(1) NOT NULL DEFAULT '0',
  `amount` decimal(13,2) NOT NULL,
  `payment_date` date DEFAULT NULL,
  `transaction_reference` varchar(255) COLLATE utf8_unicode_ci DEFAULT NULL,
  `payer_id` varchar(255) COLLATE utf8_unicode_ci DEFAULT NULL,
  `public_id` int(10) unsigned NOT NULL,
  `refunded` decimal(13,2) NOT NULL,
  `payment_status_id` int(10) unsigned NOT NULL DEFAULT '4',
  `routing_number` int(10) unsigned DEFAULT NULL,
  `last4` smallint(5) unsigned DEFAULT NULL,
  `expiration` date DEFAULT NULL,
  `gateway_error` text COLLATE utf8_unicode_ci,
  `email` varchar(255) COLLATE utf8_unicode_ci DEFAULT NULL,
  `payment_method_id` int(10) unsigned DEFAULT NULL,
  `bank_name` varchar(255) COLLATE utf8_unicode_ci DEFAULT NULL,
  `ip` varchar(255) COLLATE utf8_unicode_ci DEFAULT NULL,
  `credit_ids` text COLLATE utf8_unicode_ci,
  `private_notes` text COLLATE utf8_unicode_ci,
  `exchange_rate` decimal(13,4) NOT NULL DEFAULT '1.0000',
  `exchange_currency_id` int(10) unsigned NOT NULL,
  PRIMARY KEY (`id`),
  UNIQUE KEY `payments_account_id_public_id_unique` (`account_id`,`public_id`),
  KEY `payments_contact_id_foreign` (`contact_id`),
  KEY `payments_account_gateway_id_foreign` (`account_gateway_id`),
  KEY `payments_user_id_foreign` (`user_id`),
  KEY `payments_payment_type_id_foreign` (`payment_type_id`),
  KEY `payments_invoice_id_index` (`invoice_id`),
  KEY `payments_account_id_index` (`account_id`),
  KEY `payments_client_id_index` (`client_id`),
  KEY `payments_public_id_index` (`public_id`),
  KEY `payments_payment_status_id_foreign` (`payment_status_id`),
  KEY `payments_payment_method_id_foreign` (`payment_method_id`),
  CONSTRAINT `payments_account_gateway_id_foreign` FOREIGN KEY (`account_gateway_id`) REFERENCES `account_gateways` (`id`) ON DELETE CASCADE,
  CONSTRAINT `payments_account_id_foreign` FOREIGN KEY (`account_id`) REFERENCES `accounts` (`id`) ON DELETE CASCADE,
  CONSTRAINT `payments_client_id_foreign` FOREIGN KEY (`client_id`) REFERENCES `clients` (`id`) ON DELETE CASCADE,
  CONSTRAINT `payments_contact_id_foreign` FOREIGN KEY (`contact_id`) REFERENCES `contacts` (`id`) ON DELETE CASCADE,
  CONSTRAINT `payments_invoice_id_foreign` FOREIGN KEY (`invoice_id`) REFERENCES `invoices` (`id`) ON DELETE CASCADE,
  CONSTRAINT `payments_payment_method_id_foreign` FOREIGN KEY (`payment_method_id`) REFERENCES `payment_methods` (`id`) ON DELETE CASCADE,
  CONSTRAINT `payments_payment_status_id_foreign` FOREIGN KEY (`payment_status_id`) REFERENCES `payment_statuses` (`id`),
  CONSTRAINT `payments_payment_type_id_foreign` FOREIGN KEY (`payment_type_id`) REFERENCES `payment_types` (`id`),
  CONSTRAINT `payments_user_id_foreign` FOREIGN KEY (`user_id`) REFERENCES `users` (`id`) ON DELETE CASCADE
) ENGINE=InnoDB AUTO_INCREMENT=45 DEFAULT CHARSET=utf8 COLLATE=utf8_unicode_ci;

--
-- Dumping data for table `payments`
--

INSERT INTO `payments` (`id`, `invoice_id`, `account_id`, `client_id`, `contact_id`, `invitation_id`, `user_id`, `account_gateway_id`, `payment_type_id`, `created_at`, `updated_at`, `deleted_at`, `is_deleted`, `amount`, `payment_date`, `transaction_reference`, `payer_id`, `public_id`, `refunded`, `payment_status_id`, `routing_number`, `last4`, `expiration`, `gateway_error`, `email`, `payment_method_id`, `bank_name`, `ip`, `credit_ids`, `private_notes`, `exchange_rate`, `exchange_currency_id`) VALUES (1,2,1,1,NULL,NULL,1,NULL,14,'2018-04-15 05:56:51','2018-04-15 05:56:51',NULL,0,3000.00,'2018-04-14',NULL,NULL,1,0.00,4,NULL,NULL,NULL,NULL,NULL,NULL,NULL,NULL,NULL,NULL,1.0000,0),(2,10,1,3,NULL,NULL,1,NULL,2,'2019-07-13 04:50:15','2019-07-13 08:08:49',NULL,0,200.00,'2018-10-08','Maybank - 5861500210',NULL,2,0.00,4,NULL,NULL,NULL,NULL,NULL,NULL,NULL,NULL,NULL,'',1.0000,0),(3,11,1,4,NULL,NULL,1,NULL,2,'2019-07-13 07:45:02','2019-07-13 08:04:49','2019-07-13 08:04:49',1,295.00,'2019-07-05','Maybank - 6622198942',NULL,3,0.00,4,NULL,NULL,NULL,NULL,NULL,NULL,NULL,NULL,NULL,'',1.0000,0),(4,14,1,2,NULL,NULL,1,NULL,2,'2019-07-13 10:23:13','2019-07-13 18:27:32',NULL,0,350.00,'2018-10-01','Maybank - 5842572737',NULL,4,0.00,4,NULL,NULL,NULL,NULL,NULL,NULL,NULL,NULL,NULL,'',1.0000,0),(5,16,1,4,9,22,1,2,NULL,'2019-07-14 10:08:51','2019-07-14 10:08:51',NULL,0,3.03,'2019-07-14','ch_1EvpeQLTMjZUPdCCHq9UCL6F',NULL,5,0.00,4,NULL,NULL,NULL,NULL,NULL,NULL,NULL,'183.171.71.242',NULL,NULL,1.0000,0),(6,17,1,4,9,23,1,2,NULL,'2019-07-14 10:23:01','2019-07-14 10:23:01',NULL,0,3.26,'2019-07-14','ch_1Evps8LTMjZUPdCCra4499pN',NULL,6,0.00,4,NULL,NULL,NULL,NULL,NULL,NULL,NULL,'183.171.71.242',NULL,NULL,1.0000,0),(7,18,1,4,9,24,1,2,NULL,'2019-07-14 10:47:09','2019-07-14 10:47:09',NULL,0,3.24,'2019-07-14','ch_1EvqFULTMjZUPdCCG15t9hK5',NULL,7,0.00,4,NULL,NULL,NULL,NULL,NULL,NULL,NULL,'183.171.71.242',NULL,NULL,1.0000,0),(8,19,1,4,9,25,1,4,NULL,'2019-07-14 11:51:52','2019-07-14 12:21:06',NULL,0,3.05,'2019-07-14','70B25162Y48096408','V6SYQTJLY9KQW',8,3.05,6,NULL,NULL,NULL,NULL,NULL,NULL,NULL,'183.171.71.242',NULL,NULL,1.0000,0),(9,20,1,4,9,26,1,4,NULL,'2019-07-14 12:07:12','2019-07-14 12:20:56',NULL,0,3.12,'2019-07-14','8HR94726LJ043745W','V6SYQTJLY9KQW',9,3.12,6,NULL,NULL,NULL,NULL,NULL,NULL,NULL,'183.171.71.242',NULL,NULL,1.0000,0),(10,23,1,4,9,29,2,4,NULL,'2019-07-14 13:21:29','2019-07-14 13:27:54','2019-07-14 13:27:54',1,3.12,'2019-07-14','52P39108SD031025L','A677Y5KGNA3NE',10,3.12,6,NULL,NULL,NULL,NULL,NULL,NULL,NULL,'183.171.71.242',NULL,NULL,1.0000,0),(11,25,1,4,8,31,2,2,NULL,'2019-07-17 06:33:16','2019-07-17 06:38:42',NULL,0,3.24,'2019-07-16','ch_1EwriRLTMjZUPdCCArIHZDkT',NULL,11,3.24,6,NULL,NULL,NULL,NULL,NULL,NULL,NULL,'183.171.73.219',NULL,NULL,1.0000,0),(12,32,1,2,NULL,NULL,1,NULL,2,'2019-10-03 08:54:21','2019-10-03 08:54:21',NULL,0,350.00,'2019-10-02','Maybank 564548148577 - Ref 336984X853594',NULL,12,0.00,4,NULL,NULL,NULL,NULL,NULL,NULL,NULL,NULL,NULL,'',1.0000,0),(13,33,1,4,9,43,1,2,NULL,'2019-10-14 06:35:27','2019-10-14 06:35:27',NULL,0,2.00,'2019-10-13','ch_1FT8AMLTMjZUPdCCC6dkRzJv',NULL,13,0.00,4,NULL,NULL,NULL,NULL,NULL,NULL,NULL,'183.171.101.140',NULL,NULL,1.0000,0),(14,36,1,4,9,48,1,2,NULL,'2019-10-21 07:54:01','2019-10-21 07:54:01',NULL,0,12.00,'2019-10-20','ch_1FVgjELTMjZUPdCCoWDJena1',NULL,14,0.00,4,NULL,NULL,NULL,NULL,NULL,NULL,NULL,'183.171.65.10',NULL,NULL,1.0000,0),(15,37,1,4,9,49,1,2,NULL,'2019-10-21 07:59:31','2019-10-21 07:59:31',NULL,0,4.00,'2019-10-20','ch_1FVgoZLTMjZUPdCCFiZrj7e4',NULL,15,0.00,4,NULL,NULL,NULL,NULL,NULL,NULL,NULL,'183.171.65.10',NULL,NULL,1.0000,0),(16,38,1,4,9,50,1,2,NULL,'2019-10-21 08:04:29','2019-10-21 08:04:29',NULL,0,7.90,'2019-10-21','ch_1FVgtMLTMjZUPdCCDJJFNrnf',NULL,16,0.00,4,NULL,NULL,NULL,NULL,NULL,NULL,NULL,'183.171.65.10',NULL,NULL,1.0000,0),(17,42,1,4,9,57,1,2,NULL,'2021-08-19 10:18:43','2021-08-19 10:18:43',NULL,0,3.73,'2021-08-19','ch_3JQ0pYLTMjZUPdCC0N818D3x',NULL,17,0.00,4,NULL,NULL,NULL,NULL,NULL,NULL,NULL,'42.153.146.47',NULL,NULL,1.0000,0),(18,43,1,2,NULL,NULL,1,NULL,4,'2021-08-19 10:47:29','2021-08-19 10:48:30',NULL,0,355.00,'2021-08-19','pi_1HUbKvLTMjZUPdCC1GoeUEMM xxx7447 (Visa)',NULL,18,0.00,4,NULL,NULL,NULL,NULL,NULL,NULL,NULL,NULL,NULL,'xxx7447 (Visa)',1.0000,0),(19,41,1,2,NULL,NULL,1,NULL,2,'2021-08-20 08:39:22','2021-08-20 08:39:22',NULL,0,350.00,'2021-08-20','Maybank Transfer 20th Aug 2021',NULL,19,0.00,4,NULL,NULL,NULL,NULL,NULL,NULL,NULL,NULL,NULL,'',1.0000,0),(20,44,1,4,NULL,NULL,2,NULL,NULL,'2021-09-02 20:07:37','2021-09-02 20:07:37',NULL,0,71.00,'2021-09-02',NULL,NULL,20,0.00,4,NULL,NULL,NULL,NULL,NULL,NULL,NULL,NULL,NULL,NULL,1.0000,0),(21,45,1,4,NULL,NULL,2,NULL,2,'2021-09-02 21:36:47','2021-09-02 21:36:47',NULL,0,140.00,'2021-09-02','Maybank Transfer',NULL,21,0.00,4,NULL,NULL,NULL,NULL,NULL,NULL,NULL,NULL,NULL,'',1.0000,0),(22,46,1,4,NULL,NULL,2,NULL,2,'2021-09-02 23:14:33','2021-09-02 23:14:33',NULL,0,140.00,'2021-09-02','Bank Transfer',NULL,22,0.00,4,NULL,NULL,NULL,NULL,NULL,NULL,NULL,NULL,NULL,'',1.0000,0),(23,49,1,8,NULL,NULL,2,NULL,2,'2021-09-10 18:20:44','2021-09-10 18:20:44',NULL,0,380.00,'2021-09-09','M2U',NULL,23,0.00,4,NULL,NULL,NULL,NULL,NULL,NULL,NULL,NULL,NULL,'',1.0000,0),(24,48,1,7,NULL,NULL,2,NULL,2,'2021-09-10 18:22:33','2021-09-10 18:22:33',NULL,0,100.00,'2021-09-10','M2U',NULL,24,0.00,4,NULL,NULL,NULL,NULL,NULL,NULL,NULL,NULL,NULL,'',1.0000,0),(25,50,1,9,NULL,NULL,2,NULL,2,'2021-09-10 18:23:32','2021-09-10 18:23:32',NULL,0,100.00,'2021-09-09','M2U',NULL,25,0.00,4,NULL,NULL,NULL,NULL,NULL,NULL,NULL,NULL,NULL,'',1.0000,0),(26,51,1,10,NULL,NULL,2,NULL,2,'2021-09-10 18:24:24','2021-09-10 18:24:24',NULL,0,100.00,'2021-09-09','M2U',NULL,26,0.00,4,NULL,NULL,NULL,NULL,NULL,NULL,NULL,NULL,NULL,'',1.0000,0),(27,52,1,11,NULL,NULL,2,NULL,2,'2021-09-10 18:25:28','2021-09-10 18:25:28',NULL,0,92.00,'2021-09-09','M2U',NULL,27,0.00,4,NULL,NULL,NULL,NULL,NULL,NULL,NULL,NULL,NULL,'',1.0000,0),(28,58,1,10,NULL,NULL,2,NULL,NULL,'2021-10-12 20:06:54','2021-10-12 20:06:54',NULL,0,70.00,'2021-10-12','',NULL,28,0.00,4,NULL,NULL,NULL,NULL,NULL,NULL,NULL,NULL,NULL,'',1.0000,0),(29,59,1,12,NULL,NULL,2,NULL,2,'2021-10-12 20:09:35','2021-10-12 20:09:35',NULL,0,100.00,'2021-10-12','',NULL,29,0.00,4,NULL,NULL,NULL,NULL,NULL,NULL,NULL,NULL,NULL,'',1.0000,0),(30,60,1,7,NULL,NULL,2,NULL,2,'2021-10-12 20:12:50','2021-10-12 20:12:50',NULL,0,70.00,'2021-10-12','',NULL,30,0.00,4,NULL,NULL,NULL,NULL,NULL,NULL,NULL,NULL,NULL,'',1.0000,0),(31,61,1,9,NULL,NULL,2,NULL,2,'2021-10-12 20:14:55','2021-10-12 20:14:55',NULL,0,70.00,'2021-10-12','',NULL,31,0.00,4,NULL,NULL,NULL,NULL,NULL,NULL,NULL,NULL,NULL,'',1.0000,0),(32,62,1,13,NULL,NULL,2,NULL,2,'2021-10-12 20:18:39','2021-10-12 20:18:39',NULL,0,100.00,'2021-10-12','',NULL,32,0.00,4,NULL,NULL,NULL,NULL,NULL,NULL,NULL,NULL,NULL,'',1.0000,0),(33,63,1,11,NULL,NULL,2,NULL,2,'2021-10-12 20:22:26','2021-10-12 20:22:26',NULL,0,93.00,'2021-10-12','',NULL,33,0.00,4,NULL,NULL,NULL,NULL,NULL,NULL,NULL,NULL,NULL,'',1.0000,0),(34,64,1,14,NULL,NULL,2,NULL,NULL,'2021-10-12 20:34:00','2021-10-12 20:34:00',NULL,0,140.00,'2021-10-12','',NULL,34,0.00,4,NULL,NULL,NULL,NULL,NULL,NULL,NULL,NULL,NULL,'',1.0000,0),(35,65,1,15,NULL,NULL,2,NULL,2,'2021-10-12 20:47:52','2021-10-12 20:47:52',NULL,0,200.00,'2021-09-09','',NULL,35,0.00,4,NULL,NULL,NULL,NULL,NULL,NULL,NULL,NULL,NULL,'',1.0000,0),(36,67,1,16,NULL,NULL,2,NULL,2,'2021-10-12 20:58:48','2021-10-12 20:58:48',NULL,0,92.00,'2021-09-11','',NULL,36,0.00,4,NULL,NULL,NULL,NULL,NULL,NULL,NULL,NULL,NULL,'',1.0000,0),(37,69,1,17,NULL,NULL,2,NULL,2,'2021-10-21 15:46:09','2021-10-21 15:46:09',NULL,0,290.00,'2021-10-16','',NULL,37,0.00,4,NULL,NULL,NULL,NULL,NULL,NULL,NULL,NULL,NULL,'',1.0000,0),(38,70,1,18,NULL,NULL,1,NULL,3,'2021-12-14 10:46:21','2021-12-14 10:46:21',NULL,0,2619.00,'2020-05-12','',NULL,38,0.00,4,NULL,NULL,NULL,NULL,NULL,NULL,NULL,NULL,NULL,'',1.0000,0),(39,71,1,17,NULL,NULL,2,NULL,2,'2022-02-27 04:35:19','2022-02-27 04:35:19',NULL,0,840.00,'2022-01-31','BASIC MANDARIN LEVEL 1 (MAN101)',NULL,39,0.00,4,NULL,NULL,NULL,NULL,NULL,NULL,NULL,NULL,NULL,'',1.0000,0),(40,85,1,4,9,100,1,2,NULL,'2022-08-27 17:37:45','2022-08-27 17:48:44',NULL,0,4.00,'2022-08-28','ch_3LbSwTLTMjZUPdCC1jC3wjEa',NULL,40,4.00,6,NULL,NULL,NULL,NULL,NULL,NULL,NULL,'42.153.34.65',NULL,NULL,1.0000,0),(41,87,1,18,NULL,NULL,1,NULL,2,'2024-08-21 17:03:28','2024-08-21 17:03:28',NULL,0,2410.00,'2024-08-22','Maybank',NULL,41,0.00,4,NULL,NULL,NULL,NULL,NULL,NULL,NULL,NULL,NULL,'Manual Payment',1.0000,0),(42,88,1,4,9,103,1,2,NULL,'2024-08-21 17:46:04','2024-08-21 17:46:04',NULL,0,7.00,'2024-08-22','ch_3PqIayLTMjZUPdCC1zfQUnh2',NULL,42,0.00,4,NULL,NULL,NULL,NULL,NULL,NULL,NULL,'113.210.58.54',NULL,NULL,1.0000,0),(43,89,1,26,NULL,NULL,1,NULL,2,'2024-09-19 13:02:44','2024-09-19 13:02:44',NULL,0,2000.00,'2024-09-19','Maybank2u',NULL,43,0.00,4,NULL,NULL,NULL,NULL,NULL,NULL,NULL,NULL,NULL,'',1.0000,0),(44,90,1,27,NULL,NULL,1,NULL,2,'2025-07-23 10:58:02','2025-07-23 11:39:02',NULL,0,708.75,'2025-07-23','A215F0613700',NULL,44,0.00,4,NULL,NULL,NULL,NULL,NULL,NULL,NULL,NULL,NULL,'',3.9882,19);

--
-- Table structure for table `products`
--

CREATE TABLE `products` (
  `id` int(10) unsigned NOT NULL AUTO_INCREMENT,
  `account_id` int(10) unsigned NOT NULL,
  `user_id` int(10) unsigned NOT NULL,
  `created_at` timestamp NULL DEFAULT NULL,
  `updated_at` timestamp NULL DEFAULT NULL,
  `deleted_at` timestamp NULL DEFAULT NULL,
  `product_key` varchar(255) COLLATE utf8_unicode_ci NOT NULL,
  `notes` text COLLATE utf8_unicode_ci NOT NULL,
  `cost` decimal(15,4) NOT NULL,
  `qty` decimal(15,4) DEFAULT '0.0000',
  `public_id` int(10) unsigned NOT NULL,
  `is_deleted` tinyint(1) NOT NULL DEFAULT '0',
  `custom_value1` text COLLATE utf8_unicode_ci,
  `custom_value2` text COLLATE utf8_unicode_ci,
  `tax_name1` varchar(255) COLLATE utf8_unicode_ci DEFAULT NULL,
  `tax_rate1` decimal(13,3) NOT NULL,
  `tax_name2` varchar(255) COLLATE utf8_unicode_ci DEFAULT NULL,
  `tax_rate2` decimal(13,3) NOT NULL,
  PRIMARY KEY (`id`),
  UNIQUE KEY `products_account_id_public_id_unique` (`account_id`,`public_id`),
  KEY `products_user_id_foreign` (`user_id`),
  KEY `products_account_id_index` (`account_id`),
  CONSTRAINT `products_account_id_foreign` FOREIGN KEY (`account_id`) REFERENCES `accounts` (`id`) ON DELETE CASCADE,
  CONSTRAINT `products_user_id_foreign` FOREIGN KEY (`user_id`) REFERENCES `users` (`id`) ON DELETE CASCADE
) ENGINE=InnoDB AUTO_INCREMENT=80 DEFAULT CHARSET=utf8 COLLATE=utf8_unicode_ci;

--
-- Dumping data for table `products`
--

INSERT INTO `products` (`id`, `account_id`, `user_id`, `created_at`, `updated_at`, `deleted_at`, `product_key`, `notes`, `cost`, `qty`, `public_id`, `is_deleted`, `custom_value1`, `custom_value2`, `tax_name1`, `tax_rate1`, `tax_name2`, `tax_rate2`) VALUES (1,1,1,'2018-04-15 05:14:47','2019-10-15 16:46:36',NULL,'Website Development (Per Page)','Creating website per page',106.0000,1.0000,1,0,NULL,NULL,'',0.000,'',0.000),(2,1,1,'2018-04-15 05:15:21','2019-05-18 03:06:52','2019-05-18 03:06:52','Domain Renewal MRI','',100.0000,1.0000,2,1,NULL,NULL,'',0.000,'',0.000),(3,1,1,'2018-04-15 05:15:56','2019-05-18 03:07:31','2019-05-18 03:07:31','Hosting Renewal MRI','Domain & Hosting Renewal \r\n19th May 2018 - 19th May 2019\r\n\r\nRemote Support For PC One Year\r\n\r\nRemote Support For Mobile One Year\r\n\r\nOn-site visit 19th May 2018 - 19th May 2019',1500.0000,1.0000,3,1,NULL,NULL,'',0.000,'',0.000),(4,1,1,'2018-04-15 05:16:19','2019-05-18 03:07:38','2019-05-18 03:07:38','Remote Support Renewal MRI','',0.0000,1.0000,4,1,NULL,NULL,'',0.000,'',0.000),(5,1,1,'2018-04-15 05:16:39','2019-05-18 03:07:45','2019-05-18 03:07:45','On Site Service Renewal','',0.0000,1.0000,5,1,NULL,NULL,'',0.000,'',0.000),(6,1,1,'2018-04-15 05:16:56','2019-05-18 03:07:51','2019-05-18 03:07:51','Website Maintenance MRI','',500.0000,1.0000,6,1,NULL,NULL,'',0.000,'',0.000),(7,1,1,'2018-04-15 05:17:19','2019-10-15 16:47:05',NULL,'Complete Package Website Development (Static Page)','',6000.0000,1.0000,7,0,NULL,NULL,'',0.000,'',0.000),(8,1,1,'2018-04-15 05:17:43','2021-08-19 10:45:15',NULL,'Domain & Hosting Renewal','Renewal For 1 Year - tepatconsult.com\r\nWeb-Base File Sharing\r\nUnlimited Email\r\nWeb-Base Email Access\r\nSPAM Assassin\r\nVirus Protection\r\nMonthly Bandwidth 50 GB\r\nMultiple Domain Hosting Up To 5 Domain\r\nDisk Space 10 GB\r\nServer Hosting Location : Malaysia',385.0000,1.0000,8,0,NULL,NULL,'',0.000,'',0.000),(9,1,1,'2018-04-15 05:20:24','2019-05-18 03:08:02','2019-05-18 03:08:02','Laptop Purchasing','ACER SP513-52N-856T NOTEBOOK, INTEL CORE-I7, 8GB RAM, 256GB SSD, W10, GREY WITH BEG\r\nSN#:NXGR7SM00474602DCD66600',3000.0000,1.0000,9,1,NULL,NULL,'',0.000,'',0.000),(10,1,1,'2018-04-15 05:20:42','2019-05-18 03:08:12','2019-05-18 03:08:12','On Site Services MRI (Upon Request)','',150.0000,1.0000,10,1,NULL,NULL,'',0.000,'',0.000),(11,1,1,'2018-04-15 05:22:25','2019-05-18 03:07:17','2019-05-18 03:07:17','Delivery Charge','',50.0000,1.0000,11,1,NULL,NULL,'',0.000,'',0.000),(12,1,1,'2019-07-12 23:09:33','2019-10-15 16:48:35',NULL,'Website Development (Enhance From Old Website)','Enhancement Previous Website From 2 Language To Single Language',520.0000,1.0000,12,0,NULL,NULL,'',0.000,'',0.000),(13,1,1,'2019-07-13 04:41:10','2019-10-15 16:51:00',NULL,'Website Development - 2 Languages','Translate 2 Language',1200.0000,1.0000,13,0,NULL,NULL,'',0.000,'',0.000),(14,1,1,'2019-07-13 04:41:46','2019-10-15 16:51:35',NULL,'Domain & Hosting  (Linux Platform)','1 Year Fee\r\nWeb-Base File Sharing\r\nUnlimited Email\r\nWeb-Base Email Access\r\nSPAM Assassin\r\nVirus Protection\r\nMonthly Bandwidth 50GB\r\nMultiple Domain Hosting - Up To 5 Domains\r\nDisk Space 10GB',520.0000,1.0000,14,0,NULL,NULL,'',0.000,'',0.000),(15,1,1,'2019-07-13 04:42:55','2019-10-15 16:52:45',NULL,'Website & Hosting Maintenance / Support','Optional\r\nRM106 / Request\r\nRM1243 / Yearly',0.0000,1.0000,15,0,NULL,NULL,'',0.000,'',0.000),(16,1,1,'2019-07-13 07:03:52','2019-10-15 16:53:28',NULL,'Hosting (Linux Standard Plan)','Disk Space 10 GB\r\nMonthly Bandwidth 50 GB\r\nMultiple Domain Hosting 5 Domain\r\nMoney Back Guarantee 30 Days\r\nDomain Name None\r\nSitebuilder V1 Free',85.0000,1.0000,16,0,NULL,NULL,NULL,0.000,NULL,0.000),(17,1,1,'2019-07-13 07:05:36','2019-10-15 16:53:46',NULL,'Hosting (Linux Surfers Plan)','15 GB of webspace\r\n80 GB of monthly bandwidth\r\nCpanel Hosting Control Panel\r\nSupport Up to 15 add-On Domain\r\nCompatible with Wordpress & other CMS\r\nUnlimited Email Aliases\r\nUnlimited MYSQL Databases',85.0000,1.0000,17,0,NULL,NULL,NULL,0.000,NULL,0.000),(18,1,1,'2019-07-13 07:07:36','2019-10-15 16:56:10',NULL,'Hosting (Wordpress Web Plan)','50 GB SSD Storage\r\n100 GB Monthly Bandwidth\r\n5 Addon Domains\r\n1 GB Memory\r\nUnlimited Parked Domain\r\nUnlimited Subdomain\r\nUnlimited Database\r\nUnlimited E-Mail Accounts\r\n1-Click CMS Auto Installer WordPress Optimized\r\nLiteSpeed Web Server\r\nPre-Uploaded Wordpress with LiteSpeed Plugin\r\nFREE SSL (HTTPS)\r\nPHP 7 Support\r\nCPanel Hosting\r\nControl Panel',312.0000,1.0000,18,0,NULL,NULL,NULL,0.000,NULL,0.000),(19,1,1,'2019-07-13 07:08:06','2019-07-13 07:08:06',NULL,'Hosting (Wordpress Standard Plan)','30 GB SSD Storage\r\n50 GB Monthly Bandwidth\r\n2 Addon Domains\r\n512 MB Memory\r\nUnlimited Parked Domain\r\nUnlimited Subdomain\r\nUnlimited Database\r\nUnlimited E-Mail Accounts\r\n1-Click CMS Auto Installer\r\nWordPress Optimized\r\nLiteSpeed Web Server\r\nPre-Uploaded Wordpress with LiteSpeed Plugin\r\nFREE SSL (HTTPS)\r\nPHP 7 Support\r\nCPanel Hosting',199.0000,1.0000,19,0,NULL,NULL,NULL,0.000,NULL,0.000),(20,1,1,'2019-07-13 07:08:41','2019-07-13 07:08:41',NULL,'Hosting (Wordpress Mega Plan)','100 GB SSD Storage\r\n150 GB Monthly Bandwidth\r\n10 Addon Domains\r\n2 GB Memory\r\nUnlimited Parked Domain\r\nUnlimited Subdomain\r\nUnlimited Database\r\nUnlimited E-Mail Accounts\r\n1-Click CMS Auto Installer\r\nWordPress Optimized\r\nLiteSpeed Web Server\r\nPre-Uploaded Wordpress with LiteSpeed Plugin\r\nFREE SSL (HTTPS)\r\nPHP 7 Support\r\nCPanel Hosting\r\nControl Panel',399.0000,1.0000,20,0,NULL,NULL,NULL,0.000,NULL,0.000),(21,1,1,'2019-07-13 07:09:21','2019-07-13 07:09:21',NULL,'Hosting (LinuxPro Supreme Plan)','Disk Space 100 GB\r\nMonthly Bandwidth 200 GB\r\nMultiple Domain Hosting Unlimited Domain\r\nMoney Back Guarantee 30 Days\r\nDomain Name Free\r\nSitebuilder Pro V3 Free',300.0000,1.0000,21,0,NULL,NULL,NULL,0.000,NULL,0.000),(22,1,1,'2019-07-13 07:09:58','2019-07-13 07:09:58',NULL,'Hosting (Linux Advance Plan)','Disk Space 40 GB\r\nMonthly Bandwidth 120 GB\r\nMultiple Domain Hosting 15 Domain\r\nMoney Back Guarantee 30 Days\r\nDomain Name None\r\nSitebuilder V1 Free',150.0000,1.0000,22,0,NULL,NULL,NULL,0.000,NULL,0.000),(23,1,1,'2019-07-13 07:10:32','2019-07-13 07:10:32',NULL,'Hosting (Linux Surfers Extra Plan)','30 GB of webspace\r\n100 GB of monthly bandwidth\r\nCpanel Hosting Control Panel\r\nSupport Up to 15 add-On Domain\r\nCompatible with Wordpress & other CMS\r\nUnlimited Email Aliases\r\nUnlimited MYSQL Databases',120.0000,1.0000,23,0,NULL,NULL,NULL,0.000,NULL,0.000),(24,1,1,'2019-07-13 07:11:03','2019-07-13 07:11:03',NULL,'Hosting (Linux Surfers Unlimited Plan)','Unlimited of webspace\r\nUnlimited of monthly bandwidth\r\nCpanel Hosting Control Panel\r\nSupport Up to 15 add-On Domain\r\nCompatible with Wordpress & other CMS\r\nUnlimited Email Aliases\r\nUnlimited MYSQL Databases',350.0000,1.0000,24,0,NULL,NULL,NULL,0.000,NULL,0.000),(25,1,1,'2019-07-13 07:12:09','2019-07-13 07:12:09',NULL,'Positive SSL Certificates','Positive SSL Certificates\r\nGreen Adress Bar - No\r\nTechnical Support for - Email, Web\r\nStandard Support for - Email, Web\r\nWarranty By Comodo for - Not Available\r\nStandard Support for - Email, Web\r\nSSL Encryption - 128/256 bit*\r\nSecures - Single Domain Name (FQDN)\r\n30 day money back guarantee - Yes\r\nReissuance Timeframe - Unlimited\r\nFull validation / authentication - Domain Only',180.0000,1.0000,25,0,NULL,NULL,NULL,0.000,NULL,0.000),(26,1,1,'2019-07-13 07:12:35','2019-07-13 07:12:35',NULL,'Positive SSL Wildcard Certificates','Positive SSL Wildcard Certificates\r\nGreen Adress Bar - No\r\nTechnical Support for - Email, Web\r\nStandard Support for - Email, Web\r\nWarranty By Comodo for - Not Available\r\nStandard Support for - Email, Web\r\nSSL Encryption - 128/256 bit*\r\nSecures - Multiple subdomains on a Single Domain Name\r\n30 day money back guarantee - Yes\r\nReissuance Timeframe - Unlimited\r\nFull validation / authentication - Domain Only',850.0000,1.0000,26,0,NULL,NULL,NULL,0.000,NULL,0.000),(27,1,1,'2019-07-13 07:13:02','2019-07-13 07:13:02',NULL,'Comodo EV SSL Certificates','Comodo EV SSL Certificates\r\nTrustLogo worth P.O.A. included - Yes\r\nGreen Adress Bar - Yes\r\nFree TrustFax - Yes\r\nFast Track Support P.O.A. - Yes\r\nTechnical Support - Tel, Email, Web\r\nStandard Support - Tel, Email, Web\r\nWarranty By Comodo - $1,750,000\r\nSSL Encryption - 128/256 bit*\r\nSecures - Single Domain Name\r\nNetwork Security Audit - Yes\r\n30 day money back guarantee - Yes\r\nReissuance Timeframe - Unlimited\r\nFull Business validation - Yes',1350.0000,1.0000,27,0,NULL,NULL,NULL,0.000,NULL,0.000),(28,1,1,'2019-07-13 09:50:57','2019-07-13 09:53:50',NULL,'Mobile Application Development (Silver Apps)','3-4 Ready Features\r\nProfessional Layout\r\nAbility to push message\r\nAbility to push with URL\r\nAbility to push with cover image\r\nAbility to push message to only specific location (GEOFENCE)\r\nAbility to push message to specific user\r\nAbility to message in schedule / create schedule\r\nApps UI Design Service\r\nImage & Database Hosting Service\r\nAndroid Platform',3360.0000,1.0000,28,0,NULL,NULL,NULL,0.000,NULL,0.000),(29,1,1,'2019-07-13 09:53:29','2019-07-13 09:53:29',NULL,'Mobile Application Development (Gold Apps)','5-15 Ready Features\r\nE-commerce Ready\r\nMalaysia Online Internet Banking BillPlz & PayPal\r\nProfessional Layout\r\nAbility to push message\r\nAbility to push with URL\r\nAbility to push with cover image\r\nAbility to push message to only specific location (GEOFENCE)\r\nAbility to push message to specific user\r\nAbility to message in schedule / create schedule\r\nApps UI Design Service\r\nImage & Database Hosting Service\r\nAndroid Platform',4560.0000,1.0000,29,0,NULL,NULL,NULL,0.000,NULL,0.000),(30,1,1,'2019-07-13 10:00:50','2019-07-13 10:00:50',NULL,'Domain Name (.com)','Yearly',50.0000,1.0000,30,0,NULL,NULL,NULL,0.000,NULL,0.000),(31,1,1,'2019-07-13 10:03:34','2019-07-13 10:03:34',NULL,'Domain Name (.net)','Yearly',60.0000,1.0000,31,0,NULL,NULL,NULL,0.000,NULL,0.000),(32,1,1,'2019-07-13 10:04:03','2019-07-13 10:04:03',NULL,'Domain Name (.org)','Yearly',55.0000,1.0000,32,0,NULL,NULL,NULL,0.000,NULL,0.000),(33,1,1,'2019-07-13 10:04:49','2019-07-13 10:04:49',NULL,'Domain Name (.biz)','Yearly',60.0000,1.0000,33,0,NULL,NULL,NULL,0.000,NULL,0.000),(34,1,1,'2019-07-13 10:05:11','2019-07-13 10:05:11',NULL,'Domain Name (.info)','Yearly',55.0000,1.0000,34,0,NULL,NULL,NULL,0.000,NULL,0.000),(35,1,1,'2019-07-13 10:05:32','2019-07-13 10:05:32',NULL,'Domain Name (.asia)','Yearly',70.0000,1.0000,35,0,NULL,NULL,NULL,0.000,NULL,0.000),(36,1,1,'2019-07-13 10:05:53','2019-07-13 10:05:53',NULL,'Domain Name (.name)','Yearly',50.0000,1.0000,36,0,NULL,NULL,NULL,0.000,NULL,0.000),(37,1,1,'2019-07-13 10:06:16','2019-07-13 10:06:16',NULL,'Domain Name (.tv)','Yearly',240.0000,1.0000,37,0,NULL,NULL,NULL,0.000,NULL,0.000),(38,1,1,'2019-07-13 10:06:43','2019-07-13 10:06:43',NULL,'Domain Name (.us)','Yearly',50.0000,1.0000,38,0,NULL,NULL,NULL,0.000,NULL,0.000),(39,1,1,'2019-07-13 10:07:04','2019-07-13 10:07:04',NULL,'Domain Name (.co.uk)','Yearly',50.0000,1.0000,39,0,NULL,NULL,NULL,0.000,NULL,0.000),(40,1,1,'2019-07-13 10:07:28','2019-07-13 10:07:28',NULL,'Domain Name (.co)','Yearly',140.0000,1.0000,40,0,NULL,NULL,NULL,0.000,NULL,0.000),(41,1,1,'2019-07-13 10:07:51','2019-07-13 10:07:51',NULL,'Domain Name (.cn)','Yearly',100.0000,1.0000,41,0,NULL,NULL,NULL,0.000,NULL,0.000),(42,1,1,'2019-07-13 10:08:14','2019-07-13 10:08:14',NULL,'Domain Name (.my)','Yearly',59.9000,1.0000,42,0,NULL,NULL,NULL,0.000,NULL,0.000),(43,1,1,'2019-07-13 10:08:38','2019-07-13 10:08:38',NULL,'Domain Name (.com.my)','Yearly',59.9000,1.0000,43,0,NULL,NULL,NULL,0.000,NULL,0.000),(44,1,1,'2019-07-13 10:09:08','2019-07-13 10:09:08',NULL,'Domain Name (.net.my)','Yearly',59.9000,1.0000,44,0,NULL,NULL,NULL,0.000,NULL,0.000),(45,1,1,'2019-07-13 10:09:32','2019-07-13 10:09:32',NULL,'Domain Name (.org.my)','Yearly',59.9000,1.0000,45,0,NULL,NULL,NULL,0.000,NULL,0.000),(46,1,1,'2019-07-13 10:10:03','2019-07-13 10:10:03',NULL,'Domain Name (.edu.my)','Yearly',80.0000,1.0000,46,0,NULL,NULL,NULL,0.000,NULL,0.000),(47,1,1,'2019-07-13 10:10:30','2019-07-13 10:10:30',NULL,'Domain Name (.gov.my)','Yearly',80.0000,1.0000,47,0,NULL,NULL,NULL,0.000,NULL,0.000),(48,1,1,'2019-07-13 10:10:57','2019-07-13 10:10:57',NULL,'Domain Name (.mil.my)','Yearly',80.0000,1.0000,48,0,NULL,NULL,NULL,0.000,NULL,0.000),(49,1,1,'2019-07-13 10:11:17','2019-07-13 10:11:17',NULL,'Domain Name (.name.my)','Yearly',30.0000,1.0000,49,0,NULL,NULL,NULL,0.000,NULL,0.000),(50,1,1,'2019-07-13 10:11:39','2019-07-13 10:11:39',NULL,'Domain Name (.online)','Yearly',160.0000,1.0000,50,0,NULL,NULL,NULL,0.000,NULL,0.000),(51,1,1,'2019-07-13 10:12:01','2019-07-13 10:12:01',NULL,'Domain Name (.work)','Yearly',50.0000,1.0000,51,0,NULL,NULL,NULL,0.000,NULL,0.000),(52,1,1,'2019-07-13 10:12:19','2019-07-13 10:12:19',NULL,'Domain Name (.media)','Yearly',150.0000,1.0000,52,0,NULL,NULL,NULL,0.000,NULL,0.000),(53,1,1,'2019-07-13 10:12:41','2019-07-13 10:12:41',NULL,'Domain Name (.agency)','Yearly',120.0000,1.0000,53,0,NULL,NULL,NULL,0.000,NULL,0.000),(54,1,1,'2019-07-13 10:13:00','2019-07-13 10:13:00',NULL,'Domain Name (.club)','Yearly',60.0000,1.0000,54,0,NULL,NULL,NULL,0.000,NULL,0.000),(55,1,1,'2019-07-13 10:51:24','2019-07-13 10:54:44',NULL,'Domain & Hosting Renewal','Renewal For 1 Year - tourguide.asia\r\nWeb-Base File Sharing\r\nUnlimited Email\r\nWeb-Base Email Access\r\nSPAM Assassin\r\nVirus Protection\r\nMonthly Bandwidth 50 GB\r\nMultiple Domain Hosting Up To 5 Domain\r\nDisk Space 10 GB\r\nServer Hosting Location : Malaysia',300.0000,1.0000,55,0,NULL,NULL,NULL,0.000,NULL,0.000),(56,1,1,'2019-07-13 10:56:51','2019-07-13 10:58:20','2019-07-13 10:58:20','Domain & Hosting Renewal TepatConsult.com','Renewal For 1 Year - tepatconsult.com\r\nWeb-Base File Sharing\r\nUnlimited Email\r\nWeb-Base Email Access\r\nSPAM Assassin\r\nVirus Protection\r\nMonthly Bandwidth 50 GB\r\nMultiple Domain Hosting Up To 5 Domain\r\nDisk Space 10 GB\r\nServer Hosting Location : Malaysia',0.0000,0.0000,56,1,NULL,NULL,'',0.000,'',0.000),(57,1,1,'2019-07-14 10:03:37','2024-08-21 17:42:44',NULL,'Testing','Testing',1.0000,1.0000,57,0,NULL,NULL,'',0.000,'',0.000),(58,1,2,'2021-09-02 19:25:04','2022-03-13 05:47:15','2022-03-13 05:47:15','Basic Mandarin for kids: Beginners Module 1 (MAN0101)','- Age 7-9 years old\r\n- Duration: 5 Months (1 hour per week) \r\n- Medium: Google Meet, Cisco Webex\r\n- Payment For Month: October 2021\r\n- Student\'s Name: Nur Maisarah bte Asri\r\n\r\nSession :-\r\n\r\nSaturday 11:30am- 12:30pm (MAN0101)',70.0000,1.0000,58,1,NULL,NULL,'',0.000,'',0.000),(59,1,2,'2021-09-02 19:28:23','2022-03-13 05:48:07','2022-03-13 05:48:07','Basic Mandarin for kids: Beginners Module 1 (MAN0102)','- Age 7-9 years old\r\n- Duration: 5 Months (1 hour per week) \r\n- Medium: Google Meet, Cisco Webex\r\n- Payment For Month: September 2021\r\n- Student\'s Name: Ainul Aisyah\r\n\r\nSession :-\r\n\r\nSunday 11:30am- 12:30pm (MAN0102)',70.0000,1.0000,59,1,NULL,NULL,'',0.000,'',0.000),(60,1,2,'2021-09-02 19:29:34','2022-03-13 05:48:28','2022-03-13 05:48:28','Basic Mandarin for kids: Beginners Module 1 (MAN0103)','- Age 7-9 years old\r\n- Duration: 5 Months (1 hour per week) \r\n- Medium: Google Meet, Cisco Webex\r\n- Payment For Month :- \r\n\r\nSession :-\r\n\r\nTuesday 8:00pm- 9:00pm (MAN0103)',70.0000,1.0000,60,1,NULL,NULL,'',0.000,'',0.000),(61,1,2,'2021-09-02 19:31:13','2022-03-13 05:49:32','2022-03-13 05:49:32','Basic Mandarin for kids: Beginners Module 1 (MAN0201)','- Age 10-12 years old\r\n- Duration: 5 Months (1 hour per week) \r\n- Medium: Google Meet, Cisco Webex\r\n- Payment For Month:- October 2021\r\n- Student\'s Name: Muhammad Rayyan bin Mohamad Zulfadhli\r\n\r\nSession :-\r\n\r\nSaturday 11:30am- 12:30am (MAN101)',70.0000,1.0000,61,1,NULL,NULL,'',0.000,'',0.000),(62,1,2,'2021-09-02 19:32:46','2022-03-13 05:49:53','2022-03-13 05:49:53','Basic Mandarin for kids: Beginners Module 1 (MAN0202)','- Age 10-12 years old\r\n- Duration: 5 Months (1 hour per week) \r\n- Medium: Google Meet, Cisco Webex\r\n- Payment For Month :-\r\n\r\nSession :-\r\n\r\nSunday 9:30am- 10:30am (MAN0202)',70.0000,1.0000,62,1,NULL,NULL,'',0.000,'',0.000),(63,1,2,'2021-09-02 19:34:08','2022-03-13 05:50:14','2022-03-13 05:50:14','Basic Mandarin for kids: Beginners Module 1 (MAN0203)','- Age 10-12 years old\r\n- Duration: 5 Months (1 hour per week) \r\n- Medium: Google Meet, Cisco Webex\r\n- Payment for Month :-\r\n\r\nSession :-\r\n\r\nMonday 8:00pm- 9:00pm (MAN0203)',70.0000,1.0000,63,1,NULL,NULL,'',0.000,'',0.000),(64,1,2,'2021-10-12 15:14:10','2022-03-13 05:50:49','2022-03-13 05:50:49','Basic Mandarin for kids: SRJKC Year 2 Module 1 (MAN0402)','- Age 8 years old\r\n- Duration: 5 Months (1 hour per week) \r\n- Medium: Google Meet, Cisco Webex\r\n- Payment for Month :- October 2021\r\n- Student\'s Name: Sofea Qaleesya binti Shahrul Aizat 苏菲亚 sū fēi yà\r\n\r\nSession :-\r\n\r\nFriday 8:00pm- 9:00pm (MAN402)',100.0000,1.0000,64,1,NULL,NULL,'',0.000,'',0.000),(65,1,2,'2021-10-12 19:21:22','2022-03-13 05:51:10','2022-03-13 05:51:10','Basic Mandarin for kids: Beginners Module 1 (MAN101)','- Age 7-12 years old\r\n- Duration: 4 Months (1 hour per week) \r\n- Medium: Google Meet, Cisco Webex\r\n- Payment For Month:- OCT 2021 - JAN 2022\r\n\r\nSession :-\r\n\r\nTHURSDAY 8-9PM',0.0000,1.0000,65,1,NULL,NULL,'',0.000,'',0.000),(66,1,2,'2021-10-12 19:52:12','2022-03-13 05:51:29','2022-03-13 05:51:29','MAN301','ELEMENTARY MANDARIN',70.0000,1.0000,66,1,NULL,NULL,'',0.000,'',0.000),(67,1,2,'2021-10-12 19:54:58','2022-03-13 05:51:47','2022-03-13 05:51:47','MAN402','SRJKC YEAR 2',100.0000,1.0000,67,1,NULL,NULL,'',0.000,'',0.000),(68,1,2,'2021-10-12 19:55:46','2022-03-13 05:52:56','2022-03-13 05:52:56','MAN101','BASIC MANDARIN FOR BEGINNERS LEVEL 1',100.0000,1.0000,68,0,NULL,NULL,'',0.000,'',0.000),(69,1,1,'2021-12-14 10:43:35','2021-12-14 10:45:24',NULL,'HP Laptop Notebook 15s-fq2513TU Gold (15.6\"/1366x768/Intel Core i3-1115G4/512 GB PCIe NVMe M.2 SSD/Intel UHD Graphics)','Operating system	Windows 10 Home Single Language 64\r\nProcessor	Intel® Core™ i3-1115G4 (up to 4.1 GHz with Intel® Turbo Boost Technology, 6 MB L3 cache, 2 cores)\r\nChipset	Intel® Integrated SoC\r\nForm factor	Standard laptop\r\nMEMORY\r\nMemory	8 GB DDR4-2666 MHz RAM (1 x 8 GB)\r\nSTORAGE\r\nHard drive description	512 GB PCIe® NVMe™ M.2 SSD\r\nStorage type	SSD\r\nOptical drive	Optical drive not included\r\nDISPLAY AND GRAPHICS\r\nDisplay	15.6\" diagonal, HD (1366 x 768), micro-edge, BrightView, 250 nits, 45% NTSC\r\nGraphics	Intel® UHD Graphics',2619.0000,1.0000,69,0,NULL,NULL,'',0.000,'',0.000),(70,1,2,'2022-02-27 09:39:37','2022-03-13 05:53:27','2022-03-13 05:53:27','Basic Mandarin for kids: Beginners Module 1','- Age 7-9 years old\r\n- Duration: 5 Months (1 hour per week) \r\n- Medium: Google Meet, Cisco Webex\r\n- Payment For Month: October 2021\r\n- Student\'s Name: Nur Maisarah bte Asri\r\n\r\nSession :-\r\n\r\nSaturday 11:30am- 12:30pm (MAN0101)',0.0000,1.0000,70,0,NULL,NULL,'',0.000,'',0.000),(71,1,2,'2022-03-13 01:20:10','2022-03-13 04:14:41',NULL,'MAN102','BASIC MANDARIN FOR BEGINNERS LEVEL 2',100.0000,1.0000,71,0,NULL,NULL,'',0.000,'',0.000),(72,1,2,'2022-03-13 05:19:26','2022-03-13 06:16:22',NULL,'MAN101','BASIC MANDARIN FOR BEGINNERS LEVEL 1',100.0000,1.0000,72,0,NULL,NULL,'',0.000,'',0.000),(73,1,1,'2024-08-21 17:02:33','2024-08-21 17:02:33',NULL,'Computer','HONOR MagicBook X15 2022',0.0000,0.0000,73,0,NULL,NULL,'',0.000,'',0.000),(74,1,1,'2024-09-19 12:33:06','2024-09-19 12:58:18',NULL,'Latitude 3440 Laptop','12th Gen Intel® Core™ i5-1235U (12 MB cache, 10 cores, 12 threads, up to 4.4 GHz Turbo)\r\nWindows 11 Pro, English\r\nIntegrated Intel® Iris® Xe or UHD Graphics for i5-1235U Processor\r\n14\", FHD 1920x1080, 60Hz, WVA/IPS, Non-Touch, Anti-Glare, 250 nit, NTSC 45%, FHD Camera, WLAN\r\n8 GB: 1 x 8 GB, DDR4, 3200 MT/s\r\n512GB, M.2 2230, QLC PCIe Gen 4 NVMe\r\nIntel® Wi-Fi 6E AX211, 2x2, 802.11ax, Bluetooth® wireless card\r\nStereo speakers with Waves MaxxAudio® Pro, Realtek ALC3204 Audio Controller, 2 W x 2 = 4 W total\r\n1 USB 3.2 Gen 2 Type-C® port with DisplayPort Alt mode/Power Delivery\r\n2 USB 3.2 Gen 1 port\r\n1 USB 3.2 Gen 1 port with PowerShare\r\n1 HDMI 1.4 port\r\n1 universal audio port\r\n1 power-adapter port\r\n1 RJ-45 Ethernet port',4000.0000,1.0000,74,0,NULL,NULL,'',0.000,'',0.000),(75,1,1,'2024-09-19 12:39:31','2024-09-19 12:58:18',NULL,'Warranty','Manufacturer Warranty',0.0000,1.0000,75,0,NULL,NULL,'',0.000,'',0.000),(76,1,2,'2025-06-10 03:32:02','2025-07-24 01:30:17',NULL,'CPA','Wheel of Fortune MTN#1000',0.0000,1.0000,76,0,NULL,NULL,'',0.000,'',0.000),(77,1,2,'2025-07-19 01:49:40','2025-07-19 01:49:51',NULL,'9jakids trivia NG MTN#1047','',0.3500,1.0000,77,0,NULL,NULL,NULL,0.000,NULL,0.000),(78,1,2,'2025-07-19 01:50:17','2025-07-19 01:50:25',NULL,'E-Limu NG MTN#1046','',0.3500,1.0000,78,0,NULL,NULL,NULL,0.000,NULL,0.000),(79,1,2,'2025-07-19 01:51:24','2025-07-19 01:51:24',NULL,'Wheel of Fortune MTN#1000','',0.3500,1.0000,79,0,NULL,NULL,NULL,0.000,NULL,0.000);

--
-- Table structure for table `projects`
--

CREATE TABLE `projects` (
  `id` int(10) unsigned NOT NULL AUTO_INCREMENT,
  `user_id` int(10) unsigned NOT NULL,
  `account_id` int(10) unsigned NOT NULL,
  `client_id` int(10) unsigned DEFAULT NULL,
  `created_at` timestamp NULL DEFAULT NULL,
  `updated_at` timestamp NULL DEFAULT NULL,
  `deleted_at` timestamp NULL DEFAULT NULL,
  `name` varchar(255) COLLATE utf8_unicode_ci DEFAULT NULL,
  `is_deleted` tinyint(1) NOT NULL DEFAULT '0',
  `public_id` int(10) unsigned NOT NULL,
  `task_rate` decimal(12,4) NOT NULL DEFAULT '0.0000',
  `due_date` date DEFAULT NULL,
  `private_notes` text COLLATE utf8_unicode_ci,
  `budgeted_hours` double(8,2) NOT NULL,
  `custom_value1` text COLLATE utf8_unicode_ci,
  `custom_value2` text COLLATE utf8_unicode_ci,
  PRIMARY KEY (`id`),
  UNIQUE KEY `projects_account_id_public_id_unique` (`account_id`,`public_id`),
  KEY `projects_user_id_foreign` (`user_id`),
  KEY `projects_account_id_index` (`account_id`),
  KEY `projects_client_id_index` (`client_id`),
  KEY `projects_public_id_index` (`public_id`),
  CONSTRAINT `projects_account_id_foreign` FOREIGN KEY (`account_id`) REFERENCES `accounts` (`id`) ON DELETE CASCADE,
  CONSTRAINT `projects_client_id_foreign` FOREIGN KEY (`client_id`) REFERENCES `clients` (`id`) ON DELETE CASCADE,
  CONSTRAINT `projects_user_id_foreign` FOREIGN KEY (`user_id`) REFERENCES `users` (`id`) ON DELETE CASCADE
) ENGINE=InnoDB AUTO_INCREMENT=2 DEFAULT CHARSET=utf8 COLLATE=utf8_unicode_ci;

--
-- Dumping data for table `projects`
--

INSERT INTO `projects` (`id`, `user_id`, `account_id`, `client_id`, `created_at`, `updated_at`, `deleted_at`, `name`, `is_deleted`, `public_id`, `task_rate`, `due_date`, `private_notes`, `budgeted_hours`, `custom_value1`, `custom_value2`) VALUES (1,1,1,3,'2019-07-13 04:36:17','2019-07-13 04:36:17',NULL,'Website Development (Enhance From Previous Website)',0,1,0.0000,NULL,'',0.00,NULL,NULL);

--
-- Table structure for table `proposal_categories`
--

CREATE TABLE `proposal_categories` (
  `id` int(10) unsigned NOT NULL AUTO_INCREMENT,
  `account_id` int(10) unsigned NOT NULL,
  `user_id` int(10) unsigned NOT NULL,
  `created_at` timestamp NULL DEFAULT NULL,
  `updated_at` timestamp NULL DEFAULT NULL,
  `deleted_at` timestamp NULL DEFAULT NULL,
  `is_deleted` tinyint(1) NOT NULL DEFAULT '0',
  `name` varchar(255) COLLATE utf8_unicode_ci NOT NULL,
  `public_id` int(10) unsigned NOT NULL,
  PRIMARY KEY (`id`),
  UNIQUE KEY `proposal_categories_account_id_public_id_unique` (`account_id`,`public_id`),
  KEY `proposal_categories_user_id_foreign` (`user_id`),
  KEY `proposal_categories_public_id_index` (`public_id`),
  CONSTRAINT `proposal_categories_account_id_foreign` FOREIGN KEY (`account_id`) REFERENCES `accounts` (`id`) ON DELETE CASCADE,
  CONSTRAINT `proposal_categories_user_id_foreign` FOREIGN KEY (`user_id`) REFERENCES `users` (`id`) ON DELETE CASCADE
) ENGINE=InnoDB DEFAULT CHARSET=utf8 COLLATE=utf8_unicode_ci;

--
-- Dumping data for table `proposal_categories`
--


--
-- Table structure for table `proposal_invitations`
--

CREATE TABLE `proposal_invitations` (
  `id` int(10) unsigned NOT NULL AUTO_INCREMENT,
  `account_id` int(10) unsigned NOT NULL,
  `user_id` int(10) unsigned NOT NULL,
  `contact_id` int(10) unsigned NOT NULL,
  `proposal_id` int(10) unsigned NOT NULL,
  `invitation_key` varchar(255) COLLATE utf8_unicode_ci NOT NULL,
  `created_at` timestamp NULL DEFAULT NULL,
  `updated_at` timestamp NULL DEFAULT NULL,
  `deleted_at` timestamp NULL DEFAULT NULL,
  `sent_date` timestamp NULL DEFAULT NULL,
  `viewed_date` timestamp NULL DEFAULT NULL,
  `opened_date` timestamp NULL DEFAULT NULL,
  `message_id` varchar(255) COLLATE utf8_unicode_ci DEFAULT NULL,
  `email_error` text COLLATE utf8_unicode_ci,
  `public_id` int(10) unsigned NOT NULL,
  PRIMARY KEY (`id`),
  UNIQUE KEY `proposal_invitations_account_id_public_id_unique` (`account_id`,`public_id`),
  UNIQUE KEY `proposal_invitations_invitation_key_unique` (`invitation_key`),
  KEY `proposal_invitations_user_id_foreign` (`user_id`),
  KEY `proposal_invitations_contact_id_foreign` (`contact_id`),
  KEY `proposal_invitations_proposal_id_index` (`proposal_id`),
  KEY `proposal_invitations_public_id_index` (`public_id`),
  CONSTRAINT `proposal_invitations_contact_id_foreign` FOREIGN KEY (`contact_id`) REFERENCES `contacts` (`id`) ON DELETE CASCADE,
  CONSTRAINT `proposal_invitations_proposal_id_foreign` FOREIGN KEY (`proposal_id`) REFERENCES `proposals` (`id`) ON DELETE CASCADE,
  CONSTRAINT `proposal_invitations_user_id_foreign` FOREIGN KEY (`user_id`) REFERENCES `users` (`id`) ON DELETE CASCADE
) ENGINE=InnoDB DEFAULT CHARSET=utf8 COLLATE=utf8_unicode_ci;

--
-- Dumping data for table `proposal_invitations`
--


--
-- Table structure for table `proposal_snippets`
--

CREATE TABLE `proposal_snippets` (
  `id` int(10) unsigned NOT NULL AUTO_INCREMENT,
  `account_id` int(10) unsigned NOT NULL,
  `user_id` int(10) unsigned NOT NULL,
  `created_at` timestamp NULL DEFAULT NULL,
  `updated_at` timestamp NULL DEFAULT NULL,
  `deleted_at` timestamp NULL DEFAULT NULL,
  `is_deleted` tinyint(1) NOT NULL DEFAULT '0',
  `proposal_category_id` int(10) unsigned DEFAULT NULL,
  `name` varchar(255) COLLATE utf8_unicode_ci NOT NULL,
  `icon` varchar(255) COLLATE utf8_unicode_ci NOT NULL,
  `private_notes` text COLLATE utf8_unicode_ci NOT NULL,
  `html` mediumtext COLLATE utf8_unicode_ci NOT NULL,
  `css` mediumtext COLLATE utf8_unicode_ci NOT NULL,
  `public_id` int(10) unsigned NOT NULL,
  PRIMARY KEY (`id`),
  UNIQUE KEY `proposal_snippets_account_id_public_id_unique` (`account_id`,`public_id`),
  KEY `proposal_snippets_user_id_foreign` (`user_id`),
  KEY `proposal_snippets_public_id_index` (`public_id`),
  CONSTRAINT `proposal_snippets_account_id_foreign` FOREIGN KEY (`account_id`) REFERENCES `accounts` (`id`) ON DELETE CASCADE,
  CONSTRAINT `proposal_snippets_user_id_foreign` FOREIGN KEY (`user_id`) REFERENCES `users` (`id`) ON DELETE CASCADE
) ENGINE=InnoDB DEFAULT CHARSET=utf8 COLLATE=utf8_unicode_ci;

--
-- Dumping data for table `proposal_snippets`
--


--
-- Table structure for table `proposal_templates`
--

CREATE TABLE `proposal_templates` (
  `id` int(10) unsigned NOT NULL AUTO_INCREMENT,
  `account_id` int(10) unsigned DEFAULT NULL,
  `user_id` int(10) unsigned DEFAULT NULL,
  `created_at` timestamp NULL DEFAULT NULL,
  `updated_at` timestamp NULL DEFAULT NULL,
  `deleted_at` timestamp NULL DEFAULT NULL,
  `is_deleted` tinyint(1) NOT NULL DEFAULT '0',
  `private_notes` text COLLATE utf8_unicode_ci NOT NULL,
  `name` varchar(255) COLLATE utf8_unicode_ci NOT NULL,
  `html` mediumtext COLLATE utf8_unicode_ci NOT NULL,
  `css` mediumtext COLLATE utf8_unicode_ci NOT NULL,
  `public_id` int(10) unsigned NOT NULL,
  PRIMARY KEY (`id`),
  UNIQUE KEY `proposal_templates_account_id_public_id_unique` (`account_id`,`public_id`),
  KEY `proposal_templates_user_id_foreign` (`user_id`),
  KEY `proposal_templates_public_id_index` (`public_id`),
  CONSTRAINT `proposal_templates_account_id_foreign` FOREIGN KEY (`account_id`) REFERENCES `accounts` (`id`) ON DELETE CASCADE,
  CONSTRAINT `proposal_templates_user_id_foreign` FOREIGN KEY (`user_id`) REFERENCES `users` (`id`) ON DELETE CASCADE
) ENGINE=InnoDB AUTO_INCREMENT=2 DEFAULT CHARSET=utf8 COLLATE=utf8_unicode_ci;

--
-- Dumping data for table `proposal_templates`
--

INSERT INTO `proposal_templates` (`id`, `account_id`, `user_id`, `created_at`, `updated_at`, `deleted_at`, `is_deleted`, `private_notes`, `name`, `html`, `css`, `public_id`) VALUES (1,NULL,NULL,'2018-04-15 19:25:16','2018-07-26 23:59:43',NULL,0,'','Clean','<table border=\"0\" cellpadding=\"0\" cellspacing=\"0\" width=\"100%\">\n\n	<tr class=\"grey-bg\">\n		<td><img src=\"$logoUrl\" width=\"193\"/></td>\n		<td align=\"right\"><p class=\"quote quote-number grey-upper\">Proposal #$quoteNumber</p></td>\n	</tr>\n\n	<tr class=\"top-header grey-bg\">\n		<td colspan=\"2\" align=\"center\">\n			<h1 class=\"cover-heading\">New Business Proposal</h1>\n			<p class=\"quote quoteDate grey-upper\">Valid Until $validUntil</p>\n		</td>\n	</tr>\n\n	<tr align=\"center\" class=\"grey-bg proposal-info\">\n		<td width=\"50%\">\n			<p class=\"blue-upper\">Prepared for:</p>\n			<h3 class=\"client name\">$client.name</h3>\n			<p>\n				<span class=\"client address1\">$client.address1</span><br/>\n				<span class=\"client city\">$client.city</span>, <span class=\"client state\">$client.state</span> <span class=\"client postal-code\">$client.postal_code</span>\n			</p>\n		</td>\n		<td width=\"50%\">\n			<p class=\"blue-upper\">Prepared by:</p>\n			<h3 class=\"account name\">$account.name</h3>\n			<p>\n				<span class=\"account address1\">$account.address1</span><br/>\n				<span class=\"account city\">$account.city</span>, <span class=\"account state\">$account.state</span> <span class=\"account postal-code\">$account.postal_code</span></p>\n			</td>\n		</tr>\n	</td>\n</tr>\n</table>\n\n<table border=\"0\" cellpadding=\"0\" cellspacing=\"0\">\n	<tr>\n		<td colspan=\"2\" class=\"card-content\">\n			<h2 class=\"card-title\">PROJECT DESCRIPTION:</h2>\n			<p class=\"card-text\">Koala Photography seeks a full review of their historical financial records and future accounting needs. At the start, our experts carefully review your past records and assess your financial services needs according to the nature of your company and suggest the services model best suited to your requirements. The work plan is finalized only after an initial (and possibly subsequent) extensive consultation with [Client.Company]. Periodic review of our services and client feedback is an essential feature of our work plan which ensures that we remain an efficient accounting partner for your business.</p><br/>\n		</td>\n	</tr>\n</table>\n\n<table border=\"0\" cellpadding=\"0\" cellspacing=\"0\">\n	<tr>\n		<td colspan=\"2\">\n			<hr/>\n		</td>\n	</tr>\n</table>\n\n<table>\n	<tr>\n		<td class=\"grid-item-card card-content\">\n			<h2 class=\"card-title\">OBJECTIVE:</h2>\n			<p class=\"card-text\">Koala Photography seeks a full review of their historical financial records and future accounting needs. At the start, our experts carefully review your past records and assess your financial services needs according to the nature of your company and suggest the services model best suited to your requirements. The work plan is finalized only after an initial (and possibly subsequent) extensive consultation with [Client.Company]. Periodic review of our services and client feedback is an essential feature of our work plan which ensures that we remain an efficient accounting partner for your business.</p>\n		</td>\n		<td class=\"grid-item-card card-content\">\n			<h2 class=\"card-title\">GOAL:</h2>\n			<p class=\"card-text\">Koala Photography seeks a full review of their historical financial records and future accounting needs. At the start, our experts carefully review your past records and assess your financial services needs according to the nature of your company and suggest the services model best suited to your requirements. The work plan is finalized only after an initial (and possibly subsequent) extensive consultation with [Client.Company]. Periodic review of our services and client feedback is an essential feature of our work plan which ensures that we remain an efficient accounting partner for your business.</p>\n		</td>\n	</tr>\n</table>\n\n<table>\n	<tr class=\"block-quote\" align=\"center\">\n		<td colspan=\"2\">\n			<img src=\"$quoteImageUrl\" width=\"25\"/>\n			<p class=\"quote\">Lorem ipsum dolor sit amet, consectetur adipiscing elit. Fusce congue auctor magna id sodales. Maecenas mollis justo sed tempor facilisis. Ut malesuada in nibh ultrices auctor. Proin id maximus ipsum. Sed eu magna ac nisl sollicitudin porta in non augue. Mauris feugiat interdum aliquam. Aliquam ultrices interdum dolor.</p>\n		</td>\n	</tr>\n</table>\n\n<table>\n	<tr>\n		<td class=\"card-content\">\n			<img width=\"150px\" srcx=\"img/thumb-square.jpg\"/>\n		</td>\n		<td class=\"card-content\">\n			<h2 class=\"card-title\">OBJECTIVE:</h2>\n			<p class=\"card-text\">Koala Photography seeks a full review of their historical financial records and future accounting needs. At the start, our experts carefully review your past records and assess your financial services needs according to the nature of your company and suggest the services model best suited to your requirements. The work plan is finalized only after an initial (and possibly subsequent) extensive consultation with [Client.Company]. Periodic review of our services and client feedback is an essential feature of our work plan which ensures that we remain an efficient accounting partner for your business.</p>\n		</td>\n	</tr>\n	<tr>\n		<td class=\"card-content\">\n			<img width=\"150px\" srcx=\"img/thumb-square.jpg\"/>\n		</td>\n		<td class=\"card-content\">\n			<h2 class=\"card-title\">OBJECTIVE:</h2>\n			<p class=\"card-text\">Koala Photography seeks a full review of their historical financial records and future accounting needs. At the start, our experts carefully review your past records and assess your financial services needs according to the nature of your company and suggest the services model best suited to your requirements. The work plan is finalized only after an initial (and possibly subsequent) extensive consultation with [Client.Company]. Periodic review of our services and client feedback is an essential feature of our work plan which ensures that we remain an efficient accounting partner for your business.</p>\n		</td>\n	</tr>\n</table>\n\n<table>\n	<tr>\n		<td colspan=\"2\">\n			<hr/>\n		</td>\n	</tr>\n\n	<tr>\n		<td class=\"grid-item-card card-content\">\n			<img/>\n			<h2 class=\"card-title\">OBJECTIVE:</h2>\n			<p class=\"card-text\">Koala Photography seeks a full review of their historical financial records and future accounting needs. At the start, our experts carefully review your past records and assess your financial services needs according to the nature of your company and suggest the services model best suited to your requirements. The work plan is finalized only after an initial (and possibly subsequent) extensive consultation with [Client.Company]. Periodic review of our services and client feedback is an essential feature of our work plan which ensures that we remain an efficient accounting partner for your business.</p>\n		</td>\n		<td class=\"grid-item-card card-content\">\n			<img/>\n			<h2 class=\"card-title\">GOAL:</h2>\n			<p class=\"card-text\">Koala Photography seeks a full review of their historical financial records and future accounting needs. At the start, our experts carefully review your past records and assess your financial services needs according to the nature of your company and suggest the services model best suited to your requirements. The work plan is finalized only after an initial (and possibly subsequent) extensive consultation with [Client.Company]. Periodic review of our services and client feedback is an essential feature of our work plan which ensures that we remain an efficient accounting partner for your business.</p>\n		</td>\n	</tr>\n\n	<tr class=\"footer\" align=\"center\">\n		<td colspan=\"2\"></td>\n	</tr>\n\n</table>\n','body {\n    font-family: \'Open Sans\', Helvetica, arial, sans-serif;\n    color: #161616;\n}\n\n.grey-upper {\n	font-size: 11px;\n	letter-spacing: 3px;\n	text-transform: uppercase;\n	color: #9a9a9a;\n}\n\n.blue-upper {\n	padding-bottom: 8px;\n	font-size: 11px;\n	letter-spacing: 3px;\n	text-transform: uppercase;\n	color: #37a3c6;\n	margin: 0;\n}\n\np span.client  {\n	margin:5px 0px 0px 0px;\n}\n\nh1.cover-heading {\n	font-size: 48px;\n	line-height: 53px;\n	text-transform: uppercase;\n	font-weight: 100;\n	letter-spacing: 3px;\n	padding: 0 50px;\n}\n\nh3.client.name {\n	padding: 0;\n	margin: 0 0 -10px 0;\n	font-size:18px;\n	font-weight: 600;\n}\n\nspan.client.address1, span.client.city, span.client.state, span.client.postal-code {\n	font-size: 14px;\n	line-height: 18.5px;\n}\n\nh3.account.name {\n	padding: 0;\n	margin: 0 0 -10px 0;\n	font-size:18px;\n	font-weight: 600;\n}\n\nspan.account.address1, span.account.city, span.account.state, span.account.postal-code {\n	font-size: 14px;\n	line-height: 18.5px;\n}\n\n\n.heading,\n.card-title {\n	font-size: 14px;\n	letter-spacing: 3px;\n	color: #37a3c6;\n	font-weight: 600;\n}\n\n.card-text {\n	font-size: 15px;\n	line-height: 21px;\n}\n\na.button {\n	background: #37a3c6;\n	padding: 12px 25px;\n	border-radius: 2px;\n	color: #fff;\n	text-transform: uppercase;\n	font-size: 12px;\n	text-decoration: none;\n	letter-spacing: 3px;\n	font-weight: 600;\n	margin: 15px 0;\n}\n\na.button:hover {\n	background: #161616;\n}\n\n/****** Table *****************************************/\n\n.grey-bg {\n	background: #eeefef;\n}\n\n.card-content {\n	padding: 20px;\n}\n\ntd {\n    vertical-align: top;\n}\n\ntr.top-header {\n	height: 350px;\n}\n\ntr.top-header td {\n	padding: 80px 0 0 0;\n	border-bottom: 1px solid #dddcdc;\n}\n\ntr.top-header h1.heading {\n	margin: 0;\n}\n\ntr.top-header p {\n	margin: 5px 0 0 0;\n}\n\n.proposal-info {\n	height: 350px;\n}\n\n.proposal-info td {\n	padding: 0 0 120px 0;\n}\n\ntr.block-quote {\n	margin: 50px 0 ;\n}\n\ntr.block-quote td {\n	background: #fbfbfb;\n	font-style: italic;\n	padding: 0 75px;\n	font-size: 17px;\n	line-height: 24px;\n	padding: 80px 120px;\n	color: #686766;\n	border-top: 1px solid #dddcdc;\n	border-bottom: 1px solid #dddcdc;\n}\n\ntr.footer td {\n	background: #f0efef;\n	font-size: 12px;\n	letter-spacing: 3px;\n	color: #8c8b8a;\n	padding: 50px 0;\n	text-transform: uppercase;\n}\n\n/****** Misc *****************************************/\n\n\nhr {\n	border: 0;\n	height: 1px;\n	background: #dddada;\n}\n\n.footer img {\n	vertical-align: middle;\n}\n',1);

--
-- Table structure for table `proposals`
--

CREATE TABLE `proposals` (
  `id` int(10) unsigned NOT NULL AUTO_INCREMENT,
  `account_id` int(10) unsigned NOT NULL,
  `user_id` int(10) unsigned NOT NULL,
  `created_at` timestamp NULL DEFAULT NULL,
  `updated_at` timestamp NULL DEFAULT NULL,
  `deleted_at` timestamp NULL DEFAULT NULL,
  `is_deleted` tinyint(1) NOT NULL DEFAULT '0',
  `invoice_id` int(10) unsigned NOT NULL,
  `proposal_template_id` int(10) unsigned DEFAULT NULL,
  `private_notes` text COLLATE utf8_unicode_ci NOT NULL,
  `html` mediumtext COLLATE utf8_unicode_ci NOT NULL,
  `css` mediumtext COLLATE utf8_unicode_ci NOT NULL,
  `public_id` int(10) unsigned NOT NULL,
  PRIMARY KEY (`id`),
  UNIQUE KEY `proposals_account_id_public_id_unique` (`account_id`,`public_id`),
  KEY `proposals_user_id_foreign` (`user_id`),
  KEY `proposals_invoice_id_index` (`invoice_id`),
  KEY `proposals_proposal_template_id_index` (`proposal_template_id`),
  KEY `proposals_public_id_index` (`public_id`),
  CONSTRAINT `proposals_account_id_foreign` FOREIGN KEY (`account_id`) REFERENCES `accounts` (`id`) ON DELETE CASCADE,
  CONSTRAINT `proposals_invoice_id_foreign` FOREIGN KEY (`invoice_id`) REFERENCES `invoices` (`id`) ON DELETE CASCADE,
  CONSTRAINT `proposals_proposal_template_id_foreign` FOREIGN KEY (`proposal_template_id`) REFERENCES `proposal_templates` (`id`) ON DELETE CASCADE,
  CONSTRAINT `proposals_user_id_foreign` FOREIGN KEY (`user_id`) REFERENCES `users` (`id`) ON DELETE CASCADE
) ENGINE=InnoDB DEFAULT CHARSET=utf8 COLLATE=utf8_unicode_ci;

--
-- Dumping data for table `proposals`
--


--
-- Table structure for table `recurring_expenses`
--

CREATE TABLE `recurring_expenses` (
  `id` int(10) unsigned NOT NULL AUTO_INCREMENT,
  `created_at` timestamp NULL DEFAULT NULL,
  `updated_at` timestamp NULL DEFAULT NULL,
  `deleted_at` timestamp NULL DEFAULT NULL,
  `account_id` int(10) unsigned NOT NULL,
  `vendor_id` int(10) unsigned DEFAULT NULL,
  `user_id` int(10) unsigned NOT NULL,
  `client_id` int(10) unsigned DEFAULT NULL,
  `is_deleted` tinyint(1) NOT NULL DEFAULT '0',
  `amount` decimal(13,2) NOT NULL,
  `private_notes` text COLLATE utf8_unicode_ci NOT NULL,
  `public_notes` text COLLATE utf8_unicode_ci NOT NULL,
  `invoice_currency_id` int(10) unsigned DEFAULT NULL,
  `expense_currency_id` int(10) unsigned DEFAULT NULL,
  `should_be_invoiced` tinyint(1) NOT NULL DEFAULT '1',
  `expense_category_id` int(10) unsigned DEFAULT NULL,
  `tax_name1` varchar(255) COLLATE utf8_unicode_ci DEFAULT NULL,
  `tax_rate1` decimal(13,3) NOT NULL,
  `tax_name2` varchar(255) COLLATE utf8_unicode_ci DEFAULT NULL,
  `tax_rate2` decimal(13,3) NOT NULL,
  `frequency_id` int(10) unsigned NOT NULL,
  `start_date` date DEFAULT NULL,
  `end_date` date DEFAULT NULL,
  `last_sent_date` date DEFAULT NULL,
  `public_id` int(10) unsigned NOT NULL,
  PRIMARY KEY (`id`),
  UNIQUE KEY `recurring_expenses_account_id_public_id_unique` (`account_id`,`public_id`),
  KEY `recurring_expenses_user_id_foreign` (`user_id`),
  KEY `recurring_expenses_account_id_index` (`account_id`),
  KEY `recurring_expenses_invoice_currency_id_index` (`invoice_currency_id`),
  KEY `recurring_expenses_expense_currency_id_index` (`expense_currency_id`),
  KEY `recurring_expenses_expense_category_id_index` (`expense_category_id`),
  KEY `recurring_expenses_public_id_index` (`public_id`),
  CONSTRAINT `recurring_expenses_account_id_foreign` FOREIGN KEY (`account_id`) REFERENCES `accounts` (`id`) ON DELETE CASCADE,
  CONSTRAINT `recurring_expenses_expense_category_id_foreign` FOREIGN KEY (`expense_category_id`) REFERENCES `expense_categories` (`id`) ON DELETE CASCADE,
  CONSTRAINT `recurring_expenses_expense_currency_id_foreign` FOREIGN KEY (`expense_currency_id`) REFERENCES `currencies` (`id`),
  CONSTRAINT `recurring_expenses_invoice_currency_id_foreign` FOREIGN KEY (`invoice_currency_id`) REFERENCES `currencies` (`id`),
  CONSTRAINT `recurring_expenses_user_id_foreign` FOREIGN KEY (`user_id`) REFERENCES `users` (`id`) ON DELETE CASCADE
) ENGINE=InnoDB AUTO_INCREMENT=2 DEFAULT CHARSET=utf8 COLLATE=utf8_unicode_ci;

--
-- Dumping data for table `recurring_expenses`
--

INSERT INTO `recurring_expenses` (`id`, `created_at`, `updated_at`, `deleted_at`, `account_id`, `vendor_id`, `user_id`, `client_id`, `is_deleted`, `amount`, `private_notes`, `public_notes`, `invoice_currency_id`, `expense_currency_id`, `should_be_invoiced`, `expense_category_id`, `tax_name1`, `tax_rate1`, `tax_name2`, `tax_rate2`, `frequency_id`, `start_date`, `end_date`, `last_sent_date`, `public_id`) VALUES (1,'2019-07-13 10:37:40','2020-03-28 23:43:08',NULL,1,5,1,4,0,200.00,'','',NULL,19,1,6,'',0.000,'',0.000,9,'2020-03-28','2030-03-28','2020-03-28',1);

--
-- Table structure for table `scheduled_reports`
--

CREATE TABLE `scheduled_reports` (
  `id` int(10) unsigned NOT NULL AUTO_INCREMENT,
  `user_id` int(10) unsigned NOT NULL,
  `account_id` int(10) unsigned NOT NULL,
  `created_at` timestamp NULL DEFAULT NULL,
  `updated_at` timestamp NULL DEFAULT NULL,
  `deleted_at` timestamp NULL DEFAULT NULL,
  `config` text COLLATE utf8_unicode_ci NOT NULL,
  `frequency` enum('daily','weekly','biweekly','monthly') COLLATE utf8_unicode_ci NOT NULL,
  `send_date` date NOT NULL,
  `public_id` int(10) unsigned DEFAULT NULL,
  `ip` varchar(255) COLLATE utf8_unicode_ci DEFAULT NULL,
  PRIMARY KEY (`id`),
  UNIQUE KEY `scheduled_reports_account_id_public_id_unique` (`account_id`,`public_id`),
  KEY `scheduled_reports_user_id_foreign` (`user_id`),
  KEY `scheduled_reports_account_id_index` (`account_id`),
  CONSTRAINT `scheduled_reports_account_id_foreign` FOREIGN KEY (`account_id`) REFERENCES `accounts` (`id`) ON DELETE CASCADE,
  CONSTRAINT `scheduled_reports_user_id_foreign` FOREIGN KEY (`user_id`) REFERENCES `users` (`id`) ON DELETE CASCADE
) ENGINE=InnoDB DEFAULT CHARSET=utf8 COLLATE=utf8_unicode_ci;

--
-- Dumping data for table `scheduled_reports`
--


--
-- Table structure for table `security_codes`
--

CREATE TABLE `security_codes` (
  `id` int(10) unsigned NOT NULL AUTO_INCREMENT,
  `account_id` int(10) unsigned NOT NULL,
  `user_id` int(10) unsigned DEFAULT NULL,
  `contact_id` int(10) unsigned DEFAULT NULL,
  `attempts` smallint(6) NOT NULL,
  `code` varchar(255) COLLATE utf8_unicode_ci DEFAULT NULL,
  `bot_user_id` varchar(255) COLLATE utf8_unicode_ci NOT NULL,
  `created_at` timestamp NOT NULL DEFAULT CURRENT_TIMESTAMP,
  PRIMARY KEY (`id`),
  UNIQUE KEY `security_codes_bot_user_id_unique` (`bot_user_id`),
  KEY `security_codes_account_id_index` (`account_id`),
  KEY `security_codes_user_id_foreign` (`user_id`),
  KEY `security_codes_contact_id_foreign` (`contact_id`),
  CONSTRAINT `security_codes_account_id_foreign` FOREIGN KEY (`account_id`) REFERENCES `accounts` (`id`) ON DELETE CASCADE,
  CONSTRAINT `security_codes_contact_id_foreign` FOREIGN KEY (`contact_id`) REFERENCES `contacts` (`id`) ON DELETE CASCADE,
  CONSTRAINT `security_codes_user_id_foreign` FOREIGN KEY (`user_id`) REFERENCES `users` (`id`) ON DELETE CASCADE
) ENGINE=InnoDB DEFAULT CHARSET=utf8 COLLATE=utf8_unicode_ci;

--
-- Dumping data for table `security_codes`
--


--
-- Table structure for table `sizes`
--

CREATE TABLE `sizes` (
  `id` int(10) unsigned NOT NULL AUTO_INCREMENT,
  `name` varchar(255) COLLATE utf8_unicode_ci NOT NULL,
  PRIMARY KEY (`id`)
) ENGINE=InnoDB AUTO_INCREMENT=7 DEFAULT CHARSET=utf8 COLLATE=utf8_unicode_ci;

--
-- Dumping data for table `sizes`
--

INSERT INTO `sizes` (`id`, `name`) VALUES (1,'1 - 3'),(2,'4 - 10'),(3,'11 - 50'),(4,'51 - 100'),(5,'101 - 500'),(6,'500+');

--
-- Table structure for table `subscriptions`
--

CREATE TABLE `subscriptions` (
  `id` int(10) unsigned NOT NULL AUTO_INCREMENT,
  `account_id` int(10) unsigned DEFAULT NULL,
  `created_at` timestamp NULL DEFAULT NULL,
  `updated_at` timestamp NULL DEFAULT NULL,
  `deleted_at` timestamp NULL DEFAULT NULL,
  `event_id` int(10) unsigned DEFAULT NULL,
  `target_url` varchar(255) COLLATE utf8_unicode_ci NOT NULL,
  `public_id` int(10) unsigned DEFAULT NULL,
  `user_id` int(10) unsigned DEFAULT NULL,
  `format` enum('JSON','UBL') COLLATE utf8_unicode_ci NOT NULL DEFAULT 'JSON',
  PRIMARY KEY (`id`),
  UNIQUE KEY `subscriptions_account_id_public_id_unique` (`account_id`,`public_id`),
  CONSTRAINT `subscriptions_account_id_foreign` FOREIGN KEY (`account_id`) REFERENCES `accounts` (`id`) ON DELETE CASCADE
) ENGINE=InnoDB DEFAULT CHARSET=utf8 COLLATE=utf8_unicode_ci;

--
-- Dumping data for table `subscriptions`
--


--
-- Table structure for table `task_statuses`
--

CREATE TABLE `task_statuses` (
  `id` int(10) unsigned NOT NULL AUTO_INCREMENT,
  `user_id` int(10) unsigned NOT NULL,
  `account_id` int(10) unsigned NOT NULL,
  `created_at` timestamp NULL DEFAULT NULL,
  `updated_at` timestamp NULL DEFAULT NULL,
  `deleted_at` timestamp NULL DEFAULT NULL,
  `name` varchar(255) COLLATE utf8_unicode_ci DEFAULT NULL,
  `sort_order` smallint(6) NOT NULL DEFAULT '0',
  `public_id` int(10) unsigned NOT NULL,
  PRIMARY KEY (`id`),
  UNIQUE KEY `task_statuses_account_id_public_id_unique` (`account_id`,`public_id`),
  KEY `task_statuses_user_id_foreign` (`user_id`),
  KEY `task_statuses_account_id_index` (`account_id`),
  KEY `task_statuses_public_id_index` (`public_id`),
  CONSTRAINT `task_statuses_account_id_foreign` FOREIGN KEY (`account_id`) REFERENCES `accounts` (`id`) ON DELETE CASCADE,
  CONSTRAINT `task_statuses_user_id_foreign` FOREIGN KEY (`user_id`) REFERENCES `users` (`id`) ON DELETE CASCADE
) ENGINE=InnoDB DEFAULT CHARSET=utf8 COLLATE=utf8_unicode_ci;

--
-- Dumping data for table `task_statuses`
--


--
-- Table structure for table `tasks`
--

CREATE TABLE `tasks` (
  `id` int(10) unsigned NOT NULL AUTO_INCREMENT,
  `user_id` int(10) unsigned NOT NULL,
  `account_id` int(10) unsigned NOT NULL,
  `client_id` int(10) unsigned DEFAULT NULL,
  `invoice_id` int(10) unsigned DEFAULT NULL,
  `created_at` timestamp NULL DEFAULT NULL,
  `updated_at` timestamp NULL DEFAULT NULL,
  `deleted_at` timestamp NULL DEFAULT NULL,
  `description` text COLLATE utf8_unicode_ci,
  `is_deleted` tinyint(1) NOT NULL DEFAULT '0',
  `public_id` int(10) unsigned NOT NULL,
  `is_running` tinyint(1) NOT NULL DEFAULT '0',
  `time_log` text COLLATE utf8_unicode_ci,
  `project_id` int(10) unsigned DEFAULT NULL,
  `task_status_id` int(10) unsigned DEFAULT NULL,
  `task_status_sort_order` smallint(6) NOT NULL DEFAULT '0',
  `custom_value1` text COLLATE utf8_unicode_ci,
  `custom_value2` text COLLATE utf8_unicode_ci,
  PRIMARY KEY (`id`),
  UNIQUE KEY `tasks_account_id_public_id_unique` (`account_id`,`public_id`),
  KEY `tasks_user_id_foreign` (`user_id`),
  KEY `tasks_invoice_id_foreign` (`invoice_id`),
  KEY `tasks_client_id_foreign` (`client_id`),
  KEY `tasks_account_id_index` (`account_id`),
  KEY `tasks_public_id_index` (`public_id`),
  KEY `tasks_project_id_index` (`project_id`),
  KEY `tasks_task_status_id_index` (`task_status_id`),
  CONSTRAINT `tasks_account_id_foreign` FOREIGN KEY (`account_id`) REFERENCES `accounts` (`id`) ON DELETE CASCADE,
  CONSTRAINT `tasks_client_id_foreign` FOREIGN KEY (`client_id`) REFERENCES `clients` (`id`) ON DELETE CASCADE,
  CONSTRAINT `tasks_invoice_id_foreign` FOREIGN KEY (`invoice_id`) REFERENCES `invoices` (`id`) ON DELETE CASCADE,
  CONSTRAINT `tasks_project_id_foreign` FOREIGN KEY (`project_id`) REFERENCES `projects` (`id`) ON DELETE CASCADE,
  CONSTRAINT `tasks_task_status_id_foreign` FOREIGN KEY (`task_status_id`) REFERENCES `task_statuses` (`id`) ON DELETE CASCADE,
  CONSTRAINT `tasks_user_id_foreign` FOREIGN KEY (`user_id`) REFERENCES `users` (`id`) ON DELETE CASCADE
) ENGINE=InnoDB DEFAULT CHARSET=utf8 COLLATE=utf8_unicode_ci;

--
-- Dumping data for table `tasks`
--


--
-- Table structure for table `tax_rates`
--

CREATE TABLE `tax_rates` (
  `id` int(10) unsigned NOT NULL AUTO_INCREMENT,
  `account_id` int(10) unsigned NOT NULL,
  `user_id` int(10) unsigned NOT NULL,
  `created_at` timestamp NULL DEFAULT NULL,
  `updated_at` timestamp NULL DEFAULT NULL,
  `deleted_at` timestamp NULL DEFAULT NULL,
  `name` varchar(255) COLLATE utf8_unicode_ci NOT NULL,
  `rate` decimal(13,3) NOT NULL,
  `public_id` int(10) unsigned NOT NULL,
  `is_inclusive` tinyint(1) NOT NULL DEFAULT '0',
  PRIMARY KEY (`id`),
  UNIQUE KEY `tax_rates_account_id_public_id_unique` (`account_id`,`public_id`),
  KEY `tax_rates_user_id_foreign` (`user_id`),
  KEY `tax_rates_account_id_index` (`account_id`),
  CONSTRAINT `tax_rates_account_id_foreign` FOREIGN KEY (`account_id`) REFERENCES `accounts` (`id`) ON DELETE CASCADE,
  CONSTRAINT `tax_rates_user_id_foreign` FOREIGN KEY (`user_id`) REFERENCES `users` (`id`) ON DELETE CASCADE
) ENGINE=InnoDB AUTO_INCREMENT=3 DEFAULT CHARSET=utf8 COLLATE=utf8_unicode_ci;

--
-- Dumping data for table `tax_rates`
--

INSERT INTO `tax_rates` (`id`, `account_id`, `user_id`, `created_at`, `updated_at`, `deleted_at`, `name`, `rate`, `public_id`, `is_inclusive`) VALUES (1,1,1,'2018-04-15 03:40:56','2018-04-15 03:40:56',NULL,'GST',6.000,1,0),(2,1,1,'2019-07-13 01:00:34','2025-08-07 03:29:39',NULL,'SST',8.000,2,0);

--
-- Table structure for table `themes`
--

CREATE TABLE `themes` (
  `id` int(10) unsigned NOT NULL AUTO_INCREMENT,
  `name` varchar(255) COLLATE utf8_unicode_ci NOT NULL,
  PRIMARY KEY (`id`)
) ENGINE=InnoDB AUTO_INCREMENT=13 DEFAULT CHARSET=utf8 COLLATE=utf8_unicode_ci;

--
-- Dumping data for table `themes`
--

INSERT INTO `themes` (`id`, `name`) VALUES (1,'amelia'),(2,'cerulean'),(3,'cosmo'),(4,'cyborg'),(5,'flatly'),(6,'journal'),(7,'readable'),(8,'simplex'),(9,'slate'),(10,'spacelab'),(11,'united'),(12,'yeti');

--
-- Table structure for table `timezones`
--

CREATE TABLE `timezones` (
  `id` int(10) unsigned NOT NULL AUTO_INCREMENT,
  `name` varchar(255) COLLATE utf8_unicode_ci NOT NULL,
  `location` varchar(255) COLLATE utf8_unicode_ci NOT NULL,
  PRIMARY KEY (`id`)
) ENGINE=InnoDB AUTO_INCREMENT=114 DEFAULT CHARSET=utf8 COLLATE=utf8_unicode_ci;

--
-- Dumping data for table `timezones`
--

INSERT INTO `timezones` (`id`, `name`, `location`) VALUES (1,'Pacific/Midway','(GMT-11:00) Midway Island'),(2,'US/Samoa','(GMT-11:00) Samoa'),(3,'US/Hawaii','(GMT-10:00) Hawaii'),(4,'US/Alaska','(GMT-09:00) Alaska'),(5,'US/Pacific','(GMT-08:00) Pacific Time (US &amp; Canada)'),(6,'America/Tijuana','(GMT-08:00) Tijuana'),(7,'US/Arizona','(GMT-07:00) Arizona'),(8,'US/Mountain','(GMT-07:00) Mountain Time (US &amp; Canada)'),(9,'America/Chihuahua','(GMT-07:00) Chihuahua'),(10,'America/Mazatlan','(GMT-07:00) Mazatlan'),(11,'America/Mexico_City','(GMT-06:00) Mexico City'),(12,'America/Monterrey','(GMT-06:00) Monterrey'),(13,'Canada/Saskatchewan','(GMT-06:00) Saskatchewan'),(14,'US/Central','(GMT-06:00) Central Time (US &amp; Canada)'),(15,'US/Eastern','(GMT-05:00) Eastern Time (US &amp; Canada)'),(16,'US/East-Indiana','(GMT-05:00) Indiana (East)'),(17,'America/Bogota','(GMT-05:00) Bogota'),(18,'America/Lima','(GMT-05:00) Lima'),(19,'America/Caracas','(GMT-04:30) Caracas'),(20,'Canada/Atlantic','(GMT-04:00) Atlantic Time (Canada)'),(21,'America/La_Paz','(GMT-04:00) La Paz'),(22,'America/Santiago','(GMT-04:00) Santiago'),(23,'Canada/Newfoundland','(GMT-03:30) Newfoundland'),(24,'America/Buenos_Aires','(GMT-03:00) Buenos Aires'),(25,'America/Godthab','(GMT-03:00) Greenland'),(26,'Atlantic/Stanley','(GMT-02:00) Stanley'),(27,'Atlantic/Azores','(GMT-01:00) Azores'),(28,'Atlantic/Cape_Verde','(GMT-01:00) Cape Verde Is.'),(29,'Africa/Casablanca','(GMT) Casablanca'),(30,'Europe/Dublin','(GMT) Dublin'),(31,'Europe/Lisbon','(GMT) Lisbon'),(32,'Europe/London','(GMT) London'),(33,'Africa/Monrovia','(GMT) Monrovia'),(34,'Europe/Amsterdam','(GMT+01:00) Amsterdam'),(35,'Europe/Belgrade','(GMT+01:00) Belgrade'),(36,'Europe/Berlin','(GMT+01:00) Berlin'),(37,'Europe/Bratislava','(GMT+01:00) Bratislava'),(38,'Europe/Brussels','(GMT+01:00) Brussels'),(39,'Europe/Budapest','(GMT+01:00) Budapest'),(40,'Europe/Copenhagen','(GMT+01:00) Copenhagen'),(41,'Europe/Ljubljana','(GMT+01:00) Ljubljana'),(42,'Europe/Madrid','(GMT+01:00) Madrid'),(43,'Europe/Paris','(GMT+01:00) Paris'),(44,'Europe/Prague','(GMT+01:00) Prague'),(45,'Europe/Rome','(GMT+01:00) Rome'),(46,'Europe/Sarajevo','(GMT+01:00) Sarajevo'),(47,'Europe/Skopje','(GMT+01:00) Skopje'),(48,'Europe/Stockholm','(GMT+01:00) Stockholm'),(49,'Europe/Vienna','(GMT+01:00) Vienna'),(50,'Europe/Warsaw','(GMT+01:00) Warsaw'),(51,'Europe/Zagreb','(GMT+01:00) Zagreb'),(52,'Europe/Athens','(GMT+02:00) Athens'),(53,'Europe/Bucharest','(GMT+02:00) Bucharest'),(54,'Africa/Cairo','(GMT+02:00) Cairo'),(55,'Africa/Harare','(GMT+02:00) Harare'),(56,'Europe/Helsinki','(GMT+02:00) Helsinki'),(57,'Europe/Istanbul','(GMT+02:00) Istanbul'),(58,'Asia/Jerusalem','(GMT+02:00) Jerusalem'),(59,'Europe/Kiev','(GMT+02:00) Kyiv'),(60,'Europe/Minsk','(GMT+02:00) Minsk'),(61,'Europe/Riga','(GMT+02:00) Riga'),(62,'Europe/Sofia','(GMT+02:00) Sofia'),(63,'Europe/Tallinn','(GMT+02:00) Tallinn'),(64,'Europe/Vilnius','(GMT+02:00) Vilnius'),(65,'Asia/Baghdad','(GMT+03:00) Baghdad'),(66,'Asia/Kuwait','(GMT+03:00) Kuwait'),(67,'Africa/Nairobi','(GMT+03:00) Nairobi'),(68,'Asia/Riyadh','(GMT+03:00) Riyadh'),(69,'Asia/Tehran','(GMT+03:30) Tehran'),(70,'Europe/Moscow','(GMT+04:00) Moscow'),(71,'Asia/Baku','(GMT+04:00) Baku'),(72,'Europe/Volgograd','(GMT+04:00) Volgograd'),(73,'Asia/Muscat','(GMT+04:00) Muscat'),(74,'Asia/Tbilisi','(GMT+04:00) Tbilisi'),(75,'Asia/Yerevan','(GMT+04:00) Yerevan'),(76,'Asia/Kabul','(GMT+04:30) Kabul'),(77,'Asia/Karachi','(GMT+05:00) Karachi'),(78,'Asia/Tashkent','(GMT+05:00) Tashkent'),(79,'Asia/Kolkata','(GMT+05:30) Kolkata'),(80,'Asia/Kathmandu','(GMT+05:45) Kathmandu'),(81,'Asia/Yekaterinburg','(GMT+06:00) Ekaterinburg'),(82,'Asia/Almaty','(GMT+06:00) Almaty'),(83,'Asia/Dhaka','(GMT+06:00) Dhaka'),(84,'Asia/Novosibirsk','(GMT+07:00) Novosibirsk'),(85,'Asia/Bangkok','(GMT+07:00) Bangkok'),(86,'Asia/Ho_Chi_Minh','(GMT+07.00) Ho Chi Minh'),(87,'Asia/Jakarta','(GMT+07:00) Jakarta'),(88,'Asia/Krasnoyarsk','(GMT+08:00) Krasnoyarsk'),(89,'Asia/Chongqing','(GMT+08:00) Chongqing'),(90,'Asia/Hong_Kong','(GMT+08:00) Hong Kong'),(91,'Asia/Kuala_Lumpur','(GMT+08:00) Kuala Lumpur'),(92,'Australia/Perth','(GMT+08:00) Perth'),(93,'Asia/Singapore','(GMT+08:00) Singapore'),(94,'Asia/Taipei','(GMT+08:00) Taipei'),(95,'Asia/Ulaanbaatar','(GMT+08:00) Ulaan Bataar'),(96,'Asia/Urumqi','(GMT+08:00) Urumqi'),(97,'Asia/Irkutsk','(GMT+09:00) Irkutsk'),(98,'Asia/Seoul','(GMT+09:00) Seoul'),(99,'Asia/Tokyo','(GMT+09:00) Tokyo'),(100,'Australia/Adelaide','(GMT+09:30) Adelaide'),(101,'Australia/Darwin','(GMT+09:30) Darwin'),(102,'Asia/Yakutsk','(GMT+10:00) Yakutsk'),(103,'Australia/Brisbane','(GMT+10:00) Brisbane'),(104,'Australia/Canberra','(GMT+10:00) Canberra'),(105,'Pacific/Guam','(GMT+10:00) Guam'),(106,'Australia/Hobart','(GMT+10:00) Hobart'),(107,'Australia/Melbourne','(GMT+10:00) Melbourne'),(108,'Pacific/Port_Moresby','(GMT+10:00) Port Moresby'),(109,'Australia/Sydney','(GMT+10:00) Sydney'),(110,'Asia/Vladivostok','(GMT+11:00) Vladivostok'),(111,'Asia/Magadan','(GMT+12:00) Magadan'),(112,'Pacific/Auckland','(GMT+12:00) Auckland'),(113,'Pacific/Fiji','(GMT+12:00) Fiji');

--
-- Table structure for table `user_accounts`
--

CREATE TABLE `user_accounts` (
  `id` int(10) unsigned NOT NULL AUTO_INCREMENT,
  `user_id1` int(10) unsigned DEFAULT NULL,
  `user_id2` int(10) unsigned DEFAULT NULL,
  `user_id3` int(10) unsigned DEFAULT NULL,
  `user_id4` int(10) unsigned DEFAULT NULL,
  `user_id5` int(10) unsigned DEFAULT NULL,
  PRIMARY KEY (`id`),
  KEY `user_accounts_user_id1_index` (`user_id1`),
  KEY `user_accounts_user_id2_index` (`user_id2`),
  KEY `user_accounts_user_id3_index` (`user_id3`),
  KEY `user_accounts_user_id4_index` (`user_id4`),
  KEY `user_accounts_user_id5_index` (`user_id5`)
) ENGINE=InnoDB AUTO_INCREMENT=2 DEFAULT CHARSET=utf8 COLLATE=utf8_unicode_ci;

--
-- Dumping data for table `user_accounts`
--

INSERT INTO `user_accounts` (`id`, `user_id1`, `user_id2`, `user_id3`, `user_id4`, `user_id5`) VALUES (1,1,NULL,NULL,NULL,NULL);

--
-- Table structure for table `vendor_contacts`
--

CREATE TABLE `vendor_contacts` (
  `id` int(10) unsigned NOT NULL AUTO_INCREMENT,
  `account_id` int(10) unsigned NOT NULL,
  `user_id` int(10) unsigned NOT NULL,
  `vendor_id` int(10) unsigned NOT NULL,
  `created_at` timestamp NULL DEFAULT NULL,
  `updated_at` timestamp NULL DEFAULT NULL,
  `deleted_at` timestamp NULL DEFAULT NULL,
  `is_primary` tinyint(1) NOT NULL DEFAULT '0',
  `first_name` varchar(255) COLLATE utf8_unicode_ci DEFAULT NULL,
  `last_name` varchar(255) COLLATE utf8_unicode_ci DEFAULT NULL,
  `email` varchar(255) COLLATE utf8_unicode_ci DEFAULT NULL,
  `phone` varchar(255) COLLATE utf8_unicode_ci DEFAULT NULL,
  `public_id` int(10) unsigned DEFAULT NULL,
  PRIMARY KEY (`id`),
  UNIQUE KEY `vendor_contacts_account_id_public_id_unique` (`account_id`,`public_id`),
  KEY `vendor_contacts_user_id_foreign` (`user_id`),
  KEY `vendor_contacts_vendor_id_index` (`vendor_id`),
  CONSTRAINT `vendor_contacts_account_id_foreign` FOREIGN KEY (`account_id`) REFERENCES `accounts` (`id`) ON DELETE CASCADE,
  CONSTRAINT `vendor_contacts_user_id_foreign` FOREIGN KEY (`user_id`) REFERENCES `users` (`id`) ON DELETE CASCADE,
  CONSTRAINT `vendor_contacts_vendor_id_foreign` FOREIGN KEY (`vendor_id`) REFERENCES `vendors` (`id`) ON DELETE CASCADE
) ENGINE=InnoDB AUTO_INCREMENT=17 DEFAULT CHARSET=utf8 COLLATE=utf8_unicode_ci;

--
-- Dumping data for table `vendor_contacts`
--

INSERT INTO `vendor_contacts` (`id`, `account_id`, `user_id`, `vendor_id`, `created_at`, `updated_at`, `deleted_at`, `is_primary`, `first_name`, `last_name`, `email`, `phone`, `public_id`) VALUES (1,1,1,1,'2018-04-15 05:19:44','2019-07-13 07:58:54',NULL,1,'Radius Fuel Cards. Sdn. Bhd','','credit@radiusfuelcards.com.my','+60392126655',1),(2,1,1,2,'2018-04-15 05:21:20','2018-04-15 05:21:20',NULL,1,NULL,NULL,NULL,NULL,2),(3,1,1,3,'2019-07-13 04:18:21','2019-07-13 04:29:08',NULL,1,'GrabCar Sdn. Bhd','','nurul.rahman@grab.com','1300805858',3),(4,1,1,4,'2019-07-13 04:24:27','2019-08-06 12:53:19',NULL,1,'Celcom Mobile Sdn Bhd','','ech@celcom.com.my','+60196011111',4),(5,1,1,5,'2019-07-13 04:34:03','2020-01-28 19:14:31',NULL,1,'SKSA Technology Sdn. Bhd','','sales@internet-webhosting.com','+60320969121',5),(9,1,1,9,'2019-12-27 10:26:06','2019-12-27 10:28:50',NULL,1,'MAYBANK INVESTMENT BANK','','mgcc@maybank.com.my','1300886688',6),(10,1,1,10,'2019-12-27 10:52:31','2019-12-27 10:59:43',NULL,1,'Corporate Helpdesk','','corporate@malindoair.com','+60320356699',7),(11,1,1,10,'2019-12-27 10:52:31','2019-12-27 10:59:43',NULL,0,'Corporate Sales Representative','','jazlee.fazzlee@malindoair.com','+601121216975',8),(12,1,1,10,'2019-12-27 10:52:31','2019-12-27 10:59:43',NULL,0,'Corporate Sales Representative','','tan.yeekwan@malindoair.com','+60163308382',9),(13,1,1,11,'2019-12-27 11:12:17','2020-12-02 00:06:16',NULL,1,'CORPORATE CLIENT','SUPPORT TEAM','clientsupport@airasia.com','+60386600001, +60386604680',10),(14,1,1,11,'2019-12-27 11:12:17','2020-12-02 00:06:16',NULL,0,'CORPORATE CLIENT','SUPPORT TEAM','maa_distsupport@airasia.com','+60386600001, +60386604680',11),(15,1,1,11,'2019-12-27 11:12:17','2020-12-02 00:06:16',NULL,0,'CORPORATE CLIENT','SUPPORT TEAM','maa_corpsales@airasia.com','+60386600001, +60386604680',12),(16,1,1,12,'2021-08-20 14:27:56','2021-08-20 14:27:56',NULL,1,'','','','',13);

--
-- Table structure for table `vendors`
--

CREATE TABLE `vendors` (
  `id` int(10) unsigned NOT NULL AUTO_INCREMENT,
  `created_at` timestamp NULL DEFAULT NULL,
  `updated_at` timestamp NULL DEFAULT NULL,
  `deleted_at` timestamp NULL DEFAULT NULL,
  `user_id` int(10) unsigned NOT NULL,
  `account_id` int(10) unsigned NOT NULL,
  `currency_id` int(10) unsigned DEFAULT NULL,
  `name` varchar(255) COLLATE utf8_unicode_ci DEFAULT NULL,
  `address1` varchar(255) COLLATE utf8_unicode_ci NOT NULL,
  `address2` varchar(255) COLLATE utf8_unicode_ci NOT NULL,
  `city` varchar(255) COLLATE utf8_unicode_ci NOT NULL,
  `state` varchar(255) COLLATE utf8_unicode_ci NOT NULL,
  `postal_code` varchar(255) COLLATE utf8_unicode_ci NOT NULL,
  `country_id` int(10) unsigned DEFAULT NULL,
  `work_phone` varchar(255) COLLATE utf8_unicode_ci NOT NULL,
  `private_notes` text COLLATE utf8_unicode_ci NOT NULL,
  `website` varchar(255) COLLATE utf8_unicode_ci NOT NULL,
  `is_deleted` tinyint(4) NOT NULL DEFAULT '0',
  `public_id` int(11) NOT NULL DEFAULT '0',
  `vat_number` varchar(255) COLLATE utf8_unicode_ci DEFAULT NULL,
  `id_number` varchar(255) COLLATE utf8_unicode_ci DEFAULT NULL,
  `transaction_name` varchar(255) COLLATE utf8_unicode_ci DEFAULT NULL,
  `custom_value1` text COLLATE utf8_unicode_ci,
  `custom_value2` text COLLATE utf8_unicode_ci,
  PRIMARY KEY (`id`),
  KEY `vendors_account_id_foreign` (`account_id`),
  KEY `vendors_user_id_foreign` (`user_id`),
  KEY `vendors_country_id_foreign` (`country_id`),
  KEY `vendors_currency_id_foreign` (`currency_id`),
  CONSTRAINT `vendors_account_id_foreign` FOREIGN KEY (`account_id`) REFERENCES `accounts` (`id`) ON DELETE CASCADE,
  CONSTRAINT `vendors_country_id_foreign` FOREIGN KEY (`country_id`) REFERENCES `countries` (`id`),
  CONSTRAINT `vendors_currency_id_foreign` FOREIGN KEY (`currency_id`) REFERENCES `currencies` (`id`),
  CONSTRAINT `vendors_user_id_foreign` FOREIGN KEY (`user_id`) REFERENCES `users` (`id`) ON DELETE CASCADE
) ENGINE=InnoDB AUTO_INCREMENT=13 DEFAULT CHARSET=utf8 COLLATE=utf8_unicode_ci;

--
-- Dumping data for table `vendors`
--

INSERT INTO `vendors` (`id`, `created_at`, `updated_at`, `deleted_at`, `user_id`, `account_id`, `currency_id`, `name`, `address1`, `address2`, `city`, `state`, `postal_code`, `country_id`, `work_phone`, `private_notes`, `website`, `is_deleted`, `public_id`, `vat_number`, `id_number`, `transaction_name`, `custom_value1`, `custom_value2`) VALUES (1,'2018-04-15 05:19:44','2019-07-13 07:58:54',NULL,1,1,NULL,'Radius Fuel Cards. Sdn. Bhd','Suite 7.05, Level 7, The Gardens North Tower,','Mid Valley City, Lingkaran Syed Putra,','Kuala Lumpur','Wilayah Persekutuan','59200',458,'+60392126655','Account No :- 6448001\r\nBank: Radius Fuel Cards Sdn Bhd\r\nBank Account No: 98928000004118\r\nBank Swift Code: CIBBMYKL','https://www.radiusfuelcards.com.my/',0,1,'','1180138H',NULL,NULL,NULL),(2,'2018-04-15 05:21:20','2019-07-13 03:57:05','2019-07-13 03:57:05',1,1,NULL,'Meal','','','','','',NULL,'','','',1,2,NULL,NULL,NULL,NULL,NULL),(3,'2019-07-13 04:18:20','2019-07-13 04:29:08',NULL,1,1,NULL,'GrabCar Sdn. Bhd','Level 17, 1,','First Avenue, Bandar Utama','Kuala Lumpur','Wilayah Persekutuan','47800',458,'1300805858','Bank Name : Malayan Banking Bhd\r\nAccount Name : GrabCar Sdn. Bhd\r\nBank Account Number : 512334315402\r\nSwift Code : MBBEMYKL','https://business.grab.com',0,3,'W10-1808-32002108','1089444V',NULL,NULL,NULL),(4,'2019-07-13 04:24:27','2019-07-13 04:24:27',NULL,1,1,NULL,'Celcom Mobile Sdn Bhd','82, Menara Celcom','Jalan Raja Muda Abdul Aziz','Kuala Lumpur','Wilayah Persekutuan','50300',458,'+60196011111','','https://www.celcom.com.my',0,4,'W10-1808-32000450','0027910A',NULL,NULL,NULL),(5,'2019-07-13 04:34:03','2020-01-28 19:14:31',NULL,1,1,NULL,'SKSA Technology Sdn. Bhd','No. 36-3 & 38-3,','Subang Business Center, Jalan USJ 9/5Q ,','Subang Jaya','Selangor Darul Ehsan','47600',458,'+60320969121','Bank : Maybank Berhad\r\nBank Account no. : 512361128477\r\nAccount Name : SKSA Technology\r\nBusiness Registration No : 001448857-K\r\nBank Swift Code : MBBEMYKL','https://www.internet-webhosting.com/',0,5,'001052942336','0785198H',NULL,NULL,NULL),(9,'2019-12-27 10:26:06','2019-12-27 10:28:50',NULL,1,1,NULL,'Maybank2u','100 Jalan Tun Perak','Menara Maybank','Kuala Lumpur','Wilayah Persekutuan','50050',458,'1300886688','Account type: Sole Proprietor CA-i\r\nAccount number:	564548148577\r\nAccount name: MOBTEL HUB\r\n\r\n26-Dec-2019 HALF-YEARLY SERVICE CHARGE RM10.00','https://www.maybank2u.com.my',0,6,'','0015938H',NULL,NULL,NULL),(10,'2019-12-27 10:52:31','2019-12-27 10:59:43',NULL,1,1,NULL,'Malindo Airways Sdn. Bhd','No .2 , Jalan PJU 1 A/2 , Ara Damansara','Meritus @ Oasis Corporate Park','Petaling Jaya','Selangor Darul Ehsan','47301',458,'+60378415388','Your Account Code - MYKULCA2331\r\nUser ID - Alif\r\nPassword - Matrix_50\r\n\r\nBank - CIMB\r\nAccount Number - 8007168327','https://b2b.malindoair.com/MalindoAirAgentsPortal/CorporateDefault.aspx',0,7,'B16 -1808 -31014229','1018546-W',NULL,NULL,NULL),(11,'2019-12-27 11:12:17','2020-12-02 00:06:16',NULL,1,1,NULL,'AirAsia Berhad','Jalan Pekeliling 5','Lapangan Terbang Antarabangsa Kuala Lumpur (KLIA2)','KLIA','Selangor Darul Ehsan','64000',458,'+60386600001, +60386604680','Your User ID (Agency Number) is: SMEMY01536_ADMIN\r\nPassword: Matrix_50\r\n\r\nManager User ID: Khedir\r\nPassword: Khedir@2019','https://www.airasia.com/agent/login/en/gb',0,8,'','0284669-W',NULL,NULL,NULL),(12,'2021-08-20 14:27:56','2021-08-20 14:27:56',NULL,1,1,NULL,'SSM Biz License','','','','','',NULL,'','','',0,9,'','',NULL,NULL,NULL);

--
-- Dumping events for database 'mhubasia_ninj416'
--

--
-- Dumping routines for database 'mhubasia_ninj416'
--


